{"id":1287,"date":"2023-08-22T07:42:14","date_gmt":"2023-08-22T07:42:14","guid":{"rendered":"https:\/\/www.kammerata.lu\/calendrier\/musicdays-vianden-dfaarwemonster\/"},"modified":"2023-10-20T16:50:41","modified_gmt":"2023-10-20T16:50:41","slug":"musicdays-vianden-dfaarwemonster","status":"publish","type":"calendriers","link":"https:\/\/www.kammerata.lu\/en\/calendrier\/musicdays-vianden-dfaarwemonster\/","title":{"rendered":"MusicDays Vianden | D&#8217;Faarwemonster"},"content":{"rendered":"<p><img decoding=\"async\" class=\"alignnone wp-image-1285 size-large\" src=\"https:\/\/www.kammerata.lu\/wp-content\/uploads\/2023\/08\/E_Farbenmonster_c-na-1-1024x768.jpg\" alt=\"\" width=\"980\" height=\"735\" srcset=\"https:\/\/www.kammerata.lu\/wp-content\/uploads\/2023\/08\/E_Farbenmonster_c-na-1-1024x768.jpg 1024w, https:\/\/www.kammerata.lu\/wp-content\/uploads\/2023\/08\/E_Farbenmonster_c-na-1-300x225.jpg 300w, https:\/\/www.kammerata.lu\/wp-content\/uploads\/2023\/08\/E_Farbenmonster_c-na-1-768x576.jpg 768w, https:\/\/www.kammerata.lu\/wp-content\/uploads\/2023\/08\/E_Farbenmonster_c-na-1-1536x1151.jpg 1536w, https:\/\/www.kammerata.lu\/wp-content\/uploads\/2023\/08\/E_Farbenmonster_c-na-1-2048x1535.jpg 2048w\" sizes=\"(max-width: 980px) 100vw, 980px\" \/><\/p>\n<p><span style=\"color: #ff0000;\"><strong>Well\u00a0d&#8217;Virstellung\u00a0de\u00a05.\u00a0November\u00a0um\u00a011\u00a0Auer\u00a0bal\u00a0ausverkaaft\u00a0ass,\u00a0hu\u00a0mir\u00a0eng\u00a0zous\u00e4tzlech\u00a0Virstellung\u00a0um\u00a09:30\u00a0Auer\u00a0dob\u00e4i\u00a0gesat!<br \/>\nAs the 11am performance on 5 November is almost sold out, we have added an additional performance at 9:30am!<br \/>\n<\/strong><\/span><\/p>\n<p>Klang-Erzielung fir Kanner | op LU | 4-8 Jo\u00ebr | Cycles 1 + 2 + 3.1.<br \/>\nKreativen Atelier: Sonndeg, 05.11.2023 um 10h15.<\/p>\n<p><strong>Eng Geschicht iwwert de Klang vu Gefiller, Faarwen a Fr\u00ebndschaft fir Kanner am Alter vu 4 bis 8 Jo\u00ebr.<\/strong><\/p>\n<p>D\u00e9i rout Faarf verm\u00ebscht sech mat der gieler, d\u2019Blo geet an d\u2019Gr\u00e9ng iwwer. Schwaarz Faarwewolleken tiermen sech op an danze mat dem rosa Niwwel. D\u2019Faarwemonster ass doruechter. Seng Faarwen si komplett duerchernee geroden! Dat m\u00e9cht et rosen! Nee, traureg&#8230; Oder f\u00e4ertereg? Seng Fr\u00ebndin d\u2019Esmeralda w\u00ebll him beim Sort\u00e9ieren h\u00ebllefen&#8230;<\/p>\n<p>JENNY SPIELMANN &amp; CATHERINE HENGESCH conception et actrices<br \/>\nFRIN WOLTER accord\u00e9on<br \/>\nNATHALIE LUDWIG clarinette<br \/>\nSOPHIE URHAUSEN alto<br \/>\nANIK SCHWALL violoncelle<br \/>\nSOUNDDELIGHT cr\u00e9ation lumi\u00e8re<br \/>\nCLAUDE KRAUS arrangements musicaux<br \/>\nJO\u00cbLLE WISELER atelier p\u00e9dagogique<\/p>\n<p><strong>Information \/ Tickets<br \/>\n<\/strong>Exclusive sale on <a href=\"http:\/\/www.kammerata.lu\/musicdays\">www.kammerata.lu\/musicdays<\/a><br \/>\nD\u2019Faarwemonster: \u20ac12 | &lt;13 years: \u20ac5<br \/>\nEducational Music Workshop: No more places left for the workshop. You are welcome to attend the 9:30 or 11 am performances without coming to the workshop.<\/p>\n<p><strong>Hotel Package<br \/>\n<\/strong>Hotel Night(s) (on the 3rd and\/or 4th of November) at Hotel Petry or Belle-Vue Hotel<br \/>\nDouble room with breakfast starting from \u20ac115.<br \/>\nPlease make reservations in advance at +352 83 41 22, <a href=\"http:\/\/www.hotel-petry.com\/\" target=\"_new\" rel=\"noopener\">www.hotel-petry.com<\/a><br \/>\nDinner on the 3rd and\/or 4th of November at 9:15 PM: Menu starting from \u20ac30 per person (reservation required).<\/p>\n<p>SUNDAY<br \/>\n05|11|2023<br \/>\nVianden Castle<br \/>\n10h15: Educational workshop<br \/>\n9h30 and 11h00: Performance<\/p>\n<p>In co-production with<\/p>\n<p><img decoding=\"async\" class=\"alignnone size-medium wp-image-1256\" src=\"https:\/\/www.kammerata.lu\/wp-content\/uploads\/2023\/08\/Logos-Vianden-Commune-Castle_MusicDays-2023-300x80.png\" alt=\"\" width=\"300\" height=\"80\" srcset=\"https:\/\/www.kammerata.lu\/wp-content\/uploads\/2023\/08\/Logos-Vianden-Commune-Castle_MusicDays-2023-300x80.png 300w, https:\/\/www.kammerata.lu\/wp-content\/uploads\/2023\/08\/Logos-Vianden-Commune-Castle_MusicDays-2023-1024x273.png 1024w, https:\/\/www.kammerata.lu\/wp-content\/uploads\/2023\/08\/Logos-Vianden-Commune-Castle_MusicDays-2023-768x205.png 768w, https:\/\/www.kammerata.lu\/wp-content\/uploads\/2023\/08\/Logos-Vianden-Commune-Castle_MusicDays-2023-1536x409.png 1536w, https:\/\/www.kammerata.lu\/wp-content\/uploads\/2023\/08\/Logos-Vianden-Commune-Castle_MusicDays-2023.png 1772w\" sizes=\"(max-width: 300px) 100vw, 300px\" \/><\/p>\n<p>With precious support from<\/p>\n<p><img decoding=\"async\" class=\"alignnone wp-image-1254\" src=\"https:\/\/www.kammerata.lu\/wp-content\/uploads\/2023\/08\/Logos-Sponsors_MusicDays-2023-300x50.png\" alt=\"\" width=\"528\" height=\"88\" srcset=\"https:\/\/www.kammerata.lu\/wp-content\/uploads\/2023\/08\/Logos-Sponsors_MusicDays-2023-300x50.png 300w, https:\/\/www.kammerata.lu\/wp-content\/uploads\/2023\/08\/Logos-Sponsors_MusicDays-2023-1024x170.png 1024w, https:\/\/www.kammerata.lu\/wp-content\/uploads\/2023\/08\/Logos-Sponsors_MusicDays-2023-768x128.png 768w, https:\/\/www.kammerata.lu\/wp-content\/uploads\/2023\/08\/Logos-Sponsors_MusicDays-2023-1536x256.png 1536w, https:\/\/www.kammerata.lu\/wp-content\/uploads\/2023\/08\/Logos-Sponsors_MusicDays-2023.png 2000w\" sizes=\"(max-width: 528px) 100vw, 528px\" \/><\/p>\n","protected":false},"menu_order":34,"template":"","acf":[],"yoast_head":"<!-- This site is optimized with the Yoast SEO plugin v21.3 - https:\/\/yoast.com\/wordpress\/plugins\/seo\/ -->\n<title>MusicDays Vianden | D&#039;Faarwemonster - Kammerata<\/title>\n<link rel=\"canonical\" href=\"https:\/\/www.kammerata.lu\/en\/calendrier\/musicdays-vianden-dfaarwemonster\/\" \/>\n<meta property=\"og:locale\" content=\"en_US\" \/>\n<meta property=\"og:type\" content=\"article\" \/>\n<meta property=\"og:title\" content=\"MusicDays Vianden | D&#039;Faarwemonster - Kammerata\" \/>\n<meta property=\"og:description\" content=\"Well\u00a0d&#8217;Virstellung\u00a0de\u00a05.\u00a0November\u00a0um\u00a011\u00a0Auer\u00a0bal\u00a0ausverkaaft\u00a0ass,\u00a0hu\u00a0mir\u00a0eng\u00a0zous\u00e4tzlech\u00a0Virstellung\u00a0um\u00a09:30\u00a0Auer\u00a0dob\u00e4i\u00a0gesat! As the 11am performance on 5 November is almost sold out, we have added an additional performance at 9:30am! Klang-Erzielung fir Kanner | op LU | 4-8 Jo\u00ebr | Cycles 1 + 2 + 3.1. Kreativen Atelier: Sonndeg, 05.11.2023 um 10h15. Eng Geschicht iwwert de Klang vu Gefiller, Faarwen a Fr\u00ebndschaft fir Kanner am [&hellip;]\" \/>\n<meta property=\"og:url\" content=\"https:\/\/www.kammerata.lu\/en\/calendrier\/musicdays-vianden-dfaarwemonster\/\" \/>\n<meta property=\"og:site_name\" content=\"Kammerata\" \/>\n<meta property=\"article:modified_time\" content=\"2023-10-20T16:50:41+00:00\" \/>\n<meta property=\"og:image\" content=\"https:\/\/www.kammerata.lu\/wp-content\/uploads\/2023\/08\/E_Farbenmonster_c-na-1-1024x768.jpg\" \/>\n<meta name=\"twitter:card\" content=\"summary_large_image\" \/>\n<meta name=\"twitter:label1\" content=\"Est. reading time\" \/>\n\t<meta name=\"twitter:data1\" content=\"2 minutes\" \/>\n<script type=\"application\/ld+json\" class=\"yoast-schema-graph\">{\"@context\":\"https:\/\/schema.org\",\"@graph\":[{\"@type\":\"WebPage\",\"@id\":\"https:\/\/www.kammerata.lu\/en\/calendrier\/musicdays-vianden-dfaarwemonster\/\",\"url\":\"https:\/\/www.kammerata.lu\/en\/calendrier\/musicdays-vianden-dfaarwemonster\/\",\"name\":\"MusicDays Vianden | D'Faarwemonster - Kammerata\",\"isPartOf\":{\"@id\":\"https:\/\/www.kammerata.lu\/en\/#website\"},\"datePublished\":\"2023-08-22T07:42:14+00:00\",\"dateModified\":\"2023-10-20T16:50:41+00:00\",\"breadcrumb\":{\"@id\":\"https:\/\/www.kammerata.lu\/en\/calendrier\/musicdays-vianden-dfaarwemonster\/#breadcrumb\"},\"inLanguage\":\"en-US\",\"potentialAction\":[{\"@type\":\"ReadAction\",\"target\":[\"https:\/\/www.kammerata.lu\/en\/calendrier\/musicdays-vianden-dfaarwemonster\/\"]}]},{\"@type\":\"BreadcrumbList\",\"@id\":\"https:\/\/www.kammerata.lu\/en\/calendrier\/musicdays-vianden-dfaarwemonster\/#breadcrumb\",\"itemListElement\":[{\"@type\":\"ListItem\",\"position\":1,\"name\":\"Accueil\",\"item\":\"https:\/\/www.kammerata.lu\/en\/\"},{\"@type\":\"ListItem\",\"position\":2,\"name\":\"MusicDays Vianden | D&rsquo;Faarwemonster\"}]},{\"@type\":\"WebSite\",\"@id\":\"https:\/\/www.kammerata.lu\/en\/#website\",\"url\":\"https:\/\/www.kammerata.lu\/en\/\",\"name\":\"Kammerata\",\"description\":\"\",\"potentialAction\":[{\"@type\":\"SearchAction\",\"target\":{\"@type\":\"EntryPoint\",\"urlTemplate\":\"https:\/\/www.kammerata.lu\/en\/?s={search_term_string}\"},\"query-input\":\"required name=search_term_string\"}],\"inLanguage\":\"en-US\"}]}<\/script>\n<!-- \/ Yoast SEO plugin. -->","yoast_head_json":{"title":"MusicDays Vianden | D'Faarwemonster - Kammerata","canonical":"https:\/\/www.kammerata.lu\/en\/calendrier\/musicdays-vianden-dfaarwemonster\/","og_locale":"en_US","og_type":"article","og_title":"MusicDays Vianden | D'Faarwemonster - Kammerata","og_description":"Well\u00a0d&#8217;Virstellung\u00a0de\u00a05.\u00a0November\u00a0um\u00a011\u00a0Auer\u00a0bal\u00a0ausverkaaft\u00a0ass,\u00a0hu\u00a0mir\u00a0eng\u00a0zous\u00e4tzlech\u00a0Virstellung\u00a0um\u00a09:30\u00a0Auer\u00a0dob\u00e4i\u00a0gesat! As the 11am performance on 5 November is almost sold out, we have added an additional performance at 9:30am! Klang-Erzielung fir Kanner | op LU | 4-8 Jo\u00ebr | Cycles 1 + 2 + 3.1. Kreativen Atelier: Sonndeg, 05.11.2023 um 10h15. Eng Geschicht iwwert de Klang vu Gefiller, Faarwen a Fr\u00ebndschaft fir Kanner am [&hellip;]","og_url":"https:\/\/www.kammerata.lu\/en\/calendrier\/musicdays-vianden-dfaarwemonster\/","og_site_name":"Kammerata","article_modified_time":"2023-10-20T16:50:41+00:00","og_image":[{"url":"https:\/\/www.kammerata.lu\/wp-content\/uploads\/2023\/08\/E_Farbenmonster_c-na-1-1024x768.jpg"}],"twitter_card":"summary_large_image","twitter_misc":{"Est. reading time":"2 minutes"},"schema":{"@context":"https:\/\/schema.org","@graph":[{"@type":"WebPage","@id":"https:\/\/www.kammerata.lu\/en\/calendrier\/musicdays-vianden-dfaarwemonster\/","url":"https:\/\/www.kammerata.lu\/en\/calendrier\/musicdays-vianden-dfaarwemonster\/","name":"MusicDays Vianden | D'Faarwemonster - Kammerata","isPartOf":{"@id":"https:\/\/www.kammerata.lu\/en\/#website"},"datePublished":"2023-08-22T07:42:14+00:00","dateModified":"2023-10-20T16:50:41+00:00","breadcrumb":{"@id":"https:\/\/www.kammerata.lu\/en\/calendrier\/musicdays-vianden-dfaarwemonster\/#breadcrumb"},"inLanguage":"en-US","potentialAction":[{"@type":"ReadAction","target":["https:\/\/www.kammerata.lu\/en\/calendrier\/musicdays-vianden-dfaarwemonster\/"]}]},{"@type":"BreadcrumbList","@id":"https:\/\/www.kammerata.lu\/en\/calendrier\/musicdays-vianden-dfaarwemonster\/#breadcrumb","itemListElement":[{"@type":"ListItem","position":1,"name":"Accueil","item":"https:\/\/www.kammerata.lu\/en\/"},{"@type":"ListItem","position":2,"name":"MusicDays Vianden | D&rsquo;Faarwemonster"}]},{"@type":"WebSite","@id":"https:\/\/www.kammerata.lu\/en\/#website","url":"https:\/\/www.kammerata.lu\/en\/","name":"Kammerata","description":"","potentialAction":[{"@type":"SearchAction","target":{"@type":"EntryPoint","urlTemplate":"https:\/\/www.kammerata.lu\/en\/?s={search_term_string}"},"query-input":"required name=search_term_string"}],"inLanguage":"en-US"}]}},"_links":{"self":[{"href":"https:\/\/www.kammerata.lu\/en\/wp-json\/wp\/v2\/calendriers\/1287"}],"collection":[{"href":"https:\/\/www.kammerata.lu\/en\/wp-json\/wp\/v2\/calendriers"}],"about":[{"href":"https:\/\/www.kammerata.lu\/en\/wp-json\/wp\/v2\/types\/calendriers"}],"wp:attachment":[{"href":"https:\/\/www.kammerata.lu\/en\/wp-json\/wp\/v2\/media?parent=1287"}],"curies":[{"name":"wp","href":"https:\/\/api.w.org\/{rel}","templated":true}]}}

<p><img decoding="async" class="alignnone wp-image-1285 size-large" src="https://www.kammerata.lu/wp-content/uploads/2023/08/E_Farbenmonster_c-na-1-1024x768.jpg" alt="" width="980" height="735" srcset="https://www.kammerata.lu/wp-content/uploads/2023/08/E_Farbenmonster_c-na-1-1024x768.jpg 1024w, https://www.kammerata.lu/wp-content/uploads/2023/08/E_Farbenmonster_c-na-1-300x225.jpg 300w, https://www.kammerata.lu/wp-content/uploads/2023/08/E_Farbenmonster_c-na-1-768x576.jpg 768w, https://www.kammerata.lu/wp-content/uploads/2023/08/E_Farbenmonster_c-na-1-1536x1151.jpg 1536w, https://www.kammerata.lu/wp-content/uploads/2023/08/E_Farbenmonster_c-na-1-2048x1535.jpg 2048w" sizes="(max-width: 980px) 100vw, 980px" /></p>
<p><span style="color: #ff0000;"><strong>Well d&#8217;Virstellung de 5. November um 11 Auer bal ausverkaaft ass, hu mir eng zousätzlech Virstellung um 9:30 Auer dobäi gesat!<br />
As the 11am performance on 5 November is almost sold out, we have added an additional performance at 9:30am!<br />
</strong></span></p>
<p>Klang-Erzielung fir Kanner | op LU | 4-8 Joër | Cycles 1 + 2 + 3.1.<br />
Kreativen Atelier: Sonndeg, 05.11.2023 um 10h15.</p>
<p><strong>Eng Geschicht iwwert de Klang vu Gefiller, Faarwen a Frëndschaft fir Kanner am Alter vu 4 bis 8 Joër.</strong></p>
<p>Déi rout Faarf vermëscht sech mat der gieler, d’Blo geet an d’Gréng iwwer. Schwaarz Faarwewolleken tiermen sech op an danze mat dem rosa Niwwel. D’Faarwemonster ass doruechter. Seng Faarwen si komplett duerchernee geroden! Dat mécht et rosen! Nee, traureg&#8230; Oder fäertereg? Seng Frëndin d’Esmeralda wëll him beim Sortéieren hëllefen&#8230;</p>
<p>JENNY SPIELMANN &amp; CATHERINE HENGESCH conception et actrices<br />
FRIN WOLTER accordéon<br />
NATHALIE LUDWIG clarinette<br />
SOPHIE URHAUSEN alto<br />
ANIK SCHWALL violoncelle<br />
SOUNDDELIGHT création lumière<br />
CLAUDE KRAUS arrangements musicaux<br />
JOËLLE WISELER atelier pédagogique</p>
<p><strong>Information / Tickets<br />
</strong>Exclusive sale on <a href="http://www.kammerata.lu/musicdays">www.kammerata.lu/musicdays</a><br />
D’Faarwemonster: €12 | &lt;13 years: €5<br />
Educational Music Workshop: No more places left for the workshop. You are welcome to attend the 9:30 or 11 am performances without coming to the workshop.</p>
<p><strong>Hotel Package<br />
</strong>Hotel Night(s) (on the 3rd and/or 4th of November) at Hotel Petry or Belle-Vue Hotel<br />
Double room with breakfast starting from €115.<br />
Please make reservations in advance at +352 83 41 22, <a href="http://www.hotel-petry.com/" target="_new" rel="noopener">www.hotel-petry.com</a><br />
Dinner on the 3rd and/or 4th of November at 9:15 PM: Menu starting from €30 per person (reservation required).</p>
<p>SUNDAY<br />
05|11|2023<br />
Vianden Castle<br />
10h15: Educational workshop<br />
9h30 and 11h00: Performance</p>
<p>In co-production with</p>
<p><img decoding="async" class="alignnone size-medium wp-image-1256" src="https://www.kammerata.lu/wp-content/uploads/2023/08/Logos-Vianden-Commune-Castle_MusicDays-2023-300x80.png" alt="" width="300" height="80" srcset="https://www.kammerata.lu/wp-content/uploads/2023/08/Logos-Vianden-Commune-Castle_MusicDays-2023-300x80.png 300w, https://www.kammerata.lu/wp-content/uploads/2023/08/Logos-Vianden-Commune-Castle_MusicDays-2023-1024x273.png 1024w, https://www.kammerata.lu/wp-content/uploads/2023/08/Logos-Vianden-Commune-Castle_MusicDays-2023-768x205.png 768w, https://www.kammerata.lu/wp-content/uploads/2023/08/Logos-Vianden-Commune-Castle_MusicDays-2023-1536x409.png 1536w, https://www.kammerata.lu/wp-content/uploads/2023/08/Logos-Vianden-Commune-Castle_MusicDays-2023.png 1772w" sizes="(max-width: 300px) 100vw, 300px" /></p>
<p>With precious support from</p>
<p><img decoding="async" class="alignnone wp-image-1254" src="https://www.kammerata.lu/wp-content/uploads/2023/08/Logos-Sponsors_MusicDays-2023-300x50.png" alt="" width="528" height="88" srcset="https://www.kammerata.lu/wp-content/uploads/2023/08/Logos-Sponsors_MusicDays-2023-300x50.png 300w, https://www.kammerata.lu/wp-content/uploads/2023/08/Logos-Sponsors_MusicDays-2023-1024x170.png 1024w, https://www.kammerata.lu/wp-content/uploads/2023/08/Logos-Sponsors_MusicDays-2023-768x128.png 768w, https://www.kammerata.lu/wp-content/uploads/2023/08/Logos-Sponsors_MusicDays-2023-1536x256.png 1536w, https://www.kammerata.lu/wp-content/uploads/2023/08/Logos-Sponsors_MusicDays-2023.png 2000w" sizes="(max-width: 528px) 100vw, 528px" /></p>

<!-- This site is optimized with the Yoast SEO plugin v21.3 - https://yoast.com/wordpress/plugins/seo/ -->
<title>MusicDays Vianden | D&#039;Faarwemonster - Kammerata</title>
<link rel="canonical" href="https://www.kammerata.lu/en/calendrier/musicdays-vianden-dfaarwemonster/" />
<meta property="og:locale" content="en_US" />
<meta property="og:type" content="article" />
<meta property="og:title" content="MusicDays Vianden | D&#039;Faarwemonster - Kammerata" />
<meta property="og:description" content="Well d&#8217;Virstellung de 5. November um 11 Auer bal ausverkaaft ass, hu mir eng zousätzlech Virstellung um 9:30 Auer dobäi gesat! As the 11am performance on 5 November is almost sold out, we have added an additional performance at 9:30am! Klang-Erzielung fir Kanner | op LU | 4-8 Joër | Cycles 1 + 2 + 3.1. Kreativen Atelier: Sonndeg, 05.11.2023 um 10h15. Eng Geschicht iwwert de Klang vu Gefiller, Faarwen a Frëndschaft fir Kanner am [&hellip;]" />
<meta property="og:url" content="https://www.kammerata.lu/en/calendrier/musicdays-vianden-dfaarwemonster/" />
<meta property="og:site_name" content="Kammerata" />
<meta property="article:modified_time" content="2023-10-20T16:50:41+00:00" />
<meta property="og:image" content="https://www.kammerata.lu/wp-content/uploads/2023/08/E_Farbenmonster_c-na-1-1024x768.jpg" />
<meta name="twitter:card" content="summary_large_image" />
<meta name="twitter:label1" content="Est. reading time" />
	<meta name="twitter:data1" content="2 minutes" />
<script type="application/ld+json" class="yoast-schema-graph">{"@context":"https://schema.org","@graph":[{"@type":"WebPage","@id":"https://www.kammerata.lu/en/calendrier/musicdays-vianden-dfaarwemonster/","url":"https://www.kammerata.lu/en/calendrier/musicdays-vianden-dfaarwemonster/","name":"MusicDays Vianden | D'Faarwemonster - Kammerata","isPartOf":{"@id":"https://www.kammerata.lu/en/#website"},"datePublished":"2023-08-22T07:42:14+00:00","dateModified":"2023-10-20T16:50:41+00:00","breadcrumb":{"@id":"https://www.kammerata.lu/en/calendrier/musicdays-vianden-dfaarwemonster/#breadcrumb"},"inLanguage":"en-US","potentialAction":[{"@type":"ReadAction","target":["https://www.kammerata.lu/en/calendrier/musicdays-vianden-dfaarwemonster/"]}]},{"@type":"BreadcrumbList","@id":"https://www.kammerata.lu/en/calendrier/musicdays-vianden-dfaarwemonster/#breadcrumb","itemListElement":[{"@type":"ListItem","position":1,"name":"Accueil","item":"https://www.kammerata.lu/en/"},{"@type":"ListItem","position":2,"name":"MusicDays Vianden | D&rsquo;Faarwemonster"}]},{"@type":"WebSite","@id":"https://www.kammerata.lu/en/#website","url":"https://www.kammerata.lu/en/","name":"Kammerata","description":"","potentialAction":[{"@type":"SearchAction","target":{"@type":"EntryPoint","urlTemplate":"https://www.kammerata.lu/en/?s={search_term_string}"},"query-input":"required name=search_term_string"}],"inLanguage":"en-US"}]}</script>
<!-- / Yoast SEO plugin. -->

Well d&#8217;Virstellung de 5. November um 11 Auer bal ausverkaaft ass, hu mir eng zousätzlech Virstellung um 9:30 Auer dobäi gesat! As the 11am performance on 5 November is almost sold out, we have added an additional performance at 9:30am! Klang-Erzielung fir Kanner | op LU | 4-8 Joër | Cycles 1 + 2 + 3.1. Kreativen Atelier: Sonndeg, 05.11.2023 um 10h15. Eng Geschicht iwwert de Klang vu Gefiller, Faarwen a Frëndschaft fir Kanner am [&hellip;]
