{"id":1640,"date":"2024-08-23T07:38:49","date_gmt":"2024-08-23T07:38:49","guid":{"rendered":"https:\/\/www.kammerata.lu\/calendrier\/halloween-ein-abend-mit-dracula\/"},"modified":"2024-08-23T10:33:10","modified_gmt":"2024-08-23T10:33:10","slug":"halloween-ein-abend-mit-dracula","status":"publish","type":"calendriers","link":"https:\/\/www.kammerata.lu\/en\/calendrier\/halloween-ein-abend-mit-dracula\/","title":{"rendered":"Halloween \u2013 an evening with Dracula"},"content":{"rendered":"<p><img decoding=\"async\" class=\"wp-image-1628 alignnone\" src=\"https:\/\/www.kammerata.lu\/wp-content\/uploads\/2024\/08\/1-Concert-douverture-c-Bohumil-KOSTOHRYZ-300x200.jpg\" alt=\"\" width=\"1087\" height=\"725\" srcset=\"https:\/\/www.kammerata.lu\/wp-content\/uploads\/2024\/08\/1-Concert-douverture-c-Bohumil-KOSTOHRYZ-300x200.jpg 300w, https:\/\/www.kammerata.lu\/wp-content\/uploads\/2024\/08\/1-Concert-douverture-c-Bohumil-KOSTOHRYZ-1024x683.jpg 1024w, https:\/\/www.kammerata.lu\/wp-content\/uploads\/2024\/08\/1-Concert-douverture-c-Bohumil-KOSTOHRYZ-768x512.jpg 768w, https:\/\/www.kammerata.lu\/wp-content\/uploads\/2024\/08\/1-Concert-douverture-c-Bohumil-KOSTOHRYZ-1536x1024.jpg 1536w, https:\/\/www.kammerata.lu\/wp-content\/uploads\/2024\/08\/1-Concert-douverture-c-Bohumil-KOSTOHRYZ-2048x1366.jpg 2048w\" sizes=\"(max-width: 1087px) 100vw, 1087px\" \/><\/p>\n<p><strong>Opening concert | audience and musicians in costume | welcome at 6.30pm | snacks and drinks | texts in German<\/strong><\/p>\n<p>What better subject for a Halloween concert than Count Dracula, arguably the most famous vampire of all time? He is the brainchild of American novelist Bram Stoker, who never actually travelled to the region where the action takes place, Transylvania, known as \u2018Siebenb\u00fcrgen\u2019 in German-speaking countries. Stoker&#8217;s novel Dracula, published in 1897, has been adapted several times for the cinema. Tod Browning&#8217;s 1931 silent film (with Bela Lugosi in the title role) received a new score by Philip Glass in 1999, composed for string quartet, double bass and piano. Kammerata Luxemburg plays a representative sample of this film music and contrasts it with passages from the novel, read in German by Nickel B\u00f6senberg, and with traditional music from Transylvania, in which the zymbal plays an important role. This stringed instrument, struck with mallets, plays an important role in the folk music of Central and South-Eastern Europe.<\/p>\n<p><strong>At 6.30pm, Count Dracula will welcome his guests with snacks and drinks, and also invites the public to join in the event in formal, spooky and chic attire.<\/strong><\/p>\n<p>Bram Stoker | Dracula &#8211; Reading of extracts from the novel (in DE)<br \/>\nVittorio Monti | Cz\u00e1rd\u00e1s | violin, cymbalum<br \/>\nB\u00e9la Bart\u00f3k | 44 Duos Sz.98 (extr.) | 2 violins<br \/>\nZolt\u00e1n Kod\u00e1ly | Magyar N\u00e9pdalok | cello, cymbalum<br \/>\nB\u00e9la Bart\u00f3k | Romanian Folk Dances (extr.) | violin, cymbalum<br \/>\nFranz Liszt Hungarian Rhapsody No. 4 S 244\/4<br \/>\nGy\u00f6rgy Kurt\u00e1g | 8 Duos op. 4 | violin, cymbalum<br \/>\nPhilip Glass | Suite from the film score Dracula | arr. M. Riesmann | string quartet, double bass and piano<\/p>\n<p>Nickel B\u00f6senberg, actor<br \/>\nB\u00e9atrice Rauchs, piano<br \/>\nLuigi Gaggero, cymbalum<br \/>\nSandrine Cantoreggi, violin<br \/>\nGayan\u00e9 Grigoryan, violin<br \/>\nSusanne Martens, viola<br \/>\nCyprien Keiser, cello<br \/>\nChoul-Won Pyun, double bass<br \/>\nSounddelight, Light and sound<\/p>\n<p>&nbsp;<\/p>\n<p><strong>Tickets<\/strong><br \/>\nExclusively on <a href=\"http:\/\/www.musicdays.lu\" target=\"_blank\" rel=\"noopener\">www.musicdays.lu<\/a><\/p>\n<p>Halloween &#8211; an evening with Dracula: \u20ac30 &lt; age 30: \u20ac20<br \/>\nMagnificat anima mea \/ The Aquatic Museum \/ Tribute to Faur\u00e9: \u20ac25 | under 30s: \u20ac15<br \/>\nMasquerade: \u20ac12 &lt; 12 years: \u20ac5<br \/>\nDaniel Migliosi Quintet : Free admission<\/p>\n<p>2-concert pass: \u20ac42 | &lt; 30 years old: \u20ac22<\/p>\n<p>All-in pass (all concerts): \u20ac75 | &lt; 30 years: \u20ac40 (includes 1 free guest for one concert)<\/p>\n<p><strong>Information<\/strong><br \/>\n<a href=\"http:\/\/www.musicdays.lu\" target=\"_blank\" rel=\"noopener\">www.musicdays.lu<\/a><br \/>\n<a href=\"mailto:info@castle-vianden.lu\">info@castle-vianden.lu<\/a><br \/>\nTel: 83 41 08 1<\/p>\n<p>&nbsp;<\/p>\n<p>In co-production with<\/p>\n<p><img decoding=\"async\" class=\"alignnone size-medium wp-image-1659\" src=\"https:\/\/www.kammerata.lu\/wp-content\/uploads\/2024\/08\/Logos-Vianden-Commune-Castle_MusicDays-300x80.png\" alt=\"\" width=\"300\" height=\"80\" srcset=\"https:\/\/www.kammerata.lu\/wp-content\/uploads\/2024\/08\/Logos-Vianden-Commune-Castle_MusicDays-300x80.png 300w, https:\/\/www.kammerata.lu\/wp-content\/uploads\/2024\/08\/Logos-Vianden-Commune-Castle_MusicDays-1024x273.png 1024w, https:\/\/www.kammerata.lu\/wp-content\/uploads\/2024\/08\/Logos-Vianden-Commune-Castle_MusicDays-768x205.png 768w, https:\/\/www.kammerata.lu\/wp-content\/uploads\/2024\/08\/Logos-Vianden-Commune-Castle_MusicDays-1536x409.png 1536w, https:\/\/www.kammerata.lu\/wp-content\/uploads\/2024\/08\/Logos-Vianden-Commune-Castle_MusicDays.png 1772w\" sizes=\"(max-width: 300px) 100vw, 300px\" \/><\/p>\n<p>With the support of<\/p>\n<p><img decoding=\"async\" class=\"alignnone wp-image-1661\" src=\"https:\/\/www.kammerata.lu\/wp-content\/uploads\/2024\/08\/Logos-Sponsors_MusicDays-300x43.png\" alt=\"\" width=\"699\" height=\"100\" srcset=\"https:\/\/www.kammerata.lu\/wp-content\/uploads\/2024\/08\/Logos-Sponsors_MusicDays-300x43.png 300w, https:\/\/www.kammerata.lu\/wp-content\/uploads\/2024\/08\/Logos-Sponsors_MusicDays-1024x146.png 1024w, https:\/\/www.kammerata.lu\/wp-content\/uploads\/2024\/08\/Logos-Sponsors_MusicDays-768x110.png 768w, https:\/\/www.kammerata.lu\/wp-content\/uploads\/2024\/08\/Logos-Sponsors_MusicDays-1536x220.png 1536w, https:\/\/www.kammerata.lu\/wp-content\/uploads\/2024\/08\/Logos-Sponsors_MusicDays.png 2000w\" sizes=\"(max-width: 699px) 100vw, 699px\" \/><\/p>\n","protected":false},"menu_order":13,"template":"","acf":[],"yoast_head":"<!-- This site is optimized with the Yoast SEO plugin v21.3 - https:\/\/yoast.com\/wordpress\/plugins\/seo\/ -->\n<title>Halloween \u2013 an evening with Dracula - Kammerata<\/title>\n<link rel=\"canonical\" href=\"https:\/\/www.kammerata.lu\/en\/calendrier\/halloween-ein-abend-mit-dracula\/\" \/>\n<meta property=\"og:locale\" content=\"en_US\" \/>\n<meta property=\"og:type\" content=\"article\" \/>\n<meta property=\"og:title\" content=\"Halloween \u2013 an evening with Dracula - Kammerata\" \/>\n<meta property=\"og:description\" content=\"Opening concert | audience and musicians in costume | welcome at 6.30pm | snacks and drinks | texts in German What better subject for a Halloween concert than Count Dracula, arguably the most famous vampire of all time? He is the brainchild of American novelist Bram Stoker, who never actually travelled to the region where [&hellip;]\" \/>\n<meta property=\"og:url\" content=\"https:\/\/www.kammerata.lu\/en\/calendrier\/halloween-ein-abend-mit-dracula\/\" \/>\n<meta property=\"og:site_name\" content=\"Kammerata\" \/>\n<meta property=\"article:modified_time\" content=\"2024-08-23T10:33:10+00:00\" \/>\n<meta property=\"og:image\" content=\"https:\/\/www.kammerata.lu\/wp-content\/uploads\/2024\/08\/1-Concert-douverture-c-Bohumil-KOSTOHRYZ-300x200.jpg\" \/>\n<meta name=\"twitter:card\" content=\"summary_large_image\" \/>\n<meta name=\"twitter:label1\" content=\"Est. reading time\" \/>\n\t<meta name=\"twitter:data1\" content=\"3 minutes\" \/>\n<script type=\"application\/ld+json\" class=\"yoast-schema-graph\">{\"@context\":\"https:\/\/schema.org\",\"@graph\":[{\"@type\":\"WebPage\",\"@id\":\"https:\/\/www.kammerata.lu\/en\/calendrier\/halloween-ein-abend-mit-dracula\/\",\"url\":\"https:\/\/www.kammerata.lu\/en\/calendrier\/halloween-ein-abend-mit-dracula\/\",\"name\":\"Halloween \u2013 an evening with Dracula - Kammerata\",\"isPartOf\":{\"@id\":\"https:\/\/www.kammerata.lu\/en\/#website\"},\"datePublished\":\"2024-08-23T07:38:49+00:00\",\"dateModified\":\"2024-08-23T10:33:10+00:00\",\"breadcrumb\":{\"@id\":\"https:\/\/www.kammerata.lu\/en\/calendrier\/halloween-ein-abend-mit-dracula\/#breadcrumb\"},\"inLanguage\":\"en-US\",\"potentialAction\":[{\"@type\":\"ReadAction\",\"target\":[\"https:\/\/www.kammerata.lu\/en\/calendrier\/halloween-ein-abend-mit-dracula\/\"]}]},{\"@type\":\"BreadcrumbList\",\"@id\":\"https:\/\/www.kammerata.lu\/en\/calendrier\/halloween-ein-abend-mit-dracula\/#breadcrumb\",\"itemListElement\":[{\"@type\":\"ListItem\",\"position\":1,\"name\":\"Accueil\",\"item\":\"https:\/\/www.kammerata.lu\/en\/\"},{\"@type\":\"ListItem\",\"position\":2,\"name\":\"Halloween \u2013 an evening with Dracula\"}]},{\"@type\":\"WebSite\",\"@id\":\"https:\/\/www.kammerata.lu\/en\/#website\",\"url\":\"https:\/\/www.kammerata.lu\/en\/\",\"name\":\"Kammerata\",\"description\":\"\",\"potentialAction\":[{\"@type\":\"SearchAction\",\"target\":{\"@type\":\"EntryPoint\",\"urlTemplate\":\"https:\/\/www.kammerata.lu\/en\/?s={search_term_string}\"},\"query-input\":\"required name=search_term_string\"}],\"inLanguage\":\"en-US\"}]}<\/script>\n<!-- \/ Yoast SEO plugin. -->","yoast_head_json":{"title":"Halloween \u2013 an evening with Dracula - Kammerata","canonical":"https:\/\/www.kammerata.lu\/en\/calendrier\/halloween-ein-abend-mit-dracula\/","og_locale":"en_US","og_type":"article","og_title":"Halloween \u2013 an evening with Dracula - Kammerata","og_description":"Opening concert | audience and musicians in costume | welcome at 6.30pm | snacks and drinks | texts in German What better subject for a Halloween concert than Count Dracula, arguably the most famous vampire of all time? He is the brainchild of American novelist Bram Stoker, who never actually travelled to the region where [&hellip;]","og_url":"https:\/\/www.kammerata.lu\/en\/calendrier\/halloween-ein-abend-mit-dracula\/","og_site_name":"Kammerata","article_modified_time":"2024-08-23T10:33:10+00:00","og_image":[{"url":"https:\/\/www.kammerata.lu\/wp-content\/uploads\/2024\/08\/1-Concert-douverture-c-Bohumil-KOSTOHRYZ-300x200.jpg"}],"twitter_card":"summary_large_image","twitter_misc":{"Est. reading time":"3 minutes"},"schema":{"@context":"https:\/\/schema.org","@graph":[{"@type":"WebPage","@id":"https:\/\/www.kammerata.lu\/en\/calendrier\/halloween-ein-abend-mit-dracula\/","url":"https:\/\/www.kammerata.lu\/en\/calendrier\/halloween-ein-abend-mit-dracula\/","name":"Halloween \u2013 an evening with Dracula - Kammerata","isPartOf":{"@id":"https:\/\/www.kammerata.lu\/en\/#website"},"datePublished":"2024-08-23T07:38:49+00:00","dateModified":"2024-08-23T10:33:10+00:00","breadcrumb":{"@id":"https:\/\/www.kammerata.lu\/en\/calendrier\/halloween-ein-abend-mit-dracula\/#breadcrumb"},"inLanguage":"en-US","potentialAction":[{"@type":"ReadAction","target":["https:\/\/www.kammerata.lu\/en\/calendrier\/halloween-ein-abend-mit-dracula\/"]}]},{"@type":"BreadcrumbList","@id":"https:\/\/www.kammerata.lu\/en\/calendrier\/halloween-ein-abend-mit-dracula\/#breadcrumb","itemListElement":[{"@type":"ListItem","position":1,"name":"Accueil","item":"https:\/\/www.kammerata.lu\/en\/"},{"@type":"ListItem","position":2,"name":"Halloween \u2013 an evening with Dracula"}]},{"@type":"WebSite","@id":"https:\/\/www.kammerata.lu\/en\/#website","url":"https:\/\/www.kammerata.lu\/en\/","name":"Kammerata","description":"","potentialAction":[{"@type":"SearchAction","target":{"@type":"EntryPoint","urlTemplate":"https:\/\/www.kammerata.lu\/en\/?s={search_term_string}"},"query-input":"required name=search_term_string"}],"inLanguage":"en-US"}]}},"_links":{"self":[{"href":"https:\/\/www.kammerata.lu\/en\/wp-json\/wp\/v2\/calendriers\/1640"}],"collection":[{"href":"https:\/\/www.kammerata.lu\/en\/wp-json\/wp\/v2\/calendriers"}],"about":[{"href":"https:\/\/www.kammerata.lu\/en\/wp-json\/wp\/v2\/types\/calendriers"}],"wp:attachment":[{"href":"https:\/\/www.kammerata.lu\/en\/wp-json\/wp\/v2\/media?parent=1640"}],"curies":[{"name":"wp","href":"https:\/\/api.w.org\/{rel}","templated":true}]}}

<p><img decoding="async" class="wp-image-1628 alignnone" src="https://www.kammerata.lu/wp-content/uploads/2024/08/1-Concert-douverture-c-Bohumil-KOSTOHRYZ-300x200.jpg" alt="" width="1087" height="725" srcset="https://www.kammerata.lu/wp-content/uploads/2024/08/1-Concert-douverture-c-Bohumil-KOSTOHRYZ-300x200.jpg 300w, https://www.kammerata.lu/wp-content/uploads/2024/08/1-Concert-douverture-c-Bohumil-KOSTOHRYZ-1024x683.jpg 1024w, https://www.kammerata.lu/wp-content/uploads/2024/08/1-Concert-douverture-c-Bohumil-KOSTOHRYZ-768x512.jpg 768w, https://www.kammerata.lu/wp-content/uploads/2024/08/1-Concert-douverture-c-Bohumil-KOSTOHRYZ-1536x1024.jpg 1536w, https://www.kammerata.lu/wp-content/uploads/2024/08/1-Concert-douverture-c-Bohumil-KOSTOHRYZ-2048x1366.jpg 2048w" sizes="(max-width: 1087px) 100vw, 1087px" /></p>
<p><strong>Opening concert | audience and musicians in costume | welcome at 6.30pm | snacks and drinks | texts in German</strong></p>
<p>What better subject for a Halloween concert than Count Dracula, arguably the most famous vampire of all time? He is the brainchild of American novelist Bram Stoker, who never actually travelled to the region where the action takes place, Transylvania, known as ‘Siebenbürgen’ in German-speaking countries. Stoker&#8217;s novel Dracula, published in 1897, has been adapted several times for the cinema. Tod Browning&#8217;s 1931 silent film (with Bela Lugosi in the title role) received a new score by Philip Glass in 1999, composed for string quartet, double bass and piano. Kammerata Luxemburg plays a representative sample of this film music and contrasts it with passages from the novel, read in German by Nickel Bösenberg, and with traditional music from Transylvania, in which the zymbal plays an important role. This stringed instrument, struck with mallets, plays an important role in the folk music of Central and South-Eastern Europe.</p>
<p><strong>At 6.30pm, Count Dracula will welcome his guests with snacks and drinks, and also invites the public to join in the event in formal, spooky and chic attire.</strong></p>
<p>Bram Stoker | Dracula &#8211; Reading of extracts from the novel (in DE)<br />
Vittorio Monti | Czárdás | violin, cymbalum<br />
Béla Bartók | 44 Duos Sz.98 (extr.) | 2 violins<br />
Zoltán Kodály | Magyar Népdalok | cello, cymbalum<br />
Béla Bartók | Romanian Folk Dances (extr.) | violin, cymbalum<br />
Franz Liszt Hungarian Rhapsody No. 4 S 244/4<br />
György Kurtág | 8 Duos op. 4 | violin, cymbalum<br />
Philip Glass | Suite from the film score Dracula | arr. M. Riesmann | string quartet, double bass and piano</p>
<p>Nickel Bösenberg, actor<br />
Béatrice Rauchs, piano<br />
Luigi Gaggero, cymbalum<br />
Sandrine Cantoreggi, violin<br />
Gayané Grigoryan, violin<br />
Susanne Martens, viola<br />
Cyprien Keiser, cello<br />
Choul-Won Pyun, double bass<br />
Sounddelight, Light and sound</p>
<p>&nbsp;</p>
<p><strong>Tickets</strong><br />
Exclusively on <a href="http://www.musicdays.lu" target="_blank" rel="noopener">www.musicdays.lu</a></p>
<p>Halloween &#8211; an evening with Dracula: €30 &lt; age 30: €20<br />
Magnificat anima mea / The Aquatic Museum / Tribute to Fauré: €25 | under 30s: €15<br />
Masquerade: €12 &lt; 12 years: €5<br />
Daniel Migliosi Quintet : Free admission</p>
<p>2-concert pass: €42 | &lt; 30 years old: €22</p>
<p>All-in pass (all concerts): €75 | &lt; 30 years: €40 (includes 1 free guest for one concert)</p>
<p><strong>Information</strong><br />
<a href="http://www.musicdays.lu" target="_blank" rel="noopener">www.musicdays.lu</a><br />
<a href="mailto:info@castle-vianden.lu">info@castle-vianden.lu</a><br />
Tel: 83 41 08 1</p>
<p>&nbsp;</p>
<p>In co-production with</p>
<p><img decoding="async" class="alignnone size-medium wp-image-1659" src="https://www.kammerata.lu/wp-content/uploads/2024/08/Logos-Vianden-Commune-Castle_MusicDays-300x80.png" alt="" width="300" height="80" srcset="https://www.kammerata.lu/wp-content/uploads/2024/08/Logos-Vianden-Commune-Castle_MusicDays-300x80.png 300w, https://www.kammerata.lu/wp-content/uploads/2024/08/Logos-Vianden-Commune-Castle_MusicDays-1024x273.png 1024w, https://www.kammerata.lu/wp-content/uploads/2024/08/Logos-Vianden-Commune-Castle_MusicDays-768x205.png 768w, https://www.kammerata.lu/wp-content/uploads/2024/08/Logos-Vianden-Commune-Castle_MusicDays-1536x409.png 1536w, https://www.kammerata.lu/wp-content/uploads/2024/08/Logos-Vianden-Commune-Castle_MusicDays.png 1772w" sizes="(max-width: 300px) 100vw, 300px" /></p>
<p>With the support of</p>
<p><img decoding="async" class="alignnone wp-image-1661" src="https://www.kammerata.lu/wp-content/uploads/2024/08/Logos-Sponsors_MusicDays-300x43.png" alt="" width="699" height="100" srcset="https://www.kammerata.lu/wp-content/uploads/2024/08/Logos-Sponsors_MusicDays-300x43.png 300w, https://www.kammerata.lu/wp-content/uploads/2024/08/Logos-Sponsors_MusicDays-1024x146.png 1024w, https://www.kammerata.lu/wp-content/uploads/2024/08/Logos-Sponsors_MusicDays-768x110.png 768w, https://www.kammerata.lu/wp-content/uploads/2024/08/Logos-Sponsors_MusicDays-1536x220.png 1536w, https://www.kammerata.lu/wp-content/uploads/2024/08/Logos-Sponsors_MusicDays.png 2000w" sizes="(max-width: 699px) 100vw, 699px" /></p>
