{"id":1656,"date":"2024-08-23T10:08:22","date_gmt":"2024-08-23T10:08:22","guid":{"rendered":"https:\/\/www.kammerata.lu\/calendrier\/hommage-a-faure\/"},"modified":"2024-08-23T10:33:52","modified_gmt":"2024-08-23T10:33:52","slug":"hommage-a-faure","status":"publish","type":"calendriers","link":"https:\/\/www.kammerata.lu\/en\/calendrier\/hommage-a-faure\/","title":{"rendered":"Tribute to Faur\u00e9"},"content":{"rendered":"<p><img decoding=\"async\" class=\"alignnone wp-image-1638 size-large\" src=\"https:\/\/www.kammerata.lu\/wp-content\/uploads\/2024\/08\/6-Concert-de-cloture-c-Bohumil-KOSTOHRYZ-1024x683.jpg\" alt=\"\" width=\"980\" height=\"654\" srcset=\"https:\/\/www.kammerata.lu\/wp-content\/uploads\/2024\/08\/6-Concert-de-cloture-c-Bohumil-KOSTOHRYZ-1024x683.jpg 1024w, https:\/\/www.kammerata.lu\/wp-content\/uploads\/2024\/08\/6-Concert-de-cloture-c-Bohumil-KOSTOHRYZ-300x200.jpg 300w, https:\/\/www.kammerata.lu\/wp-content\/uploads\/2024\/08\/6-Concert-de-cloture-c-Bohumil-KOSTOHRYZ-768x512.jpg 768w, https:\/\/www.kammerata.lu\/wp-content\/uploads\/2024\/08\/6-Concert-de-cloture-c-Bohumil-KOSTOHRYZ-1536x1024.jpg 1536w, https:\/\/www.kammerata.lu\/wp-content\/uploads\/2024\/08\/6-Concert-de-cloture-c-Bohumil-KOSTOHRYZ-2048x1366.jpg 2048w\" sizes=\"(max-width: 980px) 100vw, 980px\" \/><\/p>\n<p><strong>Closing concert | Faur\u00e9 &#8211; Enescu &#8211; Lacaze<\/strong><\/p>\n<p>To commemorate the centenary of the death of the French composer Gabriel Faur\u00e9, the members of Kammerata Luxembourg will be playing his first piano quartet as well as four gems from Faur\u00e9&#8217;s vast output of lieder. The programme also includes the Romanian George Enescu, known both as an excellent violinist and an extremely gifted composer. He was a pupil of Faur\u00e9 at the Paris Conservatoire. In the Pi\u00e8ce sur le nom de Faur\u00e9 (1922), composed during the lifetime of his revered teacher, Enescu transforms the letters of the name \u2018Faur\u00e9\u2019 into a sequence of five notes of a given pitch, on which he builds the entire piece. Finally, in 2020 the French composer Sophie Lacaze, born in 1963, created Broken words, a work based on texts by the Australian poet Henry Kendall, extracts from which are recited several times by the instrumentalists during the composition.<\/p>\n<p>George Enescu | Romanian Rhapsody no. 1 | arr. Thomas Wally | piano, violin, viola, cello<br \/>\nSophie Lacaze | Broken words | flute, violin, viola, cello<br \/>\nGabriel Faur\u00e9 | Po\u00e8me d&#8217;un jour op. 21, Rencontre &#8211; Toujours &#8211; Adieu | vocals, piano<br \/>\nGeorge Enescu | Cantabile and Presto | flute, piano<br \/>\nGeorge Enescu | Pi\u00e8ce sur le nom de Faur\u00e9 | piano<br \/>\nGabriel Faur\u00e9 | Quartet no. 1 | piano, violin, viola, cello<\/p>\n<p>B\u00e9atrice Rauchs, piano<br \/>\nMariette Lentz, soprano<br \/>\nMarkus Br\u00f6nnimann, flute<br \/>\nSandrine Cantoreggi, violin<br \/>\nSusanne Martens, viola<br \/>\nCyprien Keiser, cello<\/p>\n<p>&nbsp;<\/p>\n<p><strong>Tickets<\/strong><br \/>\nExclusively on <a href=\"http:\/\/www.musicdays.lu\" target=\"_blank\" rel=\"noopener\">www.musicdays.lu<\/a><\/p>\n<p>Halloween &#8211; an evening with Dracula: \u20ac30 &lt; age 30: \u20ac20<br \/>\nMagnificat anima mea \/ The Aquatic Museum \/ Tribute to Faur\u00e9: \u20ac25 | under 30s: \u20ac15<br \/>\nMasquerade: \u20ac12 &lt; 12 years: \u20ac5<br \/>\nDaniel Migliosi Quintet : Free admission<\/p>\n<p>2-concert pass: \u20ac42 | &lt; 30 years old: \u20ac22<\/p>\n<p>All-in pass (all concerts): \u20ac75 | &lt; 30 years: \u20ac40 (includes 1 free guest for one concert)<\/p>\n<p><strong>Information<\/strong><br \/>\n<a href=\"http:\/\/www.musicdays.lu\" target=\"_blank\" rel=\"noopener\">www.musicdays.lu<\/a><br \/>\n<a href=\"mailto:info@castle-vianden.lu\">info@castle-vianden.lu<\/a><br \/>\nTel: 83 41 08 1<\/p>\n<p>&nbsp;<\/p>\n<p>In co-production with<\/p>\n<p><img decoding=\"async\" class=\"alignnone size-medium wp-image-1659\" src=\"https:\/\/www.kammerata.lu\/wp-content\/uploads\/2024\/08\/Logos-Vianden-Commune-Castle_MusicDays-300x80.png\" alt=\"\" width=\"300\" height=\"80\" srcset=\"https:\/\/www.kammerata.lu\/wp-content\/uploads\/2024\/08\/Logos-Vianden-Commune-Castle_MusicDays-300x80.png 300w, https:\/\/www.kammerata.lu\/wp-content\/uploads\/2024\/08\/Logos-Vianden-Commune-Castle_MusicDays-1024x273.png 1024w, https:\/\/www.kammerata.lu\/wp-content\/uploads\/2024\/08\/Logos-Vianden-Commune-Castle_MusicDays-768x205.png 768w, https:\/\/www.kammerata.lu\/wp-content\/uploads\/2024\/08\/Logos-Vianden-Commune-Castle_MusicDays-1536x409.png 1536w, https:\/\/www.kammerata.lu\/wp-content\/uploads\/2024\/08\/Logos-Vianden-Commune-Castle_MusicDays.png 1772w\" sizes=\"(max-width: 300px) 100vw, 300px\" \/><\/p>\n<p>With the support of<\/p>\n<p><img decoding=\"async\" class=\"alignnone wp-image-1661\" src=\"https:\/\/www.kammerata.lu\/wp-content\/uploads\/2024\/08\/Logos-Sponsors_MusicDays-300x43.png\" alt=\"\" width=\"699\" height=\"100\" srcset=\"https:\/\/www.kammerata.lu\/wp-content\/uploads\/2024\/08\/Logos-Sponsors_MusicDays-300x43.png 300w, https:\/\/www.kammerata.lu\/wp-content\/uploads\/2024\/08\/Logos-Sponsors_MusicDays-1024x146.png 1024w, https:\/\/www.kammerata.lu\/wp-content\/uploads\/2024\/08\/Logos-Sponsors_MusicDays-768x110.png 768w, https:\/\/www.kammerata.lu\/wp-content\/uploads\/2024\/08\/Logos-Sponsors_MusicDays-1536x220.png 1536w, https:\/\/www.kammerata.lu\/wp-content\/uploads\/2024\/08\/Logos-Sponsors_MusicDays.png 2000w\" sizes=\"(max-width: 699px) 100vw, 699px\" \/><\/p>\n","protected":false},"menu_order":18,"template":"","acf":[],"yoast_head":"<!-- This site is optimized with the Yoast SEO plugin v21.3 - https:\/\/yoast.com\/wordpress\/plugins\/seo\/ -->\n<title>Tribute to Faur\u00e9 - Kammerata<\/title>\n<link rel=\"canonical\" href=\"https:\/\/www.kammerata.lu\/en\/calendrier\/hommage-a-faure\/\" \/>\n<meta property=\"og:locale\" content=\"en_US\" \/>\n<meta property=\"og:type\" content=\"article\" \/>\n<meta property=\"og:title\" content=\"Tribute to Faur\u00e9 - Kammerata\" \/>\n<meta property=\"og:description\" content=\"Closing concert | Faur\u00e9 &#8211; Enescu &#8211; Lacaze To commemorate the centenary of the death of the French composer Gabriel Faur\u00e9, the members of Kammerata Luxembourg will be playing his first piano quartet as well as four gems from Faur\u00e9&#8217;s vast output of lieder. The programme also includes the Romanian George Enescu, known both as [&hellip;]\" \/>\n<meta property=\"og:url\" content=\"https:\/\/www.kammerata.lu\/en\/calendrier\/hommage-a-faure\/\" \/>\n<meta property=\"og:site_name\" content=\"Kammerata\" \/>\n<meta property=\"article:modified_time\" content=\"2024-08-23T10:33:52+00:00\" \/>\n<meta property=\"og:image\" content=\"https:\/\/www.kammerata.lu\/wp-content\/uploads\/2024\/08\/6-Concert-de-cloture-c-Bohumil-KOSTOHRYZ-1024x683.jpg\" \/>\n<meta name=\"twitter:card\" content=\"summary_large_image\" \/>\n<meta name=\"twitter:label1\" content=\"Est. reading time\" \/>\n\t<meta name=\"twitter:data1\" content=\"3 minutes\" \/>\n<script type=\"application\/ld+json\" class=\"yoast-schema-graph\">{\"@context\":\"https:\/\/schema.org\",\"@graph\":[{\"@type\":\"WebPage\",\"@id\":\"https:\/\/www.kammerata.lu\/en\/calendrier\/hommage-a-faure\/\",\"url\":\"https:\/\/www.kammerata.lu\/en\/calendrier\/hommage-a-faure\/\",\"name\":\"Tribute to Faur\u00e9 - Kammerata\",\"isPartOf\":{\"@id\":\"https:\/\/www.kammerata.lu\/en\/#website\"},\"datePublished\":\"2024-08-23T10:08:22+00:00\",\"dateModified\":\"2024-08-23T10:33:52+00:00\",\"breadcrumb\":{\"@id\":\"https:\/\/www.kammerata.lu\/en\/calendrier\/hommage-a-faure\/#breadcrumb\"},\"inLanguage\":\"en-US\",\"potentialAction\":[{\"@type\":\"ReadAction\",\"target\":[\"https:\/\/www.kammerata.lu\/en\/calendrier\/hommage-a-faure\/\"]}]},{\"@type\":\"BreadcrumbList\",\"@id\":\"https:\/\/www.kammerata.lu\/en\/calendrier\/hommage-a-faure\/#breadcrumb\",\"itemListElement\":[{\"@type\":\"ListItem\",\"position\":1,\"name\":\"Accueil\",\"item\":\"https:\/\/www.kammerata.lu\/en\/\"},{\"@type\":\"ListItem\",\"position\":2,\"name\":\"Tribute to Faur\u00e9\"}]},{\"@type\":\"WebSite\",\"@id\":\"https:\/\/www.kammerata.lu\/en\/#website\",\"url\":\"https:\/\/www.kammerata.lu\/en\/\",\"name\":\"Kammerata\",\"description\":\"\",\"potentialAction\":[{\"@type\":\"SearchAction\",\"target\":{\"@type\":\"EntryPoint\",\"urlTemplate\":\"https:\/\/www.kammerata.lu\/en\/?s={search_term_string}\"},\"query-input\":\"required name=search_term_string\"}],\"inLanguage\":\"en-US\"}]}<\/script>\n<!-- \/ Yoast SEO plugin. -->","yoast_head_json":{"title":"Tribute to Faur\u00e9 - Kammerata","canonical":"https:\/\/www.kammerata.lu\/en\/calendrier\/hommage-a-faure\/","og_locale":"en_US","og_type":"article","og_title":"Tribute to Faur\u00e9 - Kammerata","og_description":"Closing concert | Faur\u00e9 &#8211; Enescu &#8211; Lacaze To commemorate the centenary of the death of the French composer Gabriel Faur\u00e9, the members of Kammerata Luxembourg will be playing his first piano quartet as well as four gems from Faur\u00e9&#8217;s vast output of lieder. The programme also includes the Romanian George Enescu, known both as [&hellip;]","og_url":"https:\/\/www.kammerata.lu\/en\/calendrier\/hommage-a-faure\/","og_site_name":"Kammerata","article_modified_time":"2024-08-23T10:33:52+00:00","og_image":[{"url":"https:\/\/www.kammerata.lu\/wp-content\/uploads\/2024\/08\/6-Concert-de-cloture-c-Bohumil-KOSTOHRYZ-1024x683.jpg"}],"twitter_card":"summary_large_image","twitter_misc":{"Est. reading time":"3 minutes"},"schema":{"@context":"https:\/\/schema.org","@graph":[{"@type":"WebPage","@id":"https:\/\/www.kammerata.lu\/en\/calendrier\/hommage-a-faure\/","url":"https:\/\/www.kammerata.lu\/en\/calendrier\/hommage-a-faure\/","name":"Tribute to Faur\u00e9 - Kammerata","isPartOf":{"@id":"https:\/\/www.kammerata.lu\/en\/#website"},"datePublished":"2024-08-23T10:08:22+00:00","dateModified":"2024-08-23T10:33:52+00:00","breadcrumb":{"@id":"https:\/\/www.kammerata.lu\/en\/calendrier\/hommage-a-faure\/#breadcrumb"},"inLanguage":"en-US","potentialAction":[{"@type":"ReadAction","target":["https:\/\/www.kammerata.lu\/en\/calendrier\/hommage-a-faure\/"]}]},{"@type":"BreadcrumbList","@id":"https:\/\/www.kammerata.lu\/en\/calendrier\/hommage-a-faure\/#breadcrumb","itemListElement":[{"@type":"ListItem","position":1,"name":"Accueil","item":"https:\/\/www.kammerata.lu\/en\/"},{"@type":"ListItem","position":2,"name":"Tribute to Faur\u00e9"}]},{"@type":"WebSite","@id":"https:\/\/www.kammerata.lu\/en\/#website","url":"https:\/\/www.kammerata.lu\/en\/","name":"Kammerata","description":"","potentialAction":[{"@type":"SearchAction","target":{"@type":"EntryPoint","urlTemplate":"https:\/\/www.kammerata.lu\/en\/?s={search_term_string}"},"query-input":"required name=search_term_string"}],"inLanguage":"en-US"}]}},"_links":{"self":[{"href":"https:\/\/www.kammerata.lu\/en\/wp-json\/wp\/v2\/calendriers\/1656"}],"collection":[{"href":"https:\/\/www.kammerata.lu\/en\/wp-json\/wp\/v2\/calendriers"}],"about":[{"href":"https:\/\/www.kammerata.lu\/en\/wp-json\/wp\/v2\/types\/calendriers"}],"wp:attachment":[{"href":"https:\/\/www.kammerata.lu\/en\/wp-json\/wp\/v2\/media?parent=1656"}],"curies":[{"name":"wp","href":"https:\/\/api.w.org\/{rel}","templated":true}]}}

Tribute to Fauré

<p><img decoding="async" class="alignnone wp-image-1638 size-large" src="https://www.kammerata.lu/wp-content/uploads/2024/08/6-Concert-de-cloture-c-Bohumil-KOSTOHRYZ-1024x683.jpg" alt="" width="980" height="654" srcset="https://www.kammerata.lu/wp-content/uploads/2024/08/6-Concert-de-cloture-c-Bohumil-KOSTOHRYZ-1024x683.jpg 1024w, https://www.kammerata.lu/wp-content/uploads/2024/08/6-Concert-de-cloture-c-Bohumil-KOSTOHRYZ-300x200.jpg 300w, https://www.kammerata.lu/wp-content/uploads/2024/08/6-Concert-de-cloture-c-Bohumil-KOSTOHRYZ-768x512.jpg 768w, https://www.kammerata.lu/wp-content/uploads/2024/08/6-Concert-de-cloture-c-Bohumil-KOSTOHRYZ-1536x1024.jpg 1536w, https://www.kammerata.lu/wp-content/uploads/2024/08/6-Concert-de-cloture-c-Bohumil-KOSTOHRYZ-2048x1366.jpg 2048w" sizes="(max-width: 980px) 100vw, 980px" /></p>
<p><strong>Closing concert | Fauré &#8211; Enescu &#8211; Lacaze</strong></p>
<p>To commemorate the centenary of the death of the French composer Gabriel Fauré, the members of Kammerata Luxembourg will be playing his first piano quartet as well as four gems from Fauré&#8217;s vast output of lieder. The programme also includes the Romanian George Enescu, known both as an excellent violinist and an extremely gifted composer. He was a pupil of Fauré at the Paris Conservatoire. In the Pièce sur le nom de Fauré (1922), composed during the lifetime of his revered teacher, Enescu transforms the letters of the name ‘Fauré’ into a sequence of five notes of a given pitch, on which he builds the entire piece. Finally, in 2020 the French composer Sophie Lacaze, born in 1963, created Broken words, a work based on texts by the Australian poet Henry Kendall, extracts from which are recited several times by the instrumentalists during the composition.</p>
<p>George Enescu | Romanian Rhapsody no. 1 | arr. Thomas Wally | piano, violin, viola, cello<br />
Sophie Lacaze | Broken words | flute, violin, viola, cello<br />
Gabriel Fauré | Poème d&#8217;un jour op. 21, Rencontre &#8211; Toujours &#8211; Adieu | vocals, piano<br />
George Enescu | Cantabile and Presto | flute, piano<br />
George Enescu | Pièce sur le nom de Fauré | piano<br />
Gabriel Fauré | Quartet no. 1 | piano, violin, viola, cello</p>
<p>Béatrice Rauchs, piano<br />
Mariette Lentz, soprano<br />
Markus Brönnimann, flute<br />
Sandrine Cantoreggi, violin<br />
Susanne Martens, viola<br />
Cyprien Keiser, cello</p>
<p>&nbsp;</p>
<p><strong>Tickets</strong><br />
Exclusively on <a href="http://www.musicdays.lu" target="_blank" rel="noopener">www.musicdays.lu</a></p>
<p>Halloween &#8211; an evening with Dracula: €30 &lt; age 30: €20<br />
Magnificat anima mea / The Aquatic Museum / Tribute to Fauré: €25 | under 30s: €15<br />
Masquerade: €12 &lt; 12 years: €5<br />
Daniel Migliosi Quintet : Free admission</p>
<p>2-concert pass: €42 | &lt; 30 years old: €22</p>
<p>All-in pass (all concerts): €75 | &lt; 30 years: €40 (includes 1 free guest for one concert)</p>
<p><strong>Information</strong><br />
<a href="http://www.musicdays.lu" target="_blank" rel="noopener">www.musicdays.lu</a><br />
<a href="mailto:info@castle-vianden.lu">info@castle-vianden.lu</a><br />
Tel: 83 41 08 1</p>
<p>&nbsp;</p>
<p>In co-production with</p>
<p><img decoding="async" class="alignnone size-medium wp-image-1659" src="https://www.kammerata.lu/wp-content/uploads/2024/08/Logos-Vianden-Commune-Castle_MusicDays-300x80.png" alt="" width="300" height="80" srcset="https://www.kammerata.lu/wp-content/uploads/2024/08/Logos-Vianden-Commune-Castle_MusicDays-300x80.png 300w, https://www.kammerata.lu/wp-content/uploads/2024/08/Logos-Vianden-Commune-Castle_MusicDays-1024x273.png 1024w, https://www.kammerata.lu/wp-content/uploads/2024/08/Logos-Vianden-Commune-Castle_MusicDays-768x205.png 768w, https://www.kammerata.lu/wp-content/uploads/2024/08/Logos-Vianden-Commune-Castle_MusicDays-1536x409.png 1536w, https://www.kammerata.lu/wp-content/uploads/2024/08/Logos-Vianden-Commune-Castle_MusicDays.png 1772w" sizes="(max-width: 300px) 100vw, 300px" /></p>
<p>With the support of</p>
<p><img decoding="async" class="alignnone wp-image-1661" src="https://www.kammerata.lu/wp-content/uploads/2024/08/Logos-Sponsors_MusicDays-300x43.png" alt="" width="699" height="100" srcset="https://www.kammerata.lu/wp-content/uploads/2024/08/Logos-Sponsors_MusicDays-300x43.png 300w, https://www.kammerata.lu/wp-content/uploads/2024/08/Logos-Sponsors_MusicDays-1024x146.png 1024w, https://www.kammerata.lu/wp-content/uploads/2024/08/Logos-Sponsors_MusicDays-768x110.png 768w, https://www.kammerata.lu/wp-content/uploads/2024/08/Logos-Sponsors_MusicDays-1536x220.png 1536w, https://www.kammerata.lu/wp-content/uploads/2024/08/Logos-Sponsors_MusicDays.png 2000w" sizes="(max-width: 699px) 100vw, 699px" /></p>

<!-- This site is optimized with the Yoast SEO plugin v21.3 - https://yoast.com/wordpress/plugins/seo/ -->
<title>Tribute to Fauré - Kammerata</title>
<link rel="canonical" href="https://www.kammerata.lu/en/calendrier/hommage-a-faure/" />
<meta property="og:locale" content="en_US" />
<meta property="og:type" content="article" />
<meta property="og:title" content="Tribute to Fauré - Kammerata" />
<meta property="og:description" content="Closing concert | Fauré &#8211; Enescu &#8211; Lacaze To commemorate the centenary of the death of the French composer Gabriel Fauré, the members of Kammerata Luxembourg will be playing his first piano quartet as well as four gems from Fauré&#8217;s vast output of lieder. The programme also includes the Romanian George Enescu, known both as [&hellip;]" />
<meta property="og:url" content="https://www.kammerata.lu/en/calendrier/hommage-a-faure/" />
<meta property="og:site_name" content="Kammerata" />
<meta property="article:modified_time" content="2024-08-23T10:33:52+00:00" />
<meta property="og:image" content="https://www.kammerata.lu/wp-content/uploads/2024/08/6-Concert-de-cloture-c-Bohumil-KOSTOHRYZ-1024x683.jpg" />
<meta name="twitter:card" content="summary_large_image" />
<meta name="twitter:label1" content="Est. reading time" />
	<meta name="twitter:data1" content="3 minutes" />
<script type="application/ld+json" class="yoast-schema-graph">{"@context":"https://schema.org","@graph":[{"@type":"WebPage","@id":"https://www.kammerata.lu/en/calendrier/hommage-a-faure/","url":"https://www.kammerata.lu/en/calendrier/hommage-a-faure/","name":"Tribute to Fauré - Kammerata","isPartOf":{"@id":"https://www.kammerata.lu/en/#website"},"datePublished":"2024-08-23T10:08:22+00:00","dateModified":"2024-08-23T10:33:52+00:00","breadcrumb":{"@id":"https://www.kammerata.lu/en/calendrier/hommage-a-faure/#breadcrumb"},"inLanguage":"en-US","potentialAction":[{"@type":"ReadAction","target":["https://www.kammerata.lu/en/calendrier/hommage-a-faure/"]}]},{"@type":"BreadcrumbList","@id":"https://www.kammerata.lu/en/calendrier/hommage-a-faure/#breadcrumb","itemListElement":[{"@type":"ListItem","position":1,"name":"Accueil","item":"https://www.kammerata.lu/en/"},{"@type":"ListItem","position":2,"name":"Tribute to Fauré"}]},{"@type":"WebSite","@id":"https://www.kammerata.lu/en/#website","url":"https://www.kammerata.lu/en/","name":"Kammerata","description":"","potentialAction":[{"@type":"SearchAction","target":{"@type":"EntryPoint","urlTemplate":"https://www.kammerata.lu/en/?s={search_term_string}"},"query-input":"required name=search_term_string"}],"inLanguage":"en-US"}]}</script>
<!-- / Yoast SEO plugin. -->

Tribute to Fauré - Kammerata

Closing concert | Fauré &#8211; Enescu &#8211; Lacaze To commemorate the centenary of the death of the French composer Gabriel Fauré, the members of Kammerata Luxembourg will be playing his first piano quartet as well as four gems from Fauré&#8217;s vast output of lieder. The programme also includes the Romanian George Enescu, known both as [&hellip;]
