{"id":1697,"date":"2024-08-23T11:32:20","date_gmt":"2024-08-23T11:32:20","guid":{"rendered":"https:\/\/www.kammerata.lu\/calendrier\/weinender-mond-5\/"},"modified":"2024-08-23T11:32:54","modified_gmt":"2024-08-23T11:32:54","slug":"weinender-mond-5","status":"publish","type":"calendriers","link":"https:\/\/www.kammerata.lu\/en\/calendrier\/weinender-mond-5\/","title":{"rendered":"Weinender Mond"},"content":{"rendered":"<figure id=\"attachment_1691\" aria-describedby=\"caption-attachment-1691\" style=\"width: 980px\" class=\"wp-caption alignnone\"><img decoding=\"async\" class=\"wp-image-1691 size-large\" src=\"https:\/\/www.kammerata.lu\/wp-content\/uploads\/2024\/08\/WEINENDER-MOND-c-Bohumil-KOSTOHRYZ2006-1024x683.jpg\" alt=\"\" width=\"980\" height=\"654\" srcset=\"https:\/\/www.kammerata.lu\/wp-content\/uploads\/2024\/08\/WEINENDER-MOND-c-Bohumil-KOSTOHRYZ2006-1024x683.jpg 1024w, https:\/\/www.kammerata.lu\/wp-content\/uploads\/2024\/08\/WEINENDER-MOND-c-Bohumil-KOSTOHRYZ2006-300x200.jpg 300w, https:\/\/www.kammerata.lu\/wp-content\/uploads\/2024\/08\/WEINENDER-MOND-c-Bohumil-KOSTOHRYZ2006-768x512.jpg 768w, https:\/\/www.kammerata.lu\/wp-content\/uploads\/2024\/08\/WEINENDER-MOND-c-Bohumil-KOSTOHRYZ2006-1536x1025.jpg 1536w, https:\/\/www.kammerata.lu\/wp-content\/uploads\/2024\/08\/WEINENDER-MOND-c-Bohumil-KOSTOHRYZ2006.jpg 1799w\" sizes=\"(max-width: 980px) 100vw, 980px\" \/><figcaption id=\"caption-attachment-1691\" class=\"wp-caption-text\">\u00a9 Bohumil Kostohryz<\/figcaption><\/figure>\n<p><strong><span class=\"TextRun SCXW2365830 BCX8\" lang=\"DE-DE\" xml:lang=\"DE-DE\" data-contrast=\"auto\"><span class=\"NormalTextRun SCXW2365830 BCX8\">Musiktheater | in DE\u00a0<\/span><\/span><\/strong><\/p>\n<p><span class=\"TextRun SCXW136617575 BCX8\" lang=\"DE-DE\" xml:lang=\"DE-DE\" data-contrast=\"auto\"><span class=\"NormalTextRun SCXW136617575 BCX8\">Was Musik mit uns macht. Darum geht es in Weinender Mond, einer Produktion, f\u00fcr die Jacques <\/span><span class=\"NormalTextRun SpellingErrorV2Themed SCXW136617575 BCX8\">Schiltz<\/span><span class=\"NormalTextRun SCXW136617575 BCX8\"> und Claire Wagener verantwortlich zeichnen. In einem Salon trifft sich eine Gesellschaft, singfreudig und kunstbegeistert. Je nach Stimmung wird mal ein Lied von Franz Schubert angestimmt, mal ein St\u00fcck von Arnold Sch\u00f6nberg. Gemeinsam mit dem Ensemble Kammerata Luxembourg nimmt das Regie-Duo uns mit auf eine Reise durch die Musikgeschichte, erg\u00e4nzt durch literarische Kommentare etwa von Paul Celan. Die Bewegung f\u00fchrt zur zeitgen\u00f6ssischen Musik (u. a. <\/span><\/span><span class=\"TextRun SCXW136617575 BCX8\" lang=\"DE-DE\" xml:lang=\"DE-DE\" data-contrast=\"auto\"><span class=\"NormalTextRun SCXW136617575 BCX8\">Telefonitis <\/span><\/span><span class=\"TextRun SCXW136617575 BCX8\" lang=\"DE-DE\" xml:lang=\"DE-DE\" data-contrast=\"auto\"><span class=\"NormalTextRun SCXW136617575 BCX8\">von Claude <\/span><span class=\"NormalTextRun SpellingErrorV2Themed SCXW136617575 BCX8\">Lenners<\/span><span class=\"NormalTextRun SCXW136617575 BCX8\">) und zur Frage, welchen Ort Musik heute hat zwischen Trost, Eintracht und Verstummen.<\/span><\/span><\/p>\n<p><span data-contrast=\"auto\">Musik von <\/span><span data-contrast=\"auto\">Johannes Brahms, <\/span><span data-contrast=\"auto\">John Cage, <\/span><span data-contrast=\"auto\">Quartetto Cetra, <\/span><span data-contrast=\"auto\">Claude Lenners, <\/span><span data-contrast=\"auto\">Simon Mack, <\/span><span data-contrast=\"auto\">Theo Mackeben, <\/span><span data-contrast=\"auto\">Arnold Sch\u00f6nberg, <\/span><span data-contrast=\"auto\">Franz Schubert, <\/span><span data-contrast=\"auto\">Tadeusz Sygiety\u0144ski<\/span><span data-ccp-props=\"{&quot;201341983&quot;:0,&quot;335559739&quot;:160,&quot;335559740&quot;:259}\">\u00a0<\/span><\/p>\n<p><span data-contrast=\"auto\">Texte von\u00a0<\/span><span data-contrast=\"auto\">Georg B\u00fcchner, <\/span><span data-contrast=\"auto\">Paul Celan, <\/span><span data-contrast=\"auto\">Max Frisch, <\/span><span data-contrast=\"auto\">Ernst Jandl, <\/span><span data-contrast=\"auto\">Joachim Kaiser, <\/span><span data-contrast=\"auto\">Wladimir Majakowski, <\/span><span data-contrast=\"auto\">Boris Pilnjak<\/span><span data-ccp-props=\"{&quot;201341983&quot;:0,&quot;335559739&quot;:160,&quot;335559740&quot;:259}\">\u00a0<\/span><\/p>\n<p><span data-contrast=\"auto\">Mit Mariette Lentz, Catherine Elsen, Claude Kraus, Jeff Mack, Jacques Schiltz, Anouk Wagener<br \/>\n<\/span><span data-contrast=\"auto\">Jacques Schiltz | Claire Wagener, Regie<br \/>\n<\/span><span data-contrast=\"auto\">Misch Feinen, B\u00fchnenbild<br \/>\n<\/span><span data-contrast=\"auto\">Escher Theater, Lichtdesign<\/span><\/p>\n<p>&nbsp;<\/p>\n<p><strong>Informationen \/ Tickets<\/strong><span data-ccp-props=\"{&quot;201341983&quot;:0,&quot;335559739&quot;:160,&quot;335559740&quot;:259}\"><br \/>\n<\/span><a href=\"https:\/\/theatre.esch.lu\/event\/weinender-mond\/\" target=\"_blank\" rel=\"noopener\"><span data-contrast=\"auto\">www.theatre.esch.lu<\/span>\u00a0<\/a><br \/>\n<a href=\"mailto:reservation.theatre@villeesch.lu\"><span data-contrast=\"auto\">reservation.theatre@villeesch.lu<\/span>\u00a0<\/a><br \/>\n<span data-contrast=\"auto\">Tel: +352 27 54 50 10<\/span><br \/>\n<span data-contrast=\"auto\">Tickets: 20 \u20ac | &lt; 26 Jahre: 9 \u20ac | Kulturpass willkommen<\/span><\/p>\n<p>&nbsp;<\/p>\n<p><span class=\"NormalTextRun SCXW19276350 BCX8\">In <\/span><span class=\"NormalTextRun SpellingErrorV2Themed SCXW19276350 BCX8\">Koproduktion<\/span><span class=\"NormalTextRun SCXW19276350 BCX8\"> mit<\/span><\/p>\n<p><img decoding=\"async\" class=\"alignnone wp-image-1695\" src=\"https:\/\/www.kammerata.lu\/wp-content\/uploads\/2024\/08\/KL_Logos-Weinender-Mond-2025-300x60.png\" alt=\"\" width=\"500\" height=\"100\" srcset=\"https:\/\/www.kammerata.lu\/wp-content\/uploads\/2024\/08\/KL_Logos-Weinender-Mond-2025-300x60.png 300w, https:\/\/www.kammerata.lu\/wp-content\/uploads\/2024\/08\/KL_Logos-Weinender-Mond-2025-1024x205.png 1024w, https:\/\/www.kammerata.lu\/wp-content\/uploads\/2024\/08\/KL_Logos-Weinender-Mond-2025-768x154.png 768w, https:\/\/www.kammerata.lu\/wp-content\/uploads\/2024\/08\/KL_Logos-Weinender-Mond-2025-1536x307.png 1536w, https:\/\/www.kammerata.lu\/wp-content\/uploads\/2024\/08\/KL_Logos-Weinender-Mond-2025.png 2000w\" sizes=\"(max-width: 500px) 100vw, 500px\" \/><\/p>\n","protected":false},"menu_order":22,"template":"","acf":[],"yoast_head":"<!-- This site is optimized with the Yoast SEO plugin v21.3 - https:\/\/yoast.com\/wordpress\/plugins\/seo\/ -->\n<title>Weinender Mond - Kammerata<\/title>\n<link rel=\"canonical\" href=\"https:\/\/www.kammerata.lu\/en\/calendrier\/weinender-mond-5\/\" \/>\n<meta property=\"og:locale\" content=\"en_US\" \/>\n<meta property=\"og:type\" content=\"article\" \/>\n<meta property=\"og:title\" content=\"Weinender Mond - Kammerata\" \/>\n<meta property=\"og:description\" content=\"Musiktheater | in DE\u00a0 Was Musik mit uns macht. Darum geht es in Weinender Mond, einer Produktion, f\u00fcr die Jacques Schiltz und Claire Wagener verantwortlich zeichnen. In einem Salon trifft sich eine Gesellschaft, singfreudig und kunstbegeistert. Je nach Stimmung wird mal ein Lied von Franz Schubert angestimmt, mal ein St\u00fcck von Arnold Sch\u00f6nberg. Gemeinsam mit [&hellip;]\" \/>\n<meta property=\"og:url\" content=\"https:\/\/www.kammerata.lu\/en\/calendrier\/weinender-mond-5\/\" \/>\n<meta property=\"og:site_name\" content=\"Kammerata\" \/>\n<meta property=\"article:modified_time\" content=\"2024-08-23T11:32:54+00:00\" \/>\n<meta property=\"og:image\" content=\"https:\/\/www.kammerata.lu\/wp-content\/uploads\/2024\/08\/WEINENDER-MOND-c-Bohumil-KOSTOHRYZ2006-1024x683.jpg\" \/>\n<meta name=\"twitter:card\" content=\"summary_large_image\" \/>\n<meta name=\"twitter:label1\" content=\"Est. reading time\" \/>\n\t<meta name=\"twitter:data1\" content=\"2 minutes\" \/>\n<script type=\"application\/ld+json\" class=\"yoast-schema-graph\">{\"@context\":\"https:\/\/schema.org\",\"@graph\":[{\"@type\":\"WebPage\",\"@id\":\"https:\/\/www.kammerata.lu\/en\/calendrier\/weinender-mond-5\/\",\"url\":\"https:\/\/www.kammerata.lu\/en\/calendrier\/weinender-mond-5\/\",\"name\":\"Weinender Mond - Kammerata\",\"isPartOf\":{\"@id\":\"https:\/\/www.kammerata.lu\/en\/#website\"},\"datePublished\":\"2024-08-23T11:32:20+00:00\",\"dateModified\":\"2024-08-23T11:32:54+00:00\",\"breadcrumb\":{\"@id\":\"https:\/\/www.kammerata.lu\/en\/calendrier\/weinender-mond-5\/#breadcrumb\"},\"inLanguage\":\"en-US\",\"potentialAction\":[{\"@type\":\"ReadAction\",\"target\":[\"https:\/\/www.kammerata.lu\/en\/calendrier\/weinender-mond-5\/\"]}]},{\"@type\":\"BreadcrumbList\",\"@id\":\"https:\/\/www.kammerata.lu\/en\/calendrier\/weinender-mond-5\/#breadcrumb\",\"itemListElement\":[{\"@type\":\"ListItem\",\"position\":1,\"name\":\"Accueil\",\"item\":\"https:\/\/www.kammerata.lu\/en\/\"},{\"@type\":\"ListItem\",\"position\":2,\"name\":\"Weinender Mond\"}]},{\"@type\":\"WebSite\",\"@id\":\"https:\/\/www.kammerata.lu\/en\/#website\",\"url\":\"https:\/\/www.kammerata.lu\/en\/\",\"name\":\"Kammerata\",\"description\":\"\",\"potentialAction\":[{\"@type\":\"SearchAction\",\"target\":{\"@type\":\"EntryPoint\",\"urlTemplate\":\"https:\/\/www.kammerata.lu\/en\/?s={search_term_string}\"},\"query-input\":\"required name=search_term_string\"}],\"inLanguage\":\"en-US\"}]}<\/script>\n<!-- \/ Yoast SEO plugin. -->","yoast_head_json":{"title":"Weinender Mond - Kammerata","canonical":"https:\/\/www.kammerata.lu\/en\/calendrier\/weinender-mond-5\/","og_locale":"en_US","og_type":"article","og_title":"Weinender Mond - Kammerata","og_description":"Musiktheater | in DE\u00a0 Was Musik mit uns macht. Darum geht es in Weinender Mond, einer Produktion, f\u00fcr die Jacques Schiltz und Claire Wagener verantwortlich zeichnen. In einem Salon trifft sich eine Gesellschaft, singfreudig und kunstbegeistert. Je nach Stimmung wird mal ein Lied von Franz Schubert angestimmt, mal ein St\u00fcck von Arnold Sch\u00f6nberg. Gemeinsam mit [&hellip;]","og_url":"https:\/\/www.kammerata.lu\/en\/calendrier\/weinender-mond-5\/","og_site_name":"Kammerata","article_modified_time":"2024-08-23T11:32:54+00:00","og_image":[{"url":"https:\/\/www.kammerata.lu\/wp-content\/uploads\/2024\/08\/WEINENDER-MOND-c-Bohumil-KOSTOHRYZ2006-1024x683.jpg"}],"twitter_card":"summary_large_image","twitter_misc":{"Est. reading time":"2 minutes"},"schema":{"@context":"https:\/\/schema.org","@graph":[{"@type":"WebPage","@id":"https:\/\/www.kammerata.lu\/en\/calendrier\/weinender-mond-5\/","url":"https:\/\/www.kammerata.lu\/en\/calendrier\/weinender-mond-5\/","name":"Weinender Mond - Kammerata","isPartOf":{"@id":"https:\/\/www.kammerata.lu\/en\/#website"},"datePublished":"2024-08-23T11:32:20+00:00","dateModified":"2024-08-23T11:32:54+00:00","breadcrumb":{"@id":"https:\/\/www.kammerata.lu\/en\/calendrier\/weinender-mond-5\/#breadcrumb"},"inLanguage":"en-US","potentialAction":[{"@type":"ReadAction","target":["https:\/\/www.kammerata.lu\/en\/calendrier\/weinender-mond-5\/"]}]},{"@type":"BreadcrumbList","@id":"https:\/\/www.kammerata.lu\/en\/calendrier\/weinender-mond-5\/#breadcrumb","itemListElement":[{"@type":"ListItem","position":1,"name":"Accueil","item":"https:\/\/www.kammerata.lu\/en\/"},{"@type":"ListItem","position":2,"name":"Weinender Mond"}]},{"@type":"WebSite","@id":"https:\/\/www.kammerata.lu\/en\/#website","url":"https:\/\/www.kammerata.lu\/en\/","name":"Kammerata","description":"","potentialAction":[{"@type":"SearchAction","target":{"@type":"EntryPoint","urlTemplate":"https:\/\/www.kammerata.lu\/en\/?s={search_term_string}"},"query-input":"required name=search_term_string"}],"inLanguage":"en-US"}]}},"_links":{"self":[{"href":"https:\/\/www.kammerata.lu\/en\/wp-json\/wp\/v2\/calendriers\/1697"}],"collection":[{"href":"https:\/\/www.kammerata.lu\/en\/wp-json\/wp\/v2\/calendriers"}],"about":[{"href":"https:\/\/www.kammerata.lu\/en\/wp-json\/wp\/v2\/types\/calendriers"}],"wp:attachment":[{"href":"https:\/\/www.kammerata.lu\/en\/wp-json\/wp\/v2\/media?parent=1697"}],"curies":[{"name":"wp","href":"https:\/\/api.w.org\/{rel}","templated":true}]}}

<figure id="attachment_1691" aria-describedby="caption-attachment-1691" style="width: 980px" class="wp-caption alignnone"><img decoding="async" class="wp-image-1691 size-large" src="https://www.kammerata.lu/wp-content/uploads/2024/08/WEINENDER-MOND-c-Bohumil-KOSTOHRYZ2006-1024x683.jpg" alt="" width="980" height="654" srcset="https://www.kammerata.lu/wp-content/uploads/2024/08/WEINENDER-MOND-c-Bohumil-KOSTOHRYZ2006-1024x683.jpg 1024w, https://www.kammerata.lu/wp-content/uploads/2024/08/WEINENDER-MOND-c-Bohumil-KOSTOHRYZ2006-300x200.jpg 300w, https://www.kammerata.lu/wp-content/uploads/2024/08/WEINENDER-MOND-c-Bohumil-KOSTOHRYZ2006-768x512.jpg 768w, https://www.kammerata.lu/wp-content/uploads/2024/08/WEINENDER-MOND-c-Bohumil-KOSTOHRYZ2006-1536x1025.jpg 1536w, https://www.kammerata.lu/wp-content/uploads/2024/08/WEINENDER-MOND-c-Bohumil-KOSTOHRYZ2006.jpg 1799w" sizes="(max-width: 980px) 100vw, 980px" /><figcaption id="caption-attachment-1691" class="wp-caption-text">© Bohumil Kostohryz</figcaption></figure>
<p><strong><span class="TextRun SCXW2365830 BCX8" lang="DE-DE" xml:lang="DE-DE" data-contrast="auto"><span class="NormalTextRun SCXW2365830 BCX8">Musiktheater | in DE </span></span></strong></p>
<p><span class="TextRun SCXW136617575 BCX8" lang="DE-DE" xml:lang="DE-DE" data-contrast="auto"><span class="NormalTextRun SCXW136617575 BCX8">Was Musik mit uns macht. Darum geht es in Weinender Mond, einer Produktion, für die Jacques </span><span class="NormalTextRun SpellingErrorV2Themed SCXW136617575 BCX8">Schiltz</span><span class="NormalTextRun SCXW136617575 BCX8"> und Claire Wagener verantwortlich zeichnen. In einem Salon trifft sich eine Gesellschaft, singfreudig und kunstbegeistert. Je nach Stimmung wird mal ein Lied von Franz Schubert angestimmt, mal ein Stück von Arnold Schönberg. Gemeinsam mit dem Ensemble Kammerata Luxembourg nimmt das Regie-Duo uns mit auf eine Reise durch die Musikgeschichte, ergänzt durch literarische Kommentare etwa von Paul Celan. Die Bewegung führt zur zeitgenössischen Musik (u. a. </span></span><span class="TextRun SCXW136617575 BCX8" lang="DE-DE" xml:lang="DE-DE" data-contrast="auto"><span class="NormalTextRun SCXW136617575 BCX8">Telefonitis </span></span><span class="TextRun SCXW136617575 BCX8" lang="DE-DE" xml:lang="DE-DE" data-contrast="auto"><span class="NormalTextRun SCXW136617575 BCX8">von Claude </span><span class="NormalTextRun SpellingErrorV2Themed SCXW136617575 BCX8">Lenners</span><span class="NormalTextRun SCXW136617575 BCX8">) und zur Frage, welchen Ort Musik heute hat zwischen Trost, Eintracht und Verstummen.</span></span></p>
<p><span data-contrast="auto">Musik von </span><span data-contrast="auto">Johannes Brahms, </span><span data-contrast="auto">John Cage, </span><span data-contrast="auto">Quartetto Cetra, </span><span data-contrast="auto">Claude Lenners, </span><span data-contrast="auto">Simon Mack, </span><span data-contrast="auto">Theo Mackeben, </span><span data-contrast="auto">Arnold Schönberg, </span><span data-contrast="auto">Franz Schubert, </span><span data-contrast="auto">Tadeusz Sygietyński</span><span data-ccp-props="{&quot;201341983&quot;:0,&quot;335559739&quot;:160,&quot;335559740&quot;:259}"> </span></p>
<p><span data-contrast="auto">Texte von </span><span data-contrast="auto">Georg Büchner, </span><span data-contrast="auto">Paul Celan, </span><span data-contrast="auto">Max Frisch, </span><span data-contrast="auto">Ernst Jandl, </span><span data-contrast="auto">Joachim Kaiser, </span><span data-contrast="auto">Wladimir Majakowski, </span><span data-contrast="auto">Boris Pilnjak</span><span data-ccp-props="{&quot;201341983&quot;:0,&quot;335559739&quot;:160,&quot;335559740&quot;:259}"> </span></p>
<p><span data-contrast="auto">Mit Mariette Lentz, Catherine Elsen, Claude Kraus, Jeff Mack, Jacques Schiltz, Anouk Wagener<br />
</span><span data-contrast="auto">Jacques Schiltz | Claire Wagener, Regie<br />
</span><span data-contrast="auto">Misch Feinen, Bühnenbild<br />
</span><span data-contrast="auto">Escher Theater, Lichtdesign</span></p>
<p>&nbsp;</p>
<p><strong>Informationen / Tickets</strong><span data-ccp-props="{&quot;201341983&quot;:0,&quot;335559739&quot;:160,&quot;335559740&quot;:259}"><br />
</span><a href="https://theatre.esch.lu/event/weinender-mond/" target="_blank" rel="noopener"><span data-contrast="auto">www.theatre.esch.lu</span> </a><br />
<a href="mailto:reservation.theatre@villeesch.lu"><span data-contrast="auto">reservation.theatre@villeesch.lu</span> </a><br />
<span data-contrast="auto">Tel: +352 27 54 50 10</span><br />
<span data-contrast="auto">Tickets: 20 € | &lt; 26 Jahre: 9 € | Kulturpass willkommen</span></p>
<p>&nbsp;</p>
<p><span class="NormalTextRun SCXW19276350 BCX8">In </span><span class="NormalTextRun SpellingErrorV2Themed SCXW19276350 BCX8">Koproduktion</span><span class="NormalTextRun SCXW19276350 BCX8"> mit</span></p>
<p><img decoding="async" class="alignnone wp-image-1695" src="https://www.kammerata.lu/wp-content/uploads/2024/08/KL_Logos-Weinender-Mond-2025-300x60.png" alt="" width="500" height="100" srcset="https://www.kammerata.lu/wp-content/uploads/2024/08/KL_Logos-Weinender-Mond-2025-300x60.png 300w, https://www.kammerata.lu/wp-content/uploads/2024/08/KL_Logos-Weinender-Mond-2025-1024x205.png 1024w, https://www.kammerata.lu/wp-content/uploads/2024/08/KL_Logos-Weinender-Mond-2025-768x154.png 768w, https://www.kammerata.lu/wp-content/uploads/2024/08/KL_Logos-Weinender-Mond-2025-1536x307.png 1536w, https://www.kammerata.lu/wp-content/uploads/2024/08/KL_Logos-Weinender-Mond-2025.png 2000w" sizes="(max-width: 500px) 100vw, 500px" /></p>

<!-- This site is optimized with the Yoast SEO plugin v21.3 - https://yoast.com/wordpress/plugins/seo/ -->
<title>Weinender Mond - Kammerata</title>
<link rel="canonical" href="https://www.kammerata.lu/en/calendrier/weinender-mond-5/" />
<meta property="og:locale" content="en_US" />
<meta property="og:type" content="article" />
<meta property="og:title" content="Weinender Mond - Kammerata" />
<meta property="og:description" content="Musiktheater | in DE  Was Musik mit uns macht. Darum geht es in Weinender Mond, einer Produktion, für die Jacques Schiltz und Claire Wagener verantwortlich zeichnen. In einem Salon trifft sich eine Gesellschaft, singfreudig und kunstbegeistert. Je nach Stimmung wird mal ein Lied von Franz Schubert angestimmt, mal ein Stück von Arnold Schönberg. Gemeinsam mit [&hellip;]" />
<meta property="og:url" content="https://www.kammerata.lu/en/calendrier/weinender-mond-5/" />
<meta property="og:site_name" content="Kammerata" />
<meta property="article:modified_time" content="2024-08-23T11:32:54+00:00" />
<meta property="og:image" content="https://www.kammerata.lu/wp-content/uploads/2024/08/WEINENDER-MOND-c-Bohumil-KOSTOHRYZ2006-1024x683.jpg" />
<meta name="twitter:card" content="summary_large_image" />
<meta name="twitter:label1" content="Est. reading time" />
	<meta name="twitter:data1" content="2 minutes" />
<script type="application/ld+json" class="yoast-schema-graph">{"@context":"https://schema.org","@graph":[{"@type":"WebPage","@id":"https://www.kammerata.lu/en/calendrier/weinender-mond-5/","url":"https://www.kammerata.lu/en/calendrier/weinender-mond-5/","name":"Weinender Mond - Kammerata","isPartOf":{"@id":"https://www.kammerata.lu/en/#website"},"datePublished":"2024-08-23T11:32:20+00:00","dateModified":"2024-08-23T11:32:54+00:00","breadcrumb":{"@id":"https://www.kammerata.lu/en/calendrier/weinender-mond-5/#breadcrumb"},"inLanguage":"en-US","potentialAction":[{"@type":"ReadAction","target":["https://www.kammerata.lu/en/calendrier/weinender-mond-5/"]}]},{"@type":"BreadcrumbList","@id":"https://www.kammerata.lu/en/calendrier/weinender-mond-5/#breadcrumb","itemListElement":[{"@type":"ListItem","position":1,"name":"Accueil","item":"https://www.kammerata.lu/en/"},{"@type":"ListItem","position":2,"name":"Weinender Mond"}]},{"@type":"WebSite","@id":"https://www.kammerata.lu/en/#website","url":"https://www.kammerata.lu/en/","name":"Kammerata","description":"","potentialAction":[{"@type":"SearchAction","target":{"@type":"EntryPoint","urlTemplate":"https://www.kammerata.lu/en/?s={search_term_string}"},"query-input":"required name=search_term_string"}],"inLanguage":"en-US"}]}</script>
<!-- / Yoast SEO plugin. -->

Musiktheater | in DE  Was Musik mit uns macht. Darum geht es in Weinender Mond, einer Produktion, für die Jacques Schiltz und Claire Wagener verantwortlich zeichnen. In einem Salon trifft sich eine Gesellschaft, singfreudig und kunstbegeistert. Je nach Stimmung wird mal ein Lied von Franz Schubert angestimmt, mal ein Stück von Arnold Schönberg. Gemeinsam mit [&hellip;]
