{"id":173,"date":"2020-08-18T11:01:37","date_gmt":"2020-08-18T11:01:37","guid":{"rendered":"https:\/\/www.kammerata.lu\/calendrier\/suite-histoire-du-soldat-monocle-portrait-de-s-von-harden\/"},"modified":"2020-11-03T07:20:07","modified_gmt":"2020-11-03T07:20:07","slug":"suite-histoire-du-soldat-monocle-portrait-de-s-von-harden","status":"publish","type":"calendriers","link":"https:\/\/www.kammerata.lu\/en\/calendrier\/suite-histoire-du-soldat-monocle-portrait-de-s-von-harden\/","title":{"rendered":"Concert French music plus at 7 p.m. canceled for Covid19 reasons. Bach plus concert at 5 p.m. will take place! &#8211; VIA \u2013 KAMMERATA"},"content":{"rendered":"<p>Le samedi 7 et dimanche 8 novembre 2020, les Amis du Ch\u00e2teau, en \u00e9troite coproduction avec l\u2018Administration Communale, la Fabrique d\u2019\u00c9glise et la Kammerata Luxembourg, organisent la premi\u00e8re \u00e9dition des MusicDays. Auront lieu quatre concerts, dont trois au Ch\u00e2teau et un concert en l\u2019\u00c9glise Trinitaire. L\u2019auditeur saura retrouver la Kammerata, ainsi que deux ensembles invit\u00e9s afin de conf\u00e9rer \u00e9clat et allure au weekend en musique: l\u2019Ensemble Pyramide de Zurich et le Quatuor Am\u00f4n de Bruxelles. Sandrine Cantoreggi, violon et Yannick Van de Velde au piano, seront les solistes dans le fameux Concert op. 21 de Chausson.<\/p>\n<p>Les organisateurs proposent au public plusieurs formules de billets d\u2019entr\u00e9e: Pass all-in, Pass per day et \u00e9galement une formule avec h\u00f4tel et d\u00eener en soir\u00e9e du 7 novembre.<\/p>\n<p>&nbsp;<\/p>\n<p><span style=\"color: #7c7c7b\"><b><span style=\"color: #b65f69\">Ce concert aura lieu\u00a0!<\/span><br \/>\nSAMEDI<span class=\"Apple-converted-space\"><br \/>\n<\/span><\/b><\/span><span style=\"color: #7c7c7b\"><b>07 I 11 I 2020<span class=\"Apple-converted-space\"><br \/>\n<\/span><\/b><b>17h00, <\/b>EGLISE TRINITAIRE, VIANDEN<span class=\"Apple-converted-space\"><br \/>\n<\/span><\/span><span style=\"color: #b65f69\"><b>BACH <i>plus <\/i><\/b><\/span><\/p>\n<p><b>Guilain <\/b>Suite<span class=\"Apple-converted-space\"><br \/>\n<\/span><b>JS Bach <\/b>Airs en duo. Pi\u00e8ce d\u2018orgue<span class=\"Apple-converted-space\"><br \/>\n<\/span><b>H\u00e4ndel <\/b>Neun deutsche Arien<span class=\"Apple-converted-space\"><br \/>\n<\/span><b>Telemann <\/b>Der Harmonische Gottesdienst<\/p>\n<p><b>Kammerata Luxembourg <\/b><\/p>\n<p><b>Maurice Clement <\/b>orgue<span class=\"Apple-converted-space\"><br \/>\n<\/span><b>Mariette Lentz <\/b>soprano<span class=\"Apple-converted-space\"><br \/>\n<\/span><b>Jeff Mack <\/b>haute-contre<span class=\"Apple-converted-space\"><br \/>\n<\/span><b>Marc Jacoby <\/b>violon<\/p>\n<p>&nbsp;<\/p>\n<p><span style=\"color: #7c7c7b\"><b><span style=\"color: #b65f69\">Ce concert est annul\u00e9 !<\/span><br \/>\n<del>SAMEDI<\/del><span class=\"Apple-converted-space\"><br \/>\n<\/span><\/b><del><b>07 I 11 I 2020<span class=\"Apple-converted-space\"><br \/>\n<\/span><\/b><b>19h00, <\/b>CH\u00c2TEAU DE VIANDEN<\/del><\/span><del><span class=\"Apple-converted-space\"><br \/>\n<\/span><b><span style=\"color: #b65f69\">MUSIQUES FRAN\u00c7AISES <\/span><i><span style=\"color: #b65f69\">plus<\/span> <\/i><\/b><\/del><\/p>\n<p><del><b>Massonneau <\/b>Quatuor no 1<span class=\"Apple-converted-space\"><br \/>\n<\/span><b>Halsdorf <\/b>Vergangenes<span class=\"Apple-converted-space\"><br \/>\n<\/span><b>Ravel <\/b>Pavane<span class=\"Apple-converted-space\"><br \/>\n<\/span><b>Andreae <\/b>Quatuor op. 43<span class=\"Apple-converted-space\"><br \/>\n<\/span><b>Chabrier <\/b>Suite pastorale<\/del><\/p>\n<p><del><b>Ensemble Pyramide (Zurich)<span class=\"Apple-converted-space\"><br \/>\n<\/span><\/b><b>Markus Br\u00f6nnimann <\/b>fl\u00fbte<span class=\"Apple-converted-space\"><br \/>\n<\/span><b>Barbara Tillmann <\/b>hautbois<span class=\"Apple-converted-space\"><br \/>\n<\/span><b>Ulrike Jacoby <\/b>violon<span class=\"Apple-converted-space\"><br \/>\n<\/span><b>Muriel Schweizer <\/b>alto<span class=\"Apple-converted-space\"><br \/>\n<\/span><b>Anita Jehli <\/b>violoncelle<span class=\"Apple-converted-space\"><br \/>\n<\/span><b>Marie Trottmann <\/b>harpe<\/del><\/p>\n<p>&nbsp;<\/p>\n<p>&nbsp;<\/p>\n<p><strong>Infos &amp; r\u00e9servations:<br \/>\n<\/strong>+352 83 41 08 1 | info@castle-vianden.lu | info@kammerata.lu<br \/>\nwww.castle-vianden.lu | www.ticket-regional.de | www.kammerata.lu<\/p>\n<p>&nbsp;<\/p>\n<h4><span style=\"color: #b65f69\"><strong>R\u00e9servation obligatoire sous:<br \/>\n+352 83 41 08 1 | info@castle-vianden.lu<br \/>\n<\/strong>toutes les mesures de s\u00e9curit\u00e9 Covid 19 seront scrupuleusement respect\u00e9es.<\/span><\/h4>\n<p>&nbsp;<\/p>\n<p><strong>Normal 20 \u20ac | Jeunes 10 \u20ac<\/strong> (par concert)<br \/>\n<strong>Pass per day 30 \u20ac | 15 \u20ac<br \/>\nPass all-in 40 \u20ac | 20 \u20ac<\/strong><\/p>\n<p>Nuit\u00e9e (07\/11) p.ex. \u00e0 l&#8217;H\u00f4tel Petry ou l&#8217;H\u00f4tel Belle-Vue:<br \/>\nr\u00e9server svp prochainement \u00a0+352 83 41 22<br \/>\nD\u00eener \u00e0 21h: 35 \u20ac par personne (r\u00e9servation requise)<\/p>\n","protected":false},"menu_order":77,"template":"","acf":[],"yoast_head":"<!-- This site is optimized with the Yoast SEO plugin v21.3 - https:\/\/yoast.com\/wordpress\/plugins\/seo\/ -->\n<title>Concert French music plus at 7 p.m. canceled for Covid19 reasons. Bach plus concert at 5 p.m. will take place! - VIA \u2013 KAMMERATA - Kammerata<\/title>\n<link rel=\"canonical\" href=\"https:\/\/www.kammerata.lu\/en\/calendrier\/suite-histoire-du-soldat-monocle-portrait-de-s-von-harden\/\" \/>\n<meta property=\"og:locale\" content=\"en_US\" \/>\n<meta property=\"og:type\" content=\"article\" \/>\n<meta property=\"og:title\" content=\"Concert French music plus at 7 p.m. canceled for Covid19 reasons. Bach plus concert at 5 p.m. will take place! - VIA \u2013 KAMMERATA - Kammerata\" \/>\n<meta property=\"og:description\" content=\"Le samedi 7 et dimanche 8 novembre 2020, les Amis du Ch\u00e2teau, en \u00e9troite coproduction avec l\u2018Administration Communale, la Fabrique d\u2019\u00c9glise et la Kammerata Luxembourg, organisent la premi\u00e8re \u00e9dition des MusicDays. Auront lieu quatre concerts, dont trois au Ch\u00e2teau et un concert en l\u2019\u00c9glise Trinitaire. L\u2019auditeur saura retrouver la Kammerata, ainsi que deux ensembles invit\u00e9s [&hellip;]\" \/>\n<meta property=\"og:url\" content=\"https:\/\/www.kammerata.lu\/en\/calendrier\/suite-histoire-du-soldat-monocle-portrait-de-s-von-harden\/\" \/>\n<meta property=\"og:site_name\" content=\"Kammerata\" \/>\n<meta property=\"article:modified_time\" content=\"2020-11-03T07:20:07+00:00\" \/>\n<meta name=\"twitter:card\" content=\"summary_large_image\" \/>\n<meta name=\"twitter:label1\" content=\"Est. reading time\" \/>\n\t<meta name=\"twitter:data1\" content=\"2 minutes\" \/>\n<script type=\"application\/ld+json\" class=\"yoast-schema-graph\">{\"@context\":\"https:\/\/schema.org\",\"@graph\":[{\"@type\":\"WebPage\",\"@id\":\"https:\/\/www.kammerata.lu\/en\/calendrier\/suite-histoire-du-soldat-monocle-portrait-de-s-von-harden\/\",\"url\":\"https:\/\/www.kammerata.lu\/en\/calendrier\/suite-histoire-du-soldat-monocle-portrait-de-s-von-harden\/\",\"name\":\"Concert French music plus at 7 p.m. canceled for Covid19 reasons. Bach plus concert at 5 p.m. will take place! - VIA \u2013 KAMMERATA - Kammerata\",\"isPartOf\":{\"@id\":\"https:\/\/www.kammerata.lu\/en\/#website\"},\"datePublished\":\"2020-08-18T11:01:37+00:00\",\"dateModified\":\"2020-11-03T07:20:07+00:00\",\"breadcrumb\":{\"@id\":\"https:\/\/www.kammerata.lu\/en\/calendrier\/suite-histoire-du-soldat-monocle-portrait-de-s-von-harden\/#breadcrumb\"},\"inLanguage\":\"en-US\",\"potentialAction\":[{\"@type\":\"ReadAction\",\"target\":[\"https:\/\/www.kammerata.lu\/en\/calendrier\/suite-histoire-du-soldat-monocle-portrait-de-s-von-harden\/\"]}]},{\"@type\":\"BreadcrumbList\",\"@id\":\"https:\/\/www.kammerata.lu\/en\/calendrier\/suite-histoire-du-soldat-monocle-portrait-de-s-von-harden\/#breadcrumb\",\"itemListElement\":[{\"@type\":\"ListItem\",\"position\":1,\"name\":\"Accueil\",\"item\":\"https:\/\/www.kammerata.lu\/en\/\"},{\"@type\":\"ListItem\",\"position\":2,\"name\":\"Concert French music plus at 7 p.m. canceled for Covid19 reasons. Bach plus concert at 5 p.m. will take place! &#8211; VIA \u2013 KAMMERATA\"}]},{\"@type\":\"WebSite\",\"@id\":\"https:\/\/www.kammerata.lu\/en\/#website\",\"url\":\"https:\/\/www.kammerata.lu\/en\/\",\"name\":\"Kammerata\",\"description\":\"\",\"potentialAction\":[{\"@type\":\"SearchAction\",\"target\":{\"@type\":\"EntryPoint\",\"urlTemplate\":\"https:\/\/www.kammerata.lu\/en\/?s={search_term_string}\"},\"query-input\":\"required name=search_term_string\"}],\"inLanguage\":\"en-US\"}]}<\/script>\n<!-- \/ Yoast SEO plugin. -->","yoast_head_json":{"title":"Concert French music plus at 7 p.m. canceled for Covid19 reasons. Bach plus concert at 5 p.m. will take place! - VIA \u2013 KAMMERATA - Kammerata","canonical":"https:\/\/www.kammerata.lu\/en\/calendrier\/suite-histoire-du-soldat-monocle-portrait-de-s-von-harden\/","og_locale":"en_US","og_type":"article","og_title":"Concert French music plus at 7 p.m. canceled for Covid19 reasons. Bach plus concert at 5 p.m. will take place! - VIA \u2013 KAMMERATA - Kammerata","og_description":"Le samedi 7 et dimanche 8 novembre 2020, les Amis du Ch\u00e2teau, en \u00e9troite coproduction avec l\u2018Administration Communale, la Fabrique d\u2019\u00c9glise et la Kammerata Luxembourg, organisent la premi\u00e8re \u00e9dition des MusicDays. Auront lieu quatre concerts, dont trois au Ch\u00e2teau et un concert en l\u2019\u00c9glise Trinitaire. L\u2019auditeur saura retrouver la Kammerata, ainsi que deux ensembles invit\u00e9s [&hellip;]","og_url":"https:\/\/www.kammerata.lu\/en\/calendrier\/suite-histoire-du-soldat-monocle-portrait-de-s-von-harden\/","og_site_name":"Kammerata","article_modified_time":"2020-11-03T07:20:07+00:00","twitter_card":"summary_large_image","twitter_misc":{"Est. reading time":"2 minutes"},"schema":{"@context":"https:\/\/schema.org","@graph":[{"@type":"WebPage","@id":"https:\/\/www.kammerata.lu\/en\/calendrier\/suite-histoire-du-soldat-monocle-portrait-de-s-von-harden\/","url":"https:\/\/www.kammerata.lu\/en\/calendrier\/suite-histoire-du-soldat-monocle-portrait-de-s-von-harden\/","name":"Concert French music plus at 7 p.m. canceled for Covid19 reasons. Bach plus concert at 5 p.m. will take place! - VIA \u2013 KAMMERATA - Kammerata","isPartOf":{"@id":"https:\/\/www.kammerata.lu\/en\/#website"},"datePublished":"2020-08-18T11:01:37+00:00","dateModified":"2020-11-03T07:20:07+00:00","breadcrumb":{"@id":"https:\/\/www.kammerata.lu\/en\/calendrier\/suite-histoire-du-soldat-monocle-portrait-de-s-von-harden\/#breadcrumb"},"inLanguage":"en-US","potentialAction":[{"@type":"ReadAction","target":["https:\/\/www.kammerata.lu\/en\/calendrier\/suite-histoire-du-soldat-monocle-portrait-de-s-von-harden\/"]}]},{"@type":"BreadcrumbList","@id":"https:\/\/www.kammerata.lu\/en\/calendrier\/suite-histoire-du-soldat-monocle-portrait-de-s-von-harden\/#breadcrumb","itemListElement":[{"@type":"ListItem","position":1,"name":"Accueil","item":"https:\/\/www.kammerata.lu\/en\/"},{"@type":"ListItem","position":2,"name":"Concert French music plus at 7 p.m. canceled for Covid19 reasons. Bach plus concert at 5 p.m. will take place! &#8211; VIA \u2013 KAMMERATA"}]},{"@type":"WebSite","@id":"https:\/\/www.kammerata.lu\/en\/#website","url":"https:\/\/www.kammerata.lu\/en\/","name":"Kammerata","description":"","potentialAction":[{"@type":"SearchAction","target":{"@type":"EntryPoint","urlTemplate":"https:\/\/www.kammerata.lu\/en\/?s={search_term_string}"},"query-input":"required name=search_term_string"}],"inLanguage":"en-US"}]}},"_links":{"self":[{"href":"https:\/\/www.kammerata.lu\/en\/wp-json\/wp\/v2\/calendriers\/173"}],"collection":[{"href":"https:\/\/www.kammerata.lu\/en\/wp-json\/wp\/v2\/calendriers"}],"about":[{"href":"https:\/\/www.kammerata.lu\/en\/wp-json\/wp\/v2\/types\/calendriers"}],"wp:attachment":[{"href":"https:\/\/www.kammerata.lu\/en\/wp-json\/wp\/v2\/media?parent=173"}],"curies":[{"name":"wp","href":"https:\/\/api.w.org\/{rel}","templated":true}]}}

<p>Le samedi 7 et dimanche 8 novembre 2020, les Amis du Château, en étroite coproduction avec l‘Administration Communale, la Fabrique d’Église et la Kammerata Luxembourg, organisent la première édition des MusicDays. Auront lieu quatre concerts, dont trois au Château et un concert en l’Église Trinitaire. L’auditeur saura retrouver la Kammerata, ainsi que deux ensembles invités afin de conférer éclat et allure au weekend en musique: l’Ensemble Pyramide de Zurich et le Quatuor Amôn de Bruxelles. Sandrine Cantoreggi, violon et Yannick Van de Velde au piano, seront les solistes dans le fameux Concert op. 21 de Chausson.</p>
<p>Les organisateurs proposent au public plusieurs formules de billets d’entrée: Pass all-in, Pass per day et également une formule avec hôtel et dîner en soirée du 7 novembre.</p>
<p>&nbsp;</p>
<p><span style="color: #7c7c7b"><b><span style="color: #b65f69">Ce concert aura lieu !</span><br />
SAMEDI<span class="Apple-converted-space"><br />
</span></b></span><span style="color: #7c7c7b"><b>07 I 11 I 2020<span class="Apple-converted-space"><br />
</span></b><b>17h00, </b>EGLISE TRINITAIRE, VIANDEN<span class="Apple-converted-space"><br />
</span></span><span style="color: #b65f69"><b>BACH <i>plus </i></b></span></p>
<p><b>Guilain </b>Suite<span class="Apple-converted-space"><br />
</span><b>JS Bach </b>Airs en duo. Pièce d‘orgue<span class="Apple-converted-space"><br />
</span><b>Händel </b>Neun deutsche Arien<span class="Apple-converted-space"><br />
</span><b>Telemann </b>Der Harmonische Gottesdienst</p>
<p><b>Kammerata Luxembourg </b></p>
<p><b>Maurice Clement </b>orgue<span class="Apple-converted-space"><br />
</span><b>Mariette Lentz </b>soprano<span class="Apple-converted-space"><br />
</span><b>Jeff Mack </b>haute-contre<span class="Apple-converted-space"><br />
</span><b>Marc Jacoby </b>violon</p>
<p>&nbsp;</p>
<p><span style="color: #7c7c7b"><b><span style="color: #b65f69">Ce concert est annulé !</span><br />
<del>SAMEDI</del><span class="Apple-converted-space"><br />
</span></b><del><b>07 I 11 I 2020<span class="Apple-converted-space"><br />
</span></b><b>19h00, </b>CHÂTEAU DE VIANDEN</del></span><del><span class="Apple-converted-space"><br />
</span><b><span style="color: #b65f69">MUSIQUES FRANÇAISES </span><i><span style="color: #b65f69">plus</span> </i></b></del></p>
<p><del><b>Massonneau </b>Quatuor no 1<span class="Apple-converted-space"><br />
</span><b>Halsdorf </b>Vergangenes<span class="Apple-converted-space"><br />
</span><b>Ravel </b>Pavane<span class="Apple-converted-space"><br />
</span><b>Andreae </b>Quatuor op. 43<span class="Apple-converted-space"><br />
</span><b>Chabrier </b>Suite pastorale</del></p>
<p><del><b>Ensemble Pyramide (Zurich)<span class="Apple-converted-space"><br />
</span></b><b>Markus Brönnimann </b>flûte<span class="Apple-converted-space"><br />
</span><b>Barbara Tillmann </b>hautbois<span class="Apple-converted-space"><br />
</span><b>Ulrike Jacoby </b>violon<span class="Apple-converted-space"><br />
</span><b>Muriel Schweizer </b>alto<span class="Apple-converted-space"><br />
</span><b>Anita Jehli </b>violoncelle<span class="Apple-converted-space"><br />
</span><b>Marie Trottmann </b>harpe</del></p>
<p>&nbsp;</p>
<p>&nbsp;</p>
<p><strong>Infos &amp; réservations:<br />
</strong>+352 83 41 08 1 | info@castle-vianden.lu | info@kammerata.lu<br />
www.castle-vianden.lu | www.ticket-regional.de | www.kammerata.lu</p>
<p>&nbsp;</p>
<h4><span style="color: #b65f69"><strong>Réservation obligatoire sous:<br />
+352 83 41 08 1 | info@castle-vianden.lu<br />
</strong>toutes les mesures de sécurité Covid 19 seront scrupuleusement respectées.</span></h4>
<p>&nbsp;</p>
<p><strong>Normal 20 € | Jeunes 10 €</strong> (par concert)<br />
<strong>Pass per day 30 € | 15 €<br />
Pass all-in 40 € | 20 €</strong></p>
<p>Nuitée (07/11) p.ex. à l&#8217;Hôtel Petry ou l&#8217;Hôtel Belle-Vue:<br />
réserver svp prochainement  +352 83 41 22<br />
Dîner à 21h: 35 € par personne (réservation requise)</p>

<!-- This site is optimized with the Yoast SEO plugin v21.3 - https://yoast.com/wordpress/plugins/seo/ -->
<title>Concert French music plus at 7 p.m. canceled for Covid19 reasons. Bach plus concert at 5 p.m. will take place! - VIA – KAMMERATA - Kammerata</title>
<link rel="canonical" href="https://www.kammerata.lu/en/calendrier/suite-histoire-du-soldat-monocle-portrait-de-s-von-harden/" />
<meta property="og:locale" content="en_US" />
<meta property="og:type" content="article" />
<meta property="og:title" content="Concert French music plus at 7 p.m. canceled for Covid19 reasons. Bach plus concert at 5 p.m. will take place! - VIA – KAMMERATA - Kammerata" />
<meta property="og:description" content="Le samedi 7 et dimanche 8 novembre 2020, les Amis du Château, en étroite coproduction avec l‘Administration Communale, la Fabrique d’Église et la Kammerata Luxembourg, organisent la première édition des MusicDays. Auront lieu quatre concerts, dont trois au Château et un concert en l’Église Trinitaire. L’auditeur saura retrouver la Kammerata, ainsi que deux ensembles invités [&hellip;]" />
<meta property="og:url" content="https://www.kammerata.lu/en/calendrier/suite-histoire-du-soldat-monocle-portrait-de-s-von-harden/" />
<meta property="og:site_name" content="Kammerata" />
<meta property="article:modified_time" content="2020-11-03T07:20:07+00:00" />
<meta name="twitter:card" content="summary_large_image" />
<meta name="twitter:label1" content="Est. reading time" />
	<meta name="twitter:data1" content="2 minutes" />
<script type="application/ld+json" class="yoast-schema-graph">{"@context":"https://schema.org","@graph":[{"@type":"WebPage","@id":"https://www.kammerata.lu/en/calendrier/suite-histoire-du-soldat-monocle-portrait-de-s-von-harden/","url":"https://www.kammerata.lu/en/calendrier/suite-histoire-du-soldat-monocle-portrait-de-s-von-harden/","name":"Concert French music plus at 7 p.m. canceled for Covid19 reasons. Bach plus concert at 5 p.m. will take place! - VIA – KAMMERATA - Kammerata","isPartOf":{"@id":"https://www.kammerata.lu/en/#website"},"datePublished":"2020-08-18T11:01:37+00:00","dateModified":"2020-11-03T07:20:07+00:00","breadcrumb":{"@id":"https://www.kammerata.lu/en/calendrier/suite-histoire-du-soldat-monocle-portrait-de-s-von-harden/#breadcrumb"},"inLanguage":"en-US","potentialAction":[{"@type":"ReadAction","target":["https://www.kammerata.lu/en/calendrier/suite-histoire-du-soldat-monocle-portrait-de-s-von-harden/"]}]},{"@type":"BreadcrumbList","@id":"https://www.kammerata.lu/en/calendrier/suite-histoire-du-soldat-monocle-portrait-de-s-von-harden/#breadcrumb","itemListElement":[{"@type":"ListItem","position":1,"name":"Accueil","item":"https://www.kammerata.lu/en/"},{"@type":"ListItem","position":2,"name":"Concert French music plus at 7 p.m. canceled for Covid19 reasons. Bach plus concert at 5 p.m. will take place! &#8211; VIA – KAMMERATA"}]},{"@type":"WebSite","@id":"https://www.kammerata.lu/en/#website","url":"https://www.kammerata.lu/en/","name":"Kammerata","description":"","potentialAction":[{"@type":"SearchAction","target":{"@type":"EntryPoint","urlTemplate":"https://www.kammerata.lu/en/?s={search_term_string}"},"query-input":"required name=search_term_string"}],"inLanguage":"en-US"}]}</script>
<!-- / Yoast SEO plugin. -->

Le samedi 7 et dimanche 8 novembre 2020, les Amis du Château, en étroite coproduction avec l‘Administration Communale, la Fabrique d’Église et la Kammerata Luxembourg, organisent la première édition des MusicDays. Auront lieu quatre concerts, dont trois au Château et un concert en l’Église Trinitaire. L’auditeur saura retrouver la Kammerata, ainsi que deux ensembles invités [&hellip;]
