{"id":1874,"date":"2025-08-05T07:55:01","date_gmt":"2025-08-05T07:55:01","guid":{"rendered":"https:\/\/www.kammerata.lu\/?post_type=calendriers&#038;p=1874"},"modified":"2025-08-22T16:06:38","modified_gmt":"2025-08-22T16:06:38","slug":"dfaarwemonster-3","status":"publish","type":"calendriers","link":"https:\/\/www.kammerata.lu\/en\/calendrier\/dfaarwemonster-3\/","title":{"rendered":"D&#8217;Faarwemonster"},"content":{"rendered":"<figure id=\"attachment_1881\" aria-describedby=\"caption-attachment-1881\" style=\"width: 980px\" class=\"wp-caption alignnone\"><img decoding=\"async\" class=\"size-large wp-image-1881\" src=\"https:\/\/www.kammerata.lu\/wp-content\/uploads\/2025\/08\/DSC_1223-1024x683.jpg\" alt=\"\" width=\"980\" height=\"654\" srcset=\"https:\/\/www.kammerata.lu\/wp-content\/uploads\/2025\/08\/DSC_1223-1024x683.jpg 1024w, https:\/\/www.kammerata.lu\/wp-content\/uploads\/2025\/08\/DSC_1223-300x200.jpg 300w, https:\/\/www.kammerata.lu\/wp-content\/uploads\/2025\/08\/DSC_1223-768x512.jpg 768w, https:\/\/www.kammerata.lu\/wp-content\/uploads\/2025\/08\/DSC_1223-1536x1024.jpg 1536w, https:\/\/www.kammerata.lu\/wp-content\/uploads\/2025\/08\/DSC_1223-2048x1365.jpg 2048w\" sizes=\"(max-width: 980px) 100vw, 980px\" \/><figcaption id=\"caption-attachment-1881\" class=\"wp-caption-text\">\u00a9 Fran\u00e7ois Zuidberg<\/figcaption><\/figure>\n<p><strong><span class=\"TextRun SCXW167211876 BCX8\" lang=\"DE-DE\" xml:lang=\"DE-DE\" data-contrast=\"auto\">Musical show for children and families <span class=\"NormalTextRun SCXW167211876 BCX8\">| in LU<\/span><\/span><span class=\"LineBreakBlob BlobObject DragDrop SCXW167211876 BCX8\"><span class=\"SCXW167211876 BCX8\"> <span class=\"TextRun SCXW167211876 BCX8\" lang=\"DE-DE\" xml:lang=\"DE-DE\" data-contrast=\"auto\"> <span class=\"NormalTextRun SCXW167211876 BCX8\">| <\/span><\/span><\/span><\/span><span class=\"TextRun SCXW167211876 BCX8\" lang=\"DE-DE\" xml:lang=\"DE-DE\" data-contrast=\"auto\"><span class=\"NormalTextRun SCXW167211876 BCX8\">4-8 ans | <\/span><span class=\"NormalTextRun SpellingErrorV2Themed SCXW167211876 BCX8\">Cycles<\/span><span class=\"NormalTextRun SCXW167211876 BCX8\"> 1 +2 + 3.1<\/span><\/span><span class=\"EOP SCXW167211876 BCX8\" data-ccp-props=\"{}\">\u00a0<\/span><\/strong><\/p>\n<p><span class=\"NormalTextRun SCXW28172323 BCX8\">D\u00e9i rout Faarf verm\u00ebscht sech mat der gieler, dat Blot geet an dat Gr\u00e9ngt iwwer. Schwaarz <\/span><span class=\"NormalTextRun SpellingErrorV2Themed SCXW28172323 BCX8\">Faarwewolleken<\/span><span class=\"NormalTextRun SCXW28172323 BCX8\"> tierme sech op an danze mam rosaen Niwwel. D\u2019<\/span><span class=\"NormalTextRun SpellingErrorV2Themed SCXW28172323 BCX8\">Faarwemonster<\/span><span class=\"NormalTextRun SCXW28172323 BCX8\"> ass doruechter. Seng Faarwe si komplett <\/span><span class=\"NormalTextRun SpellingErrorV2Themed SCXW28172323 BCX8\">duercherneegeroden<\/span><span class=\"NormalTextRun SCXW28172323 BCX8\">! Dat m\u00e9cht et rosen! Nee, traureg\u2026 Oder f\u00e4ertereg?<\/span> <span class=\"NormalTextRun SCXW28172323 BCX8\">Seng Fr\u00ebndin, d\u2019<\/span><span class=\"NormalTextRun SpellingErrorV2Themed SCXW28172323 BCX8\">Esmeralda<\/span><span class=\"NormalTextRun SCXW28172323 BCX8\">, w\u00ebll him beim Sort\u00e9ieren h\u00ebllefen\u2026<\/span><\/p>\n<p><strong>Musicians<\/strong><\/p>\n<p><span data-contrast=\"auto\">Jenny Spielmann &amp; Catherine Hengesch, Conception &amp; Actors<\/span><span data-ccp-props=\"{&quot;201341983&quot;:0,&quot;335559739&quot;:0,&quot;335559740&quot;:240}\">\u00a0<\/span><\/p>\n<p><span data-contrast=\"auto\">Frin Wolter, accordion<\/span><\/p>\n<p><span data-contrast=\"auto\">Stephan Kronthaler, clarinet<\/span><span data-ccp-props=\"{&quot;201341983&quot;:0,&quot;335559739&quot;:0,&quot;335559740&quot;:240}\">\u00a0<\/span><\/p>\n<p><span data-contrast=\"auto\">Sophie Urhausen, viola<\/span><span data-ccp-props=\"{&quot;201341983&quot;:0,&quot;335559739&quot;:0,&quot;335559740&quot;:240}\">\u00a0<\/span><\/p>\n<p><span data-contrast=\"auto\">Anik Schwall, cello<\/span><span data-ccp-props=\"{&quot;201341983&quot;:0,&quot;335559739&quot;:0,&quot;335559740&quot;:240}\">\u00a0<\/span><\/p>\n<p><span data-contrast=\"auto\">Claude Kraus, musical arrangement<\/span><\/p>\n<p><strong>Information \/ Tickets:\u00a0<\/strong><\/p>\n<p><a href=\"http:\/\/www.khn.lu\/\"><span data-contrast=\"none\">www.khn.lu<\/span><\/a><br \/>\n<span data-contrast=\"auto\">t\u00e9l : <\/span><span data-contrast=\"auto\">+352 26 34 73 1<\/span><span data-ccp-props=\"{}\">\u00a0<\/span><\/p>\n<p>&nbsp;<\/p>\n<p><em>In collaboration with :\u00a0<\/em><\/p>\n<p><img decoding=\"async\" class=\"alignnone  wp-image-1928\" src=\"https:\/\/www.kammerata.lu\/wp-content\/uploads\/2025\/08\/Screenshot-2025-08-22-180525-1024x290.png\" alt=\"\" width=\"331\" height=\"94\" srcset=\"https:\/\/www.kammerata.lu\/wp-content\/uploads\/2025\/08\/Screenshot-2025-08-22-180525-1024x290.png 1024w, https:\/\/www.kammerata.lu\/wp-content\/uploads\/2025\/08\/Screenshot-2025-08-22-180525-300x85.png 300w, https:\/\/www.kammerata.lu\/wp-content\/uploads\/2025\/08\/Screenshot-2025-08-22-180525-768x217.png 768w, https:\/\/www.kammerata.lu\/wp-content\/uploads\/2025\/08\/Screenshot-2025-08-22-180525.png 1102w\" sizes=\"(max-width: 331px) 100vw, 331px\" \/><\/p>\n","protected":false},"menu_order":1,"template":"","acf":[],"yoast_head":"<!-- This site is optimized with the Yoast SEO plugin v21.3 - https:\/\/yoast.com\/wordpress\/plugins\/seo\/ -->\n<title>D&#039;Faarwemonster - Kammerata<\/title>\n<link rel=\"canonical\" href=\"https:\/\/www.kammerata.lu\/en\/calendrier\/dfaarwemonster-3\/\" \/>\n<meta property=\"og:locale\" content=\"en_US\" \/>\n<meta property=\"og:type\" content=\"article\" \/>\n<meta property=\"og:title\" content=\"D&#039;Faarwemonster - Kammerata\" \/>\n<meta property=\"og:description\" content=\"Musical show for children and families | in LU | 4-8 ans | Cycles 1 +2 + 3.1\u00a0 D\u00e9i rout Faarf verm\u00ebscht sech mat der gieler, dat Blot geet an dat Gr\u00e9ngt iwwer. Schwaarz Faarwewolleken tierme sech op an danze mam rosaen Niwwel. D\u2019Faarwemonster ass doruechter. Seng Faarwe si komplett duercherneegeroden! Dat m\u00e9cht et rosen! [&hellip;]\" \/>\n<meta property=\"og:url\" content=\"https:\/\/www.kammerata.lu\/en\/calendrier\/dfaarwemonster-3\/\" \/>\n<meta property=\"og:site_name\" content=\"Kammerata\" \/>\n<meta property=\"article:modified_time\" content=\"2025-08-22T16:06:38+00:00\" \/>\n<meta property=\"og:image\" content=\"https:\/\/www.kammerata.lu\/wp-content\/uploads\/2025\/08\/DSC_1223-1024x683.jpg\" \/>\n<meta name=\"twitter:card\" content=\"summary_large_image\" \/>\n<meta name=\"twitter:label1\" content=\"Est. reading time\" \/>\n\t<meta name=\"twitter:data1\" content=\"1 minute\" \/>\n<script type=\"application\/ld+json\" class=\"yoast-schema-graph\">{\"@context\":\"https:\/\/schema.org\",\"@graph\":[{\"@type\":\"WebPage\",\"@id\":\"https:\/\/www.kammerata.lu\/en\/calendrier\/dfaarwemonster-3\/\",\"url\":\"https:\/\/www.kammerata.lu\/en\/calendrier\/dfaarwemonster-3\/\",\"name\":\"D'Faarwemonster - Kammerata\",\"isPartOf\":{\"@id\":\"https:\/\/www.kammerata.lu\/en\/#website\"},\"datePublished\":\"2025-08-05T07:55:01+00:00\",\"dateModified\":\"2025-08-22T16:06:38+00:00\",\"breadcrumb\":{\"@id\":\"https:\/\/www.kammerata.lu\/en\/calendrier\/dfaarwemonster-3\/#breadcrumb\"},\"inLanguage\":\"en-US\",\"potentialAction\":[{\"@type\":\"ReadAction\",\"target\":[\"https:\/\/www.kammerata.lu\/en\/calendrier\/dfaarwemonster-3\/\"]}]},{\"@type\":\"BreadcrumbList\",\"@id\":\"https:\/\/www.kammerata.lu\/en\/calendrier\/dfaarwemonster-3\/#breadcrumb\",\"itemListElement\":[{\"@type\":\"ListItem\",\"position\":1,\"name\":\"Accueil\",\"item\":\"https:\/\/www.kammerata.lu\/en\/\"},{\"@type\":\"ListItem\",\"position\":2,\"name\":\"D&rsquo;Faarwemonster\"}]},{\"@type\":\"WebSite\",\"@id\":\"https:\/\/www.kammerata.lu\/en\/#website\",\"url\":\"https:\/\/www.kammerata.lu\/en\/\",\"name\":\"Kammerata\",\"description\":\"\",\"potentialAction\":[{\"@type\":\"SearchAction\",\"target\":{\"@type\":\"EntryPoint\",\"urlTemplate\":\"https:\/\/www.kammerata.lu\/en\/?s={search_term_string}\"},\"query-input\":\"required name=search_term_string\"}],\"inLanguage\":\"en-US\"}]}<\/script>\n<!-- \/ Yoast SEO plugin. -->","yoast_head_json":{"title":"D'Faarwemonster - Kammerata","canonical":"https:\/\/www.kammerata.lu\/en\/calendrier\/dfaarwemonster-3\/","og_locale":"en_US","og_type":"article","og_title":"D'Faarwemonster - Kammerata","og_description":"Musical show for children and families | in LU | 4-8 ans | Cycles 1 +2 + 3.1\u00a0 D\u00e9i rout Faarf verm\u00ebscht sech mat der gieler, dat Blot geet an dat Gr\u00e9ngt iwwer. Schwaarz Faarwewolleken tierme sech op an danze mam rosaen Niwwel. D\u2019Faarwemonster ass doruechter. Seng Faarwe si komplett duercherneegeroden! Dat m\u00e9cht et rosen! [&hellip;]","og_url":"https:\/\/www.kammerata.lu\/en\/calendrier\/dfaarwemonster-3\/","og_site_name":"Kammerata","article_modified_time":"2025-08-22T16:06:38+00:00","og_image":[{"url":"https:\/\/www.kammerata.lu\/wp-content\/uploads\/2025\/08\/DSC_1223-1024x683.jpg"}],"twitter_card":"summary_large_image","twitter_misc":{"Est. reading time":"1 minute"},"schema":{"@context":"https:\/\/schema.org","@graph":[{"@type":"WebPage","@id":"https:\/\/www.kammerata.lu\/en\/calendrier\/dfaarwemonster-3\/","url":"https:\/\/www.kammerata.lu\/en\/calendrier\/dfaarwemonster-3\/","name":"D'Faarwemonster - Kammerata","isPartOf":{"@id":"https:\/\/www.kammerata.lu\/en\/#website"},"datePublished":"2025-08-05T07:55:01+00:00","dateModified":"2025-08-22T16:06:38+00:00","breadcrumb":{"@id":"https:\/\/www.kammerata.lu\/en\/calendrier\/dfaarwemonster-3\/#breadcrumb"},"inLanguage":"en-US","potentialAction":[{"@type":"ReadAction","target":["https:\/\/www.kammerata.lu\/en\/calendrier\/dfaarwemonster-3\/"]}]},{"@type":"BreadcrumbList","@id":"https:\/\/www.kammerata.lu\/en\/calendrier\/dfaarwemonster-3\/#breadcrumb","itemListElement":[{"@type":"ListItem","position":1,"name":"Accueil","item":"https:\/\/www.kammerata.lu\/en\/"},{"@type":"ListItem","position":2,"name":"D&rsquo;Faarwemonster"}]},{"@type":"WebSite","@id":"https:\/\/www.kammerata.lu\/en\/#website","url":"https:\/\/www.kammerata.lu\/en\/","name":"Kammerata","description":"","potentialAction":[{"@type":"SearchAction","target":{"@type":"EntryPoint","urlTemplate":"https:\/\/www.kammerata.lu\/en\/?s={search_term_string}"},"query-input":"required name=search_term_string"}],"inLanguage":"en-US"}]}},"_links":{"self":[{"href":"https:\/\/www.kammerata.lu\/en\/wp-json\/wp\/v2\/calendriers\/1874"}],"collection":[{"href":"https:\/\/www.kammerata.lu\/en\/wp-json\/wp\/v2\/calendriers"}],"about":[{"href":"https:\/\/www.kammerata.lu\/en\/wp-json\/wp\/v2\/types\/calendriers"}],"wp:attachment":[{"href":"https:\/\/www.kammerata.lu\/en\/wp-json\/wp\/v2\/media?parent=1874"}],"curies":[{"name":"wp","href":"https:\/\/api.w.org\/{rel}","templated":true}]}}

<figure id="attachment_1881" aria-describedby="caption-attachment-1881" style="width: 980px" class="wp-caption alignnone"><img decoding="async" class="size-large wp-image-1881" src="https://www.kammerata.lu/wp-content/uploads/2025/08/DSC_1223-1024x683.jpg" alt="" width="980" height="654" srcset="https://www.kammerata.lu/wp-content/uploads/2025/08/DSC_1223-1024x683.jpg 1024w, https://www.kammerata.lu/wp-content/uploads/2025/08/DSC_1223-300x200.jpg 300w, https://www.kammerata.lu/wp-content/uploads/2025/08/DSC_1223-768x512.jpg 768w, https://www.kammerata.lu/wp-content/uploads/2025/08/DSC_1223-1536x1024.jpg 1536w, https://www.kammerata.lu/wp-content/uploads/2025/08/DSC_1223-2048x1365.jpg 2048w" sizes="(max-width: 980px) 100vw, 980px" /><figcaption id="caption-attachment-1881" class="wp-caption-text">© François Zuidberg</figcaption></figure>
<p><strong><span class="TextRun SCXW167211876 BCX8" lang="DE-DE" xml:lang="DE-DE" data-contrast="auto">Musical show for children and families <span class="NormalTextRun SCXW167211876 BCX8">| in LU</span></span><span class="LineBreakBlob BlobObject DragDrop SCXW167211876 BCX8"><span class="SCXW167211876 BCX8"> <span class="TextRun SCXW167211876 BCX8" lang="DE-DE" xml:lang="DE-DE" data-contrast="auto"> <span class="NormalTextRun SCXW167211876 BCX8">| </span></span></span></span><span class="TextRun SCXW167211876 BCX8" lang="DE-DE" xml:lang="DE-DE" data-contrast="auto"><span class="NormalTextRun SCXW167211876 BCX8">4-8 ans | </span><span class="NormalTextRun SpellingErrorV2Themed SCXW167211876 BCX8">Cycles</span><span class="NormalTextRun SCXW167211876 BCX8"> 1 +2 + 3.1</span></span><span class="EOP SCXW167211876 BCX8" data-ccp-props="{}"> </span></strong></p>
<p><span class="NormalTextRun SCXW28172323 BCX8">Déi rout Faarf vermëscht sech mat der gieler, dat Blot geet an dat Gréngt iwwer. Schwaarz </span><span class="NormalTextRun SpellingErrorV2Themed SCXW28172323 BCX8">Faarwewolleken</span><span class="NormalTextRun SCXW28172323 BCX8"> tierme sech op an danze mam rosaen Niwwel. D’</span><span class="NormalTextRun SpellingErrorV2Themed SCXW28172323 BCX8">Faarwemonster</span><span class="NormalTextRun SCXW28172323 BCX8"> ass doruechter. Seng Faarwe si komplett </span><span class="NormalTextRun SpellingErrorV2Themed SCXW28172323 BCX8">duercherneegeroden</span><span class="NormalTextRun SCXW28172323 BCX8">! Dat mécht et rosen! Nee, traureg… Oder fäertereg?</span> <span class="NormalTextRun SCXW28172323 BCX8">Seng Frëndin, d’</span><span class="NormalTextRun SpellingErrorV2Themed SCXW28172323 BCX8">Esmeralda</span><span class="NormalTextRun SCXW28172323 BCX8">, wëll him beim Sortéieren hëllefen…</span></p>
<p><strong>Musicians</strong></p>
<p><span data-contrast="auto">Jenny Spielmann &amp; Catherine Hengesch, Conception &amp; Actors</span><span data-ccp-props="{&quot;201341983&quot;:0,&quot;335559739&quot;:0,&quot;335559740&quot;:240}"> </span></p>
<p><span data-contrast="auto">Frin Wolter, accordion</span></p>
<p><span data-contrast="auto">Stephan Kronthaler, clarinet</span><span data-ccp-props="{&quot;201341983&quot;:0,&quot;335559739&quot;:0,&quot;335559740&quot;:240}"> </span></p>
<p><span data-contrast="auto">Sophie Urhausen, viola</span><span data-ccp-props="{&quot;201341983&quot;:0,&quot;335559739&quot;:0,&quot;335559740&quot;:240}"> </span></p>
<p><span data-contrast="auto">Anik Schwall, cello</span><span data-ccp-props="{&quot;201341983&quot;:0,&quot;335559739&quot;:0,&quot;335559740&quot;:240}"> </span></p>
<p><span data-contrast="auto">Claude Kraus, musical arrangement</span></p>
<p><strong>Information / Tickets: </strong></p>
<p><a href="http://www.khn.lu/"><span data-contrast="none">www.khn.lu</span></a><br />
<span data-contrast="auto">tél : </span><span data-contrast="auto">+352 26 34 73 1</span><span data-ccp-props="{}"> </span></p>
<p>&nbsp;</p>
<p><em>In collaboration with : </em></p>
<p><img decoding="async" class="alignnone  wp-image-1928" src="https://www.kammerata.lu/wp-content/uploads/2025/08/Screenshot-2025-08-22-180525-1024x290.png" alt="" width="331" height="94" srcset="https://www.kammerata.lu/wp-content/uploads/2025/08/Screenshot-2025-08-22-180525-1024x290.png 1024w, https://www.kammerata.lu/wp-content/uploads/2025/08/Screenshot-2025-08-22-180525-300x85.png 300w, https://www.kammerata.lu/wp-content/uploads/2025/08/Screenshot-2025-08-22-180525-768x217.png 768w, https://www.kammerata.lu/wp-content/uploads/2025/08/Screenshot-2025-08-22-180525.png 1102w" sizes="(max-width: 331px) 100vw, 331px" /></p>

<!-- This site is optimized with the Yoast SEO plugin v21.3 - https://yoast.com/wordpress/plugins/seo/ -->
<title>D&#039;Faarwemonster - Kammerata</title>
<link rel="canonical" href="https://www.kammerata.lu/en/calendrier/dfaarwemonster-3/" />
<meta property="og:locale" content="en_US" />
<meta property="og:type" content="article" />
<meta property="og:title" content="D&#039;Faarwemonster - Kammerata" />
<meta property="og:description" content="Musical show for children and families | in LU | 4-8 ans | Cycles 1 +2 + 3.1  Déi rout Faarf vermëscht sech mat der gieler, dat Blot geet an dat Gréngt iwwer. Schwaarz Faarwewolleken tierme sech op an danze mam rosaen Niwwel. D’Faarwemonster ass doruechter. Seng Faarwe si komplett duercherneegeroden! Dat mécht et rosen! [&hellip;]" />
<meta property="og:url" content="https://www.kammerata.lu/en/calendrier/dfaarwemonster-3/" />
<meta property="og:site_name" content="Kammerata" />
<meta property="article:modified_time" content="2025-08-22T16:06:38+00:00" />
<meta property="og:image" content="https://www.kammerata.lu/wp-content/uploads/2025/08/DSC_1223-1024x683.jpg" />
<meta name="twitter:card" content="summary_large_image" />
<meta name="twitter:label1" content="Est. reading time" />
	<meta name="twitter:data1" content="1 minute" />
<script type="application/ld+json" class="yoast-schema-graph">{"@context":"https://schema.org","@graph":[{"@type":"WebPage","@id":"https://www.kammerata.lu/en/calendrier/dfaarwemonster-3/","url":"https://www.kammerata.lu/en/calendrier/dfaarwemonster-3/","name":"D'Faarwemonster - Kammerata","isPartOf":{"@id":"https://www.kammerata.lu/en/#website"},"datePublished":"2025-08-05T07:55:01+00:00","dateModified":"2025-08-22T16:06:38+00:00","breadcrumb":{"@id":"https://www.kammerata.lu/en/calendrier/dfaarwemonster-3/#breadcrumb"},"inLanguage":"en-US","potentialAction":[{"@type":"ReadAction","target":["https://www.kammerata.lu/en/calendrier/dfaarwemonster-3/"]}]},{"@type":"BreadcrumbList","@id":"https://www.kammerata.lu/en/calendrier/dfaarwemonster-3/#breadcrumb","itemListElement":[{"@type":"ListItem","position":1,"name":"Accueil","item":"https://www.kammerata.lu/en/"},{"@type":"ListItem","position":2,"name":"D&rsquo;Faarwemonster"}]},{"@type":"WebSite","@id":"https://www.kammerata.lu/en/#website","url":"https://www.kammerata.lu/en/","name":"Kammerata","description":"","potentialAction":[{"@type":"SearchAction","target":{"@type":"EntryPoint","urlTemplate":"https://www.kammerata.lu/en/?s={search_term_string}"},"query-input":"required name=search_term_string"}],"inLanguage":"en-US"}]}</script>
<!-- / Yoast SEO plugin. -->

Musical show for children and families | in LU | 4-8 ans | Cycles 1 +2 + 3.1  Déi rout Faarf vermëscht sech mat der gieler, dat Blot geet an dat Gréngt iwwer. Schwaarz Faarwewolleken tierme sech op an danze mam rosaen Niwwel. D’Faarwemonster ass doruechter. Seng Faarwe si komplett duercherneegeroden! Dat mécht et rosen! [&hellip;]
