{"id":443,"date":"2020-09-10T08:59:54","date_gmt":"2020-09-10T08:59:54","guid":{"rendered":"https:\/\/www.kammerata.lu\/calendrier\/bach-plus-2\/"},"modified":"2020-12-22T08:12:14","modified_gmt":"2020-12-22T08:12:14","slug":"bach-plus-2","status":"publish","type":"calendriers","link":"https:\/\/www.kammerata.lu\/en\/calendrier\/bach-plus-2\/","title":{"rendered":"Cancelled, will be postponed (to a later date) &#8211; Bach plus 2"},"content":{"rendered":"<p>Die Suite in h-Moll f\u00fcr Fl\u00f6te und Streicher von JS Bach glaubt man in- und auswendig zu kennen. Ihre eing\u00e4ngigen Melodien pfeifen die Spatzen von den D\u00e4chern (und die Handys in den Taschen). Dabei geht vergessen, wie originell und kunstvoll dieses St\u00fcck eigentlich komponiert ist. Auf eine ausladende und virtuose Ouvert\u00fcre folgt eine Reihe kontrastierender Tanzs\u00e4tze, die alle belegen, wie Bach melodische Erfindungsgabe mit kontrapunktischer Meisterschaft kombinierte, ohne nur den geringsten Anschein von trockener Gelehrtheit zu erwecken.<span class=\"Apple-converted-space\">\u00a0<\/span><\/p>\n<p>Der zweit\u00e4lteste Sohn Bachs, Carl Philipp Emanuel, erhielt von seinem Vater eine gr\u00fcndliche Ausbildung sowohl als Tastenspieler als auch als Komponist. Sein Orgelkonzert in Es-Dur klingt trotzdem ganz anders als die Musik des Vaters. Kontrapunktisches Denken weicht einer melodischen und galanten Schreibweise. Im lebendigen und kontrastreichen Dialog zwischen Orgel und Orchester scheint schon die Musik Haydns oder Mozarts anzuklingen.<span class=\"Apple-converted-space\">\u00a0<\/span><\/p>\n<p>Der estnische Komponist Arvo P\u00e4rt wurde in der Welt der zeitgen\u00f6ssischen Musik ber\u00fchmt und ber\u00fcchtigt zugleich. Nach anf\u00e4nglichen Kompositionen in einem komplexen modernistischen Stil brach er radikal mit dieser Musikrichtung und wandte sich einer neuen Einfachheit zu. Die spirituelle und meditative Musik, die er fortan schrieb, hatte gro\u00dfen Erfolg und scheint mit ihren Wiederholungen, ihren Ankl\u00e4ngen an den gregorianischen Gesang und ihrer asketischen Ruhe einen Nerv unserer Zeit zu treffen.<span class=\"Apple-converted-space\">\u00a0<\/span><\/p>\n<p>&nbsp;<\/p>\n<p><span style=\"color: #7c7c7b\"><b>DIMANCHE<br \/>\n<\/b><b>17 I 01 I 2021<br \/>\n<\/b>18h00\u00a0LUXEMBOURG, \u00c9GLISE PROTESTANTE<\/span><br \/>\n<span style=\"color: #7c7c7b\">(RUE DE LA CONGR\u00c9GATION)<\/span><\/p>\n<p>&nbsp;<\/p>\n<p><b>CPE Bach <\/b>Concerto en mib pour orgue<span class=\"Apple-converted-space\"><br \/>\n<\/span><b>P\u00e4rt <\/b>Fratres<span class=\"Apple-converted-space\"><br \/>\n<\/span><b>JS Bach <\/b>Suite en si mineur BWV 1067<span class=\"Apple-converted-space\">\u00a0<\/span><\/p>\n<p>&nbsp;<\/p>\n<p><b>Maurice Clement <\/b>orgue<span class=\"Apple-converted-space\"><br \/>\n<\/span><b>Markus Br\u00f6nnimann <\/b>fl\u00fbte<span class=\"Apple-converted-space\"><br \/>\n<\/span><b>Sandrine Cantoreggi <\/b>violon<span class=\"Apple-converted-space\"><br \/>\n<\/span><b>Isabel Van Grysperre <\/b>violon<span class=\"Apple-converted-space\"><br \/>\n<\/span><b>Sophie Urhausen <\/b>alto<span class=\"Apple-converted-space\"><br \/>\n<\/span><b>Anik Schwall <\/b>violoncelle<span class=\"Apple-converted-space\">\u00a0<\/span><\/p>\n<p>&nbsp;<\/p>\n<p><b>Normal 15 \u20ac | Jeunes 5 \u20ac<br \/>\n<\/b>R\u00e9servations : info@kammerata.lu<\/p>\n","protected":false},"menu_order":82,"template":"","acf":[],"yoast_head":"<!-- This site is optimized with the Yoast SEO plugin v21.3 - https:\/\/yoast.com\/wordpress\/plugins\/seo\/ -->\n<title>Cancelled, will be postponed (to a later date) - Bach plus 2 - Kammerata<\/title>\n<link rel=\"canonical\" href=\"https:\/\/www.kammerata.lu\/en\/calendrier\/bach-plus-2\/\" \/>\n<meta property=\"og:locale\" content=\"en_US\" \/>\n<meta property=\"og:type\" content=\"article\" \/>\n<meta property=\"og:title\" content=\"Cancelled, will be postponed (to a later date) - Bach plus 2 - Kammerata\" \/>\n<meta property=\"og:description\" content=\"Die Suite in h-Moll f\u00fcr Fl\u00f6te und Streicher von JS Bach glaubt man in- und auswendig zu kennen. Ihre eing\u00e4ngigen Melodien pfeifen die Spatzen von den D\u00e4chern (und die Handys in den Taschen). Dabei geht vergessen, wie originell und kunstvoll dieses St\u00fcck eigentlich komponiert ist. Auf eine ausladende und virtuose Ouvert\u00fcre folgt eine Reihe kontrastierender [&hellip;]\" \/>\n<meta property=\"og:url\" content=\"https:\/\/www.kammerata.lu\/en\/calendrier\/bach-plus-2\/\" \/>\n<meta property=\"og:site_name\" content=\"Kammerata\" \/>\n<meta property=\"article:modified_time\" content=\"2020-12-22T08:12:14+00:00\" \/>\n<meta name=\"twitter:card\" content=\"summary_large_image\" \/>\n<meta name=\"twitter:label1\" content=\"Est. reading time\" \/>\n\t<meta name=\"twitter:data1\" content=\"1 minute\" \/>\n<script type=\"application\/ld+json\" class=\"yoast-schema-graph\">{\"@context\":\"https:\/\/schema.org\",\"@graph\":[{\"@type\":\"WebPage\",\"@id\":\"https:\/\/www.kammerata.lu\/en\/calendrier\/bach-plus-2\/\",\"url\":\"https:\/\/www.kammerata.lu\/en\/calendrier\/bach-plus-2\/\",\"name\":\"Cancelled, will be postponed (to a later date) - Bach plus 2 - Kammerata\",\"isPartOf\":{\"@id\":\"https:\/\/www.kammerata.lu\/en\/#website\"},\"datePublished\":\"2020-09-10T08:59:54+00:00\",\"dateModified\":\"2020-12-22T08:12:14+00:00\",\"breadcrumb\":{\"@id\":\"https:\/\/www.kammerata.lu\/en\/calendrier\/bach-plus-2\/#breadcrumb\"},\"inLanguage\":\"en-US\",\"potentialAction\":[{\"@type\":\"ReadAction\",\"target\":[\"https:\/\/www.kammerata.lu\/en\/calendrier\/bach-plus-2\/\"]}]},{\"@type\":\"BreadcrumbList\",\"@id\":\"https:\/\/www.kammerata.lu\/en\/calendrier\/bach-plus-2\/#breadcrumb\",\"itemListElement\":[{\"@type\":\"ListItem\",\"position\":1,\"name\":\"Accueil\",\"item\":\"https:\/\/www.kammerata.lu\/en\/\"},{\"@type\":\"ListItem\",\"position\":2,\"name\":\"Cancelled, will be postponed (to a later date) &#8211; Bach plus 2\"}]},{\"@type\":\"WebSite\",\"@id\":\"https:\/\/www.kammerata.lu\/en\/#website\",\"url\":\"https:\/\/www.kammerata.lu\/en\/\",\"name\":\"Kammerata\",\"description\":\"\",\"potentialAction\":[{\"@type\":\"SearchAction\",\"target\":{\"@type\":\"EntryPoint\",\"urlTemplate\":\"https:\/\/www.kammerata.lu\/en\/?s={search_term_string}\"},\"query-input\":\"required name=search_term_string\"}],\"inLanguage\":\"en-US\"}]}<\/script>\n<!-- \/ Yoast SEO plugin. -->","yoast_head_json":{"title":"Cancelled, will be postponed (to a later date) - Bach plus 2 - Kammerata","canonical":"https:\/\/www.kammerata.lu\/en\/calendrier\/bach-plus-2\/","og_locale":"en_US","og_type":"article","og_title":"Cancelled, will be postponed (to a later date) - Bach plus 2 - Kammerata","og_description":"Die Suite in h-Moll f\u00fcr Fl\u00f6te und Streicher von JS Bach glaubt man in- und auswendig zu kennen. Ihre eing\u00e4ngigen Melodien pfeifen die Spatzen von den D\u00e4chern (und die Handys in den Taschen). Dabei geht vergessen, wie originell und kunstvoll dieses St\u00fcck eigentlich komponiert ist. Auf eine ausladende und virtuose Ouvert\u00fcre folgt eine Reihe kontrastierender [&hellip;]","og_url":"https:\/\/www.kammerata.lu\/en\/calendrier\/bach-plus-2\/","og_site_name":"Kammerata","article_modified_time":"2020-12-22T08:12:14+00:00","twitter_card":"summary_large_image","twitter_misc":{"Est. reading time":"1 minute"},"schema":{"@context":"https:\/\/schema.org","@graph":[{"@type":"WebPage","@id":"https:\/\/www.kammerata.lu\/en\/calendrier\/bach-plus-2\/","url":"https:\/\/www.kammerata.lu\/en\/calendrier\/bach-plus-2\/","name":"Cancelled, will be postponed (to a later date) - Bach plus 2 - Kammerata","isPartOf":{"@id":"https:\/\/www.kammerata.lu\/en\/#website"},"datePublished":"2020-09-10T08:59:54+00:00","dateModified":"2020-12-22T08:12:14+00:00","breadcrumb":{"@id":"https:\/\/www.kammerata.lu\/en\/calendrier\/bach-plus-2\/#breadcrumb"},"inLanguage":"en-US","potentialAction":[{"@type":"ReadAction","target":["https:\/\/www.kammerata.lu\/en\/calendrier\/bach-plus-2\/"]}]},{"@type":"BreadcrumbList","@id":"https:\/\/www.kammerata.lu\/en\/calendrier\/bach-plus-2\/#breadcrumb","itemListElement":[{"@type":"ListItem","position":1,"name":"Accueil","item":"https:\/\/www.kammerata.lu\/en\/"},{"@type":"ListItem","position":2,"name":"Cancelled, will be postponed (to a later date) &#8211; Bach plus 2"}]},{"@type":"WebSite","@id":"https:\/\/www.kammerata.lu\/en\/#website","url":"https:\/\/www.kammerata.lu\/en\/","name":"Kammerata","description":"","potentialAction":[{"@type":"SearchAction","target":{"@type":"EntryPoint","urlTemplate":"https:\/\/www.kammerata.lu\/en\/?s={search_term_string}"},"query-input":"required name=search_term_string"}],"inLanguage":"en-US"}]}},"_links":{"self":[{"href":"https:\/\/www.kammerata.lu\/en\/wp-json\/wp\/v2\/calendriers\/443"}],"collection":[{"href":"https:\/\/www.kammerata.lu\/en\/wp-json\/wp\/v2\/calendriers"}],"about":[{"href":"https:\/\/www.kammerata.lu\/en\/wp-json\/wp\/v2\/types\/calendriers"}],"wp:attachment":[{"href":"https:\/\/www.kammerata.lu\/en\/wp-json\/wp\/v2\/media?parent=443"}],"curies":[{"name":"wp","href":"https:\/\/api.w.org\/{rel}","templated":true}]}}

<p>Die Suite in h-Moll für Flöte und Streicher von JS Bach glaubt man in- und auswendig zu kennen. Ihre eingängigen Melodien pfeifen die Spatzen von den Dächern (und die Handys in den Taschen). Dabei geht vergessen, wie originell und kunstvoll dieses Stück eigentlich komponiert ist. Auf eine ausladende und virtuose Ouvertüre folgt eine Reihe kontrastierender Tanzsätze, die alle belegen, wie Bach melodische Erfindungsgabe mit kontrapunktischer Meisterschaft kombinierte, ohne nur den geringsten Anschein von trockener Gelehrtheit zu erwecken.<span class="Apple-converted-space"> </span></p>
<p>Der zweitälteste Sohn Bachs, Carl Philipp Emanuel, erhielt von seinem Vater eine gründliche Ausbildung sowohl als Tastenspieler als auch als Komponist. Sein Orgelkonzert in Es-Dur klingt trotzdem ganz anders als die Musik des Vaters. Kontrapunktisches Denken weicht einer melodischen und galanten Schreibweise. Im lebendigen und kontrastreichen Dialog zwischen Orgel und Orchester scheint schon die Musik Haydns oder Mozarts anzuklingen.<span class="Apple-converted-space"> </span></p>
<p>Der estnische Komponist Arvo Pärt wurde in der Welt der zeitgenössischen Musik berühmt und berüchtigt zugleich. Nach anfänglichen Kompositionen in einem komplexen modernistischen Stil brach er radikal mit dieser Musikrichtung und wandte sich einer neuen Einfachheit zu. Die spirituelle und meditative Musik, die er fortan schrieb, hatte großen Erfolg und scheint mit ihren Wiederholungen, ihren Anklängen an den gregorianischen Gesang und ihrer asketischen Ruhe einen Nerv unserer Zeit zu treffen.<span class="Apple-converted-space"> </span></p>
<p>&nbsp;</p>
<p><span style="color: #7c7c7b"><b>DIMANCHE<br />
</b><b>17 I 01 I 2021<br />
</b>18h00 LUXEMBOURG, ÉGLISE PROTESTANTE</span><br />
<span style="color: #7c7c7b">(RUE DE LA CONGRÉGATION)</span></p>
<p>&nbsp;</p>
<p><b>CPE Bach </b>Concerto en mib pour orgue<span class="Apple-converted-space"><br />
</span><b>Pärt </b>Fratres<span class="Apple-converted-space"><br />
</span><b>JS Bach </b>Suite en si mineur BWV 1067<span class="Apple-converted-space"> </span></p>
<p>&nbsp;</p>
<p><b>Maurice Clement </b>orgue<span class="Apple-converted-space"><br />
</span><b>Markus Brönnimann </b>flûte<span class="Apple-converted-space"><br />
</span><b>Sandrine Cantoreggi </b>violon<span class="Apple-converted-space"><br />
</span><b>Isabel Van Grysperre </b>violon<span class="Apple-converted-space"><br />
</span><b>Sophie Urhausen </b>alto<span class="Apple-converted-space"><br />
</span><b>Anik Schwall </b>violoncelle<span class="Apple-converted-space"> </span></p>
<p>&nbsp;</p>
<p><b>Normal 15 € | Jeunes 5 €<br />
</b>Réservations : info@kammerata.lu</p>

<!-- This site is optimized with the Yoast SEO plugin v21.3 - https://yoast.com/wordpress/plugins/seo/ -->
<title>Cancelled, will be postponed (to a later date) - Bach plus 2 - Kammerata</title>
<link rel="canonical" href="https://www.kammerata.lu/en/calendrier/bach-plus-2/" />
<meta property="og:locale" content="en_US" />
<meta property="og:type" content="article" />
<meta property="og:title" content="Cancelled, will be postponed (to a later date) - Bach plus 2 - Kammerata" />
<meta property="og:description" content="Die Suite in h-Moll für Flöte und Streicher von JS Bach glaubt man in- und auswendig zu kennen. Ihre eingängigen Melodien pfeifen die Spatzen von den Dächern (und die Handys in den Taschen). Dabei geht vergessen, wie originell und kunstvoll dieses Stück eigentlich komponiert ist. Auf eine ausladende und virtuose Ouvertüre folgt eine Reihe kontrastierender [&hellip;]" />
<meta property="og:url" content="https://www.kammerata.lu/en/calendrier/bach-plus-2/" />
<meta property="og:site_name" content="Kammerata" />
<meta property="article:modified_time" content="2020-12-22T08:12:14+00:00" />
<meta name="twitter:card" content="summary_large_image" />
<meta name="twitter:label1" content="Est. reading time" />
	<meta name="twitter:data1" content="1 minute" />
<script type="application/ld+json" class="yoast-schema-graph">{"@context":"https://schema.org","@graph":[{"@type":"WebPage","@id":"https://www.kammerata.lu/en/calendrier/bach-plus-2/","url":"https://www.kammerata.lu/en/calendrier/bach-plus-2/","name":"Cancelled, will be postponed (to a later date) - Bach plus 2 - Kammerata","isPartOf":{"@id":"https://www.kammerata.lu/en/#website"},"datePublished":"2020-09-10T08:59:54+00:00","dateModified":"2020-12-22T08:12:14+00:00","breadcrumb":{"@id":"https://www.kammerata.lu/en/calendrier/bach-plus-2/#breadcrumb"},"inLanguage":"en-US","potentialAction":[{"@type":"ReadAction","target":["https://www.kammerata.lu/en/calendrier/bach-plus-2/"]}]},{"@type":"BreadcrumbList","@id":"https://www.kammerata.lu/en/calendrier/bach-plus-2/#breadcrumb","itemListElement":[{"@type":"ListItem","position":1,"name":"Accueil","item":"https://www.kammerata.lu/en/"},{"@type":"ListItem","position":2,"name":"Cancelled, will be postponed (to a later date) &#8211; Bach plus 2"}]},{"@type":"WebSite","@id":"https://www.kammerata.lu/en/#website","url":"https://www.kammerata.lu/en/","name":"Kammerata","description":"","potentialAction":[{"@type":"SearchAction","target":{"@type":"EntryPoint","urlTemplate":"https://www.kammerata.lu/en/?s={search_term_string}"},"query-input":"required name=search_term_string"}],"inLanguage":"en-US"}]}</script>
<!-- / Yoast SEO plugin. -->

Die Suite in h-Moll für Flöte und Streicher von JS Bach glaubt man in- und auswendig zu kennen. Ihre eingängigen Melodien pfeifen die Spatzen von den Dächern (und die Handys in den Taschen). Dabei geht vergessen, wie originell und kunstvoll dieses Stück eigentlich komponiert ist. Auf eine ausladende und virtuose Ouvertüre folgt eine Reihe kontrastierender [&hellip;]
