{"id":898,"date":"2021-03-09T12:20:32","date_gmt":"2021-03-09T12:20:32","guid":{"rendered":"https:\/\/www.kammerata.lu\/?post_type=calendriers&#038;p=898"},"modified":"2021-03-11T17:08:36","modified_gmt":"2021-03-11T17:08:36","slug":"begegnung-mit-beethoven-2","status":"publish","type":"calendriers","link":"https:\/\/www.kammerata.lu\/en\/calendrier\/begegnung-mit-beethoven-2\/","title":{"rendered":"BEGEGNUNG MIT BEETHOVEN"},"content":{"rendered":"<p><span style=\"color: #7c7c7b\"><b>FRIDAY<span class=\"Apple-converted-space\"><br \/>\n<\/span><\/b><b>02 I 04 I 2021<span class=\"Apple-converted-space\"><br \/>\n<\/span><\/b>20h00<span class=\"Apple-converted-space\"><br \/>\n<\/span>MIERSCHER KULTURHAUS<\/span><\/p>\n<p><b>Schauspieler\u00a0<\/b>Nickel B\u00f6senberg<br \/>\n<b>Autor<\/b> Olivier Garofalo<br \/>\n<b>Klavier\u00a0<\/b>B\u00e9atrice Rauchs<br \/>\n<b>Sopran\u00a0<\/b>Mariette Lentz<br \/>\n<b>Violine\u00a0<\/b>Sandrine Cantoreggi, Isabel Van Grysperre<br \/>\n<b>Viola<\/b>\u00a0Sophie Urhausen<br \/>\n<b>Cello<\/b>\u00a0Anik Schwall<br \/>\n<b>Kontrabass<\/b>\u00a0Jeannot Sanavia<br \/>\n<b>Klarinette<\/b>\u00a0S\u00e9bastien Duguet<br \/>\n<b>Horn<\/b>\u00a0Jonathan Rongvaux<br \/>\n<b>Fagott<\/b>\u00a0Pit Brosius<\/p>\n<p><b>Programm<\/b><br \/>\n<i>Septett\u00a0<\/i>op. 20,\u00a0<i>Trio<\/i>\u00a0op. 11<br \/>\n<i>Sechs Ges\u00e4nge<\/i>\u00a0op. 75<br \/>\n<i>An die ferne Geliebte<\/i>\u00a0op. 98<br \/>\n<i>Streichquartette<\/i>\u00a0op. 95 &amp; op. 131<br \/>\n<i>Klaviersonate<\/i>\u00a031 op. 110<\/p>\n<p>&nbsp;<\/p>\n<p>Begegnung mit Beethoven,\u00a0<i>dem einsamen Revolution\u00e4r<\/i>\u00a0(wie Jan Caeyers ihn in seiner neuen Biografie benennt). Der Abend ist eine halbszenische Konzertproduktion, in der einerseits vielf\u00e4ltige Ausz\u00fcge aus Beethovens Kammermusiken und Liedern \u2013 vom Klaviersolo bis zum Septett \u2013 den Komponisten portr\u00e4tieren, und andererseits eine spannende literarische Gegenwartsreaktion des luxemburgischen Autors Olivier Garofalo auf den Menschen Beethoven, uraufgef\u00fchrt werden wird.<\/p>\n<p>Vor 250 Jahren, am 16. Dezember 1770 in Bonn als Spross einer Musikerfamilie geboren, f\u00fchrt sein Weg unabweislich nach Wien, wo er bei grossen Meistern seiner Epoche lernen und Zugang zu den Adelskreisen wie auch zur kaiserlichen Familie finden sollte. Schon fr\u00fch lobte man den fast unersch\u00f6pflichen Reichtum an musikalischen Ideen, die Virtuosit\u00e4t und die einzigartige Expressivit\u00e4t seines Klavierspiels &#8230; es scheint als habe er sich einen ganz eigenen Weg bahnen wollen, um zu dem Ziel der Vollendung zu kommen, an welchem er jetzt steht. (C.L. Junker 1791)<\/p>\n<p>Doch alle musikalischen, gesellschaftlichen und mitunter auch finanziellen Erfolge linderten kaum die Verzweiflung, die Beethoven empfand, als er sich bewusst wurde, dass er allm\u00e4hlich ertaubte und dass er wegen der herrschenden Konventionen niemals seine\u00a0<i>unsterbliche Geliebte\u00a0<\/i>w\u00fcrde heiraten k\u00f6nnen. Aber er trotzte seinem Schicksal und schuf Werke,\u00a0<i>deren best\u00fcrzender Sch\u00f6nheit wir uns bis auf den heutigen Tag nicht entziehen k\u00f6nnen<\/i>. (J. Caeyers)<\/p>\n<p><b>Normal 24 \u20ac | RBS 20\u20ac | Sch\u00fcler Student 13 \u20ac<span class=\"Apple-converted-space\"><br \/>\n<\/span><\/b><b>Kulturpass 1,50 \u20ac<span class=\"Apple-converted-space\"><br \/>\n<\/span><\/b><a href=\"http:\/\/tickets.luxembourg-ticket.lu\/30412\" target=\"_blank\" rel=\"noopener noreferrer\">Tickets<\/a><\/p>\n","protected":false},"menu_order":76,"template":"","acf":[],"yoast_head":"<!-- This site is optimized with the Yoast SEO plugin v21.3 - https:\/\/yoast.com\/wordpress\/plugins\/seo\/ -->\n<title>BEGEGNUNG MIT BEETHOVEN - Kammerata<\/title>\n<link rel=\"canonical\" href=\"https:\/\/www.kammerata.lu\/en\/calendrier\/begegnung-mit-beethoven-2\/\" \/>\n<meta property=\"og:locale\" content=\"en_US\" \/>\n<meta property=\"og:type\" content=\"article\" \/>\n<meta property=\"og:title\" content=\"BEGEGNUNG MIT BEETHOVEN - Kammerata\" \/>\n<meta property=\"og:description\" content=\"FRIDAY 02 I 04 I 2021 20h00 MIERSCHER KULTURHAUS Schauspieler\u00a0Nickel B\u00f6senberg Autor Olivier Garofalo Klavier\u00a0B\u00e9atrice Rauchs Sopran\u00a0Mariette Lentz Violine\u00a0Sandrine Cantoreggi, Isabel Van Grysperre Viola\u00a0Sophie Urhausen Cello\u00a0Anik Schwall Kontrabass\u00a0Jeannot Sanavia Klarinette\u00a0S\u00e9bastien Duguet Horn\u00a0Jonathan Rongvaux Fagott\u00a0Pit Brosius Programm Septett\u00a0op. 20,\u00a0Trio\u00a0op. 11 Sechs Ges\u00e4nge\u00a0op. 75 An die ferne Geliebte\u00a0op. 98 Streichquartette\u00a0op. 95 &amp; op. 131 Klaviersonate\u00a031 op. 110 [&hellip;]\" \/>\n<meta property=\"og:url\" content=\"https:\/\/www.kammerata.lu\/en\/calendrier\/begegnung-mit-beethoven-2\/\" \/>\n<meta property=\"og:site_name\" content=\"Kammerata\" \/>\n<meta property=\"article:modified_time\" content=\"2021-03-11T17:08:36+00:00\" \/>\n<meta name=\"twitter:card\" content=\"summary_large_image\" \/>\n<meta name=\"twitter:label1\" content=\"Est. reading time\" \/>\n\t<meta name=\"twitter:data1\" content=\"1 minute\" \/>\n<script type=\"application\/ld+json\" class=\"yoast-schema-graph\">{\"@context\":\"https:\/\/schema.org\",\"@graph\":[{\"@type\":\"WebPage\",\"@id\":\"https:\/\/www.kammerata.lu\/en\/calendrier\/begegnung-mit-beethoven-2\/\",\"url\":\"https:\/\/www.kammerata.lu\/en\/calendrier\/begegnung-mit-beethoven-2\/\",\"name\":\"BEGEGNUNG MIT BEETHOVEN - Kammerata\",\"isPartOf\":{\"@id\":\"https:\/\/www.kammerata.lu\/en\/#website\"},\"datePublished\":\"2021-03-09T12:20:32+00:00\",\"dateModified\":\"2021-03-11T17:08:36+00:00\",\"breadcrumb\":{\"@id\":\"https:\/\/www.kammerata.lu\/en\/calendrier\/begegnung-mit-beethoven-2\/#breadcrumb\"},\"inLanguage\":\"en-US\",\"potentialAction\":[{\"@type\":\"ReadAction\",\"target\":[\"https:\/\/www.kammerata.lu\/en\/calendrier\/begegnung-mit-beethoven-2\/\"]}]},{\"@type\":\"BreadcrumbList\",\"@id\":\"https:\/\/www.kammerata.lu\/en\/calendrier\/begegnung-mit-beethoven-2\/#breadcrumb\",\"itemListElement\":[{\"@type\":\"ListItem\",\"position\":1,\"name\":\"Accueil\",\"item\":\"https:\/\/www.kammerata.lu\/en\/\"},{\"@type\":\"ListItem\",\"position\":2,\"name\":\"BEGEGNUNG MIT BEETHOVEN\"}]},{\"@type\":\"WebSite\",\"@id\":\"https:\/\/www.kammerata.lu\/en\/#website\",\"url\":\"https:\/\/www.kammerata.lu\/en\/\",\"name\":\"Kammerata\",\"description\":\"\",\"potentialAction\":[{\"@type\":\"SearchAction\",\"target\":{\"@type\":\"EntryPoint\",\"urlTemplate\":\"https:\/\/www.kammerata.lu\/en\/?s={search_term_string}\"},\"query-input\":\"required name=search_term_string\"}],\"inLanguage\":\"en-US\"}]}<\/script>\n<!-- \/ Yoast SEO plugin. -->","yoast_head_json":{"title":"BEGEGNUNG MIT BEETHOVEN - Kammerata","canonical":"https:\/\/www.kammerata.lu\/en\/calendrier\/begegnung-mit-beethoven-2\/","og_locale":"en_US","og_type":"article","og_title":"BEGEGNUNG MIT BEETHOVEN - Kammerata","og_description":"FRIDAY 02 I 04 I 2021 20h00 MIERSCHER KULTURHAUS Schauspieler\u00a0Nickel B\u00f6senberg Autor Olivier Garofalo Klavier\u00a0B\u00e9atrice Rauchs Sopran\u00a0Mariette Lentz Violine\u00a0Sandrine Cantoreggi, Isabel Van Grysperre Viola\u00a0Sophie Urhausen Cello\u00a0Anik Schwall Kontrabass\u00a0Jeannot Sanavia Klarinette\u00a0S\u00e9bastien Duguet Horn\u00a0Jonathan Rongvaux Fagott\u00a0Pit Brosius Programm Septett\u00a0op. 20,\u00a0Trio\u00a0op. 11 Sechs Ges\u00e4nge\u00a0op. 75 An die ferne Geliebte\u00a0op. 98 Streichquartette\u00a0op. 95 &amp; op. 131 Klaviersonate\u00a031 op. 110 [&hellip;]","og_url":"https:\/\/www.kammerata.lu\/en\/calendrier\/begegnung-mit-beethoven-2\/","og_site_name":"Kammerata","article_modified_time":"2021-03-11T17:08:36+00:00","twitter_card":"summary_large_image","twitter_misc":{"Est. reading time":"1 minute"},"schema":{"@context":"https:\/\/schema.org","@graph":[{"@type":"WebPage","@id":"https:\/\/www.kammerata.lu\/en\/calendrier\/begegnung-mit-beethoven-2\/","url":"https:\/\/www.kammerata.lu\/en\/calendrier\/begegnung-mit-beethoven-2\/","name":"BEGEGNUNG MIT BEETHOVEN - Kammerata","isPartOf":{"@id":"https:\/\/www.kammerata.lu\/en\/#website"},"datePublished":"2021-03-09T12:20:32+00:00","dateModified":"2021-03-11T17:08:36+00:00","breadcrumb":{"@id":"https:\/\/www.kammerata.lu\/en\/calendrier\/begegnung-mit-beethoven-2\/#breadcrumb"},"inLanguage":"en-US","potentialAction":[{"@type":"ReadAction","target":["https:\/\/www.kammerata.lu\/en\/calendrier\/begegnung-mit-beethoven-2\/"]}]},{"@type":"BreadcrumbList","@id":"https:\/\/www.kammerata.lu\/en\/calendrier\/begegnung-mit-beethoven-2\/#breadcrumb","itemListElement":[{"@type":"ListItem","position":1,"name":"Accueil","item":"https:\/\/www.kammerata.lu\/en\/"},{"@type":"ListItem","position":2,"name":"BEGEGNUNG MIT BEETHOVEN"}]},{"@type":"WebSite","@id":"https:\/\/www.kammerata.lu\/en\/#website","url":"https:\/\/www.kammerata.lu\/en\/","name":"Kammerata","description":"","potentialAction":[{"@type":"SearchAction","target":{"@type":"EntryPoint","urlTemplate":"https:\/\/www.kammerata.lu\/en\/?s={search_term_string}"},"query-input":"required name=search_term_string"}],"inLanguage":"en-US"}]}},"_links":{"self":[{"href":"https:\/\/www.kammerata.lu\/en\/wp-json\/wp\/v2\/calendriers\/898"}],"collection":[{"href":"https:\/\/www.kammerata.lu\/en\/wp-json\/wp\/v2\/calendriers"}],"about":[{"href":"https:\/\/www.kammerata.lu\/en\/wp-json\/wp\/v2\/types\/calendriers"}],"wp:attachment":[{"href":"https:\/\/www.kammerata.lu\/en\/wp-json\/wp\/v2\/media?parent=898"}],"curies":[{"name":"wp","href":"https:\/\/api.w.org\/{rel}","templated":true}]}}

<p><span style="color: #7c7c7b"><b>FRIDAY<span class="Apple-converted-space"><br />
</span></b><b>02 I 04 I 2021<span class="Apple-converted-space"><br />
</span></b>20h00<span class="Apple-converted-space"><br />
</span>MIERSCHER KULTURHAUS</span></p>
<p><b>Schauspieler </b>Nickel Bösenberg<br />
<b>Autor</b> Olivier Garofalo<br />
<b>Klavier </b>Béatrice Rauchs<br />
<b>Sopran </b>Mariette Lentz<br />
<b>Violine </b>Sandrine Cantoreggi, Isabel Van Grysperre<br />
<b>Viola</b> Sophie Urhausen<br />
<b>Cello</b> Anik Schwall<br />
<b>Kontrabass</b> Jeannot Sanavia<br />
<b>Klarinette</b> Sébastien Duguet<br />
<b>Horn</b> Jonathan Rongvaux<br />
<b>Fagott</b> Pit Brosius</p>
<p><b>Programm</b><br />
<i>Septett </i>op. 20, <i>Trio</i> op. 11<br />
<i>Sechs Gesänge</i> op. 75<br />
<i>An die ferne Geliebte</i> op. 98<br />
<i>Streichquartette</i> op. 95 &amp; op. 131<br />
<i>Klaviersonate</i> 31 op. 110</p>
<p>&nbsp;</p>
<p>Begegnung mit Beethoven, <i>dem einsamen Revolutionär</i> (wie Jan Caeyers ihn in seiner neuen Biografie benennt). Der Abend ist eine halbszenische Konzertproduktion, in der einerseits vielfältige Auszüge aus Beethovens Kammermusiken und Liedern – vom Klaviersolo bis zum Septett – den Komponisten porträtieren, und andererseits eine spannende literarische Gegenwartsreaktion des luxemburgischen Autors Olivier Garofalo auf den Menschen Beethoven, uraufgeführt werden wird.</p>
<p>Vor 250 Jahren, am 16. Dezember 1770 in Bonn als Spross einer Musikerfamilie geboren, führt sein Weg unabweislich nach Wien, wo er bei grossen Meistern seiner Epoche lernen und Zugang zu den Adelskreisen wie auch zur kaiserlichen Familie finden sollte. Schon früh lobte man den fast unerschöpflichen Reichtum an musikalischen Ideen, die Virtuosität und die einzigartige Expressivität seines Klavierspiels &#8230; es scheint als habe er sich einen ganz eigenen Weg bahnen wollen, um zu dem Ziel der Vollendung zu kommen, an welchem er jetzt steht. (C.L. Junker 1791)</p>
<p>Doch alle musikalischen, gesellschaftlichen und mitunter auch finanziellen Erfolge linderten kaum die Verzweiflung, die Beethoven empfand, als er sich bewusst wurde, dass er allmählich ertaubte und dass er wegen der herrschenden Konventionen niemals seine <i>unsterbliche Geliebte </i>würde heiraten können. Aber er trotzte seinem Schicksal und schuf Werke, <i>deren bestürzender Schönheit wir uns bis auf den heutigen Tag nicht entziehen können</i>. (J. Caeyers)</p>
<p><b>Normal 24 € | RBS 20€ | Schüler Student 13 €<span class="Apple-converted-space"><br />
</span></b><b>Kulturpass 1,50 €<span class="Apple-converted-space"><br />
</span></b><a href="http://tickets.luxembourg-ticket.lu/30412" target="_blank" rel="noopener noreferrer">Tickets</a></p>

<!-- This site is optimized with the Yoast SEO plugin v21.3 - https://yoast.com/wordpress/plugins/seo/ -->
<title>BEGEGNUNG MIT BEETHOVEN - Kammerata</title>
<link rel="canonical" href="https://www.kammerata.lu/en/calendrier/begegnung-mit-beethoven-2/" />
<meta property="og:locale" content="en_US" />
<meta property="og:type" content="article" />
<meta property="og:title" content="BEGEGNUNG MIT BEETHOVEN - Kammerata" />
<meta property="og:description" content="FRIDAY 02 I 04 I 2021 20h00 MIERSCHER KULTURHAUS Schauspieler Nickel Bösenberg Autor Olivier Garofalo Klavier Béatrice Rauchs Sopran Mariette Lentz Violine Sandrine Cantoreggi, Isabel Van Grysperre Viola Sophie Urhausen Cello Anik Schwall Kontrabass Jeannot Sanavia Klarinette Sébastien Duguet Horn Jonathan Rongvaux Fagott Pit Brosius Programm Septett op. 20, Trio op. 11 Sechs Gesänge op. 75 An die ferne Geliebte op. 98 Streichquartette op. 95 &amp; op. 131 Klaviersonate 31 op. 110 [&hellip;]" />
<meta property="og:url" content="https://www.kammerata.lu/en/calendrier/begegnung-mit-beethoven-2/" />
<meta property="og:site_name" content="Kammerata" />
<meta property="article:modified_time" content="2021-03-11T17:08:36+00:00" />
<meta name="twitter:card" content="summary_large_image" />
<meta name="twitter:label1" content="Est. reading time" />
	<meta name="twitter:data1" content="1 minute" />
<script type="application/ld+json" class="yoast-schema-graph">{"@context":"https://schema.org","@graph":[{"@type":"WebPage","@id":"https://www.kammerata.lu/en/calendrier/begegnung-mit-beethoven-2/","url":"https://www.kammerata.lu/en/calendrier/begegnung-mit-beethoven-2/","name":"BEGEGNUNG MIT BEETHOVEN - Kammerata","isPartOf":{"@id":"https://www.kammerata.lu/en/#website"},"datePublished":"2021-03-09T12:20:32+00:00","dateModified":"2021-03-11T17:08:36+00:00","breadcrumb":{"@id":"https://www.kammerata.lu/en/calendrier/begegnung-mit-beethoven-2/#breadcrumb"},"inLanguage":"en-US","potentialAction":[{"@type":"ReadAction","target":["https://www.kammerata.lu/en/calendrier/begegnung-mit-beethoven-2/"]}]},{"@type":"BreadcrumbList","@id":"https://www.kammerata.lu/en/calendrier/begegnung-mit-beethoven-2/#breadcrumb","itemListElement":[{"@type":"ListItem","position":1,"name":"Accueil","item":"https://www.kammerata.lu/en/"},{"@type":"ListItem","position":2,"name":"BEGEGNUNG MIT BEETHOVEN"}]},{"@type":"WebSite","@id":"https://www.kammerata.lu/en/#website","url":"https://www.kammerata.lu/en/","name":"Kammerata","description":"","potentialAction":[{"@type":"SearchAction","target":{"@type":"EntryPoint","urlTemplate":"https://www.kammerata.lu/en/?s={search_term_string}"},"query-input":"required name=search_term_string"}],"inLanguage":"en-US"}]}</script>
<!-- / Yoast SEO plugin. -->

FRIDAY 02 I 04 I 2021 20h00 MIERSCHER KULTURHAUS Schauspieler Nickel Bösenberg Autor Olivier Garofalo Klavier Béatrice Rauchs Sopran Mariette Lentz Violine Sandrine Cantoreggi, Isabel Van Grysperre Viola Sophie Urhausen Cello Anik Schwall Kontrabass Jeannot Sanavia Klarinette Sébastien Duguet Horn Jonathan Rongvaux Fagott Pit Brosius Programm Septett op. 20, Trio op. 11 Sechs Gesänge op. 75 An die ferne Geliebte op. 98 Streichquartette op. 95 &amp; op. 131 Klaviersonate 31 op. 110 [&hellip;]
