{"id":166,"date":"2020-08-17T06:58:48","date_gmt":"2020-08-17T06:58:48","guid":{"rendered":"https:\/\/www.kammerata.lu\/presentation\/"},"modified":"2025-08-22T11:20:50","modified_gmt":"2025-08-22T11:20:50","slug":"presentation","status":"publish","type":"page","link":"https:\/\/www.kammerata.lu\/en\/presentation\/","title":{"rendered":"About"},"content":{"rendered":"<p data-start=\"141\" data-end=\"434\">Founded in 1985 under the name <strong data-start=\"172\" data-end=\"211\">KammerMusekVer\u00e4in L\u00ebtzebuerg (KMVL)<\/strong>, the ensemble now celebrates <strong data-start=\"241\" data-end=\"275\">40 years of musical commitment<\/strong>. In 2019, with the release of the album <em data-start=\"316\" data-end=\"336\">Hommage \u00e0 Schumann<\/em>, it adopted the name <strong data-start=\"358\" data-end=\"382\">Kammerata Luxembourg<\/strong>, marking a new chapter in its artistic development.<\/p>\n<p data-start=\"436\" data-end=\"887\">Over the years, Kammerata has stood out with landmark productions such as the cycles <em data-start=\"525\" data-end=\"544\">Musique et Espace<\/em>, <em data-start=\"546\" data-end=\"590\">Helmut Lachenmann \u2013 Portrait of a Composer<\/em>, <em data-start=\"592\" data-end=\"618\">Fins de si\u00e8cles 999\u20131999<\/em>, <em data-start=\"620\" data-end=\"628\">Iberia<\/em> (dedicated to Spanish chamber music), and <em data-start=\"671\" data-end=\"693\">Dialogues fascinants<\/em>. The ensemble also presented staged concerts like <em data-start=\"744\" data-end=\"766\">Portrait Louis Spohr<\/em>, <em data-start=\"768\" data-end=\"793\">Portrait Franz Schubert<\/em>, and <em data-start=\"799\" data-end=\"816\">Pierrot Lunaire<\/em> by Sch\u00f6nberg, in coproduction with the Th\u00e9\u00e2tre National du Luxembourg.<\/p>\n<p data-start=\"889\" data-end=\"1623\">Kammerata Luxembourg is also deeply involved in projects for young audiences and families, including productions such as <em data-start=\"1014\" data-end=\"1025\">Brundib\u00e1r<\/em> (Hans Kr\u00e1sa), <em data-start=\"1040\" data-end=\"1069\">The Carnival of the Animals<\/em> (Saint-Sa\u00ebns), or <em data-start=\"1088\" data-end=\"1101\">Der 35. Mai<\/em> (Violeta Dinescu), in collaboration with institutions like the Philharmonie Luxembourg and the Conservatoire du Nord. This dynamic continues today with inclusive and interactive productions such as <em data-start=\"1300\" data-end=\"1317\">D\u2019Faarwemonster<\/em>, <em data-start=\"1319\" data-end=\"1355\">Till Eulenspiegel \u2013 einmal anders!<\/em>, and the recent creation <em>Kichegerabbels,<\/em> developed in collaboration with the KoplaBunz collective. Designed for children with special needs, this inclusive musical theatre piece \u2014 a rarity in Luxembourg \u2014 combines music, movement, and object storytelling.<\/p>\n<p data-start=\"1625\" data-end=\"2041\">As a flexible ensemble, Kammerata performs in a wide variety of formats, from trios to nonets, and its repertoire links contemporary works to music from the classical and romantic periods. Kammerata is also an organiser of concerts, most notably for the MusicDays Vianden, a multidisciplinary festival held since 6 years, and now a cornerstone of our seasonal programming.<\/p>\n<p data-start=\"2043\" data-end=\"2513\">Contemporary creation is a noble mission that lies at the heart of Kammerata\u2019s identity. To date, the ensemble has commissioned 13 original works from Luxembourg-based and international composers. In 2025, Kammerata will present the world premiere of <em data-start=\"2304\" data-end=\"2365\">Un certain Docteur Ox \u2013 Une fantaisie musicale d&#8217;apr\u00e8s Jules Verne<\/em> by Olivier Dartevelle at the Philharmonie Luxembourg, a piece commissioned by the Ministry of Culture in collaboration with the ensemble.<\/p>\n<p data-start=\"2515\" data-end=\"3010\">Kammerata regularly collaborates with renowned international musicians, while maintaining strong ties with professional artists based in Luxembourg. The ensemble also plays a key role in the decentralisation of cultural offerings, presenting concerts across the Grand Duchy and the Greater Region (Saar-Lor-Lux), often in partnership with venues such as CAPE \u2013 Centre des Arts Pluriels in Ettelbruck, Th\u00e9\u00e2tre Esch, Mierscher Kulturhaus, Kinneksbond Mamer, and Kulturhaus Niederanven.<\/p>\n<p data-start=\"3012\" data-end=\"3136\">Kammerata Luxembourg\u2019s activities are financially supported by the Ministry of Culture of the Grand Duchy of Luxembourg.<\/p>\n<p>&nbsp;<\/p>\n<h2>Become a member!<\/h2>\n<p>Become a member of Kammerata Luxembourg and support the ensemble&#8217;s many activities. In addition to the many chamber music concerts, your membership fee will also help to fund KL&#8217;s multidisciplinary and educational projects.<\/p>\n<p><strong>Your benefits<\/strong>: The &#8220;membres donateurs&#8221; and &#8220;membres protecteurs&#8221; each receive 2 free tickets for one concert of our festival MusicDays Vianden. Patron members are also entitled to 2 free tickets for a concert of their choice in our 2025\/26 season (to be communicated via <a href=\"mailto:info@kammerata.lu\">info@kammerata.lu<\/a>).<\/p>\n<p>Register in two steps:<\/p>\n<ol>\n<li>Transfer the corresponding membership fee:<br \/>\nMembre d\u2019honneur :\u00a0\u00a0\u00a0\u00a0\u00a0\u00a0\u00a0\u00a0\u00a0\u00a0 \u2265 15 \u20ac<br \/>\nMembre donateur :\u00a0\u00a0\u00a0\u00a0\u00a0\u00a0\u00a0\u00a0\u00a0\u00a0\u00a0\u00a0 \u2265 50 \u20ac<br \/>\nMembre protecteur :\u00a0\u00a0\u00a0\u00a0\u00a0\u00a0\u00a0\u00a0\u00a0\u00a0 \u2265 100 \u20acKAMMERATA account: CCP LU14 1111 0188 4830 0000<em>Tax deductibility of your donations by transfer to the account of the Fonds Culturel National with the mention &#8220;Donation in favour of Kammerata Luxembourg&#8221;.<\/em><br \/>\n<em>FOCUNA account: BCEE LU24 0019 4655 0203 7000<\/em><\/li>\n<li>Please fill in the following form: <a href=\"https:\/\/tinyurl.com\/kammerata\" target=\"_blank\" rel=\"noopener\"><span class=\"TextRun SCXW184155966 BCX8\" lang=\"FR-FR\" xml:lang=\"FR-FR\" data-contrast=\"auto\"><span class=\"NormalTextRun SCXW184155966 BCX8\">tinyurl.com\/kammerata<\/span><\/span><\/a><\/li>\n<\/ol>\n<p>The status of honorary member, donor and protector does not give the right to vote at the general meeting.<\/p>\n<p>&nbsp;<\/p>\n<h2>Management board<\/h2>\n<p>Sandrine Cantoreggi, <span style=\"color: #7c7c7b;\"><em>Chairwoman<\/em><\/span><br \/>\nMarc Jacoby, <span style=\"color: #7c7c7b;\"><em>Honorary Chairman<\/em><\/span><br \/>\nMarcel Reuter, <span style=\"color: #7c7c7b;\"><em>Vice-chairman<\/em><\/span><br \/>\nMarkus Br\u00f6nnimann, <span style=\"color: #7c7c7b;\"><em>Secretary<\/em><\/span><br \/>\nPierre Beck, <span style=\"color: #7c7c7b;\"><em>Treasurer<\/em><\/span><br \/>\nMariette Lentz, B\u00e9atrice Rauchs and Susanne Martens, <span style=\"color: #7c7c7b;\"><em>Board<\/em><\/span> <span style=\"color: #7c7c7b;\"><em>Members<\/em><\/span><br \/>\nJerry Gaudront, <span style=\"color: #7c7c7b;\"><em>Administrator<\/em><\/span><\/p>\n<p>&nbsp;<\/p>\n<h2>Charter of Ethics<\/h2>\n<p>Kammerata Luxembourg asbl undertakes to apply the principles set out in the Charter of Ethics, to implement all the recommendations contained therein and thus to convey the eight values deemed fundamental in the field of ethics by the Ministry of Culture in addition to its own and adapted ethical rules.<\/p>\n<p>Signed agreement form: <a href=\"https:\/\/www.kammerata.lu\/wp-content\/uploads\/2022\/12\/MC-KL_formulaire-dadhesion-a-la-charte-de-deontologie_signee.pdf\">click here<\/a><\/p>\n<p>Link to the Charter of Ethics on the Ministry&#8217;s website: <a href=\"https:\/\/mc.gouvernement.lu\/fr\/dossiers\/2022\/charte-de-deontologie-pour-les-structures-culturelles.html\" target=\"_blank\" rel=\"noopener\">click here<\/a><\/p>\n","protected":false},"excerpt":{"rendered":"<p>Founded in 1985 under the name KammerMusekVer\u00e4in L\u00ebtzebuerg (KMVL), the ensemble now celebrates 40 years of musical commitment. In 2019, with the release of the album Hommage \u00e0 Schumann, it adopted the name Kammerata Luxembourg, marking a new chapter in its artistic development. Over the years, Kammerata has stood out with landmark productions such as [&hellip;]<\/p>\n","protected":false},"author":2,"featured_media":956,"parent":0,"menu_order":0,"comment_status":"closed","ping_status":"closed","template":"","meta":{"footnotes":""},"acf":[],"yoast_head":"<!-- This site is optimized with the Yoast SEO plugin v21.3 - https:\/\/yoast.com\/wordpress\/plugins\/seo\/ -->\n<title>About the ensemble - Kammerata Luxembourg<\/title>\n<meta name=\"description\" content=\"In September 2019, the KammerMusekVer\u00e4in L\u00ebtzebuerg (Luxembourg Chamber Music Society) changes its name to KAMMERATA LUXEMBOURG.\" \/>\n<link rel=\"canonical\" href=\"https:\/\/www.kammerata.lu\/en\/presentation\/\" \/>\n<meta property=\"og:locale\" content=\"en_US\" \/>\n<meta property=\"og:type\" content=\"article\" \/>\n<meta property=\"og:title\" content=\"About the ensemble - Kammerata Luxembourg\" \/>\n<meta property=\"og:description\" content=\"In September 2019, the KammerMusekVer\u00e4in L\u00ebtzebuerg (Luxembourg Chamber Music Society) changes its name to KAMMERATA LUXEMBOURG.\" \/>\n<meta property=\"og:url\" content=\"https:\/\/www.kammerata.lu\/en\/presentation\/\" \/>\n<meta property=\"og:site_name\" content=\"Kammerata\" \/>\n<meta property=\"article:modified_time\" content=\"2025-08-22T11:20:50+00:00\" \/>\n<meta property=\"og:image\" content=\"https:\/\/www.kammerata.lu\/wp-content\/uploads\/2021\/09\/KAMMERATA-2021-c-Bohumil-KOSTOHRYZ-027B.jpg\" \/>\n\t<meta property=\"og:image:width\" content=\"1701\" \/>\n\t<meta property=\"og:image:height\" content=\"1134\" \/>\n\t<meta property=\"og:image:type\" content=\"image\/jpeg\" \/>\n<meta name=\"twitter:card\" content=\"summary_large_image\" \/>\n<meta name=\"twitter:label1\" content=\"Est. reading time\" \/>\n\t<meta name=\"twitter:data1\" content=\"4 minutes\" \/>\n<script type=\"application\/ld+json\" class=\"yoast-schema-graph\">{\"@context\":\"https:\/\/schema.org\",\"@graph\":[{\"@type\":\"WebPage\",\"@id\":\"https:\/\/www.kammerata.lu\/en\/presentation\/\",\"url\":\"https:\/\/www.kammerata.lu\/en\/presentation\/\",\"name\":\"About the ensemble - Kammerata Luxembourg\",\"isPartOf\":{\"@id\":\"https:\/\/www.kammerata.lu\/en\/#website\"},\"datePublished\":\"2020-08-17T06:58:48+00:00\",\"dateModified\":\"2025-08-22T11:20:50+00:00\",\"description\":\"In September 2019, the KammerMusekVer\u00e4in L\u00ebtzebuerg (Luxembourg Chamber Music Society) changes its name to KAMMERATA LUXEMBOURG.\",\"breadcrumb\":{\"@id\":\"https:\/\/www.kammerata.lu\/en\/presentation\/#breadcrumb\"},\"inLanguage\":\"en-US\",\"potentialAction\":[{\"@type\":\"ReadAction\",\"target\":[\"https:\/\/www.kammerata.lu\/en\/presentation\/\"]}]},{\"@type\":\"BreadcrumbList\",\"@id\":\"https:\/\/www.kammerata.lu\/en\/presentation\/#breadcrumb\",\"itemListElement\":[{\"@type\":\"ListItem\",\"position\":1,\"name\":\"Accueil\",\"item\":\"https:\/\/www.kammerata.lu\/en\/\"},{\"@type\":\"ListItem\",\"position\":2,\"name\":\"About\"}]},{\"@type\":\"WebSite\",\"@id\":\"https:\/\/www.kammerata.lu\/en\/#website\",\"url\":\"https:\/\/www.kammerata.lu\/en\/\",\"name\":\"Kammerata\",\"description\":\"\",\"potentialAction\":[{\"@type\":\"SearchAction\",\"target\":{\"@type\":\"EntryPoint\",\"urlTemplate\":\"https:\/\/www.kammerata.lu\/en\/?s={search_term_string}\"},\"query-input\":\"required name=search_term_string\"}],\"inLanguage\":\"en-US\"}]}<\/script>\n<!-- \/ Yoast SEO plugin. -->","yoast_head_json":{"title":"About the ensemble - Kammerata Luxembourg","description":"In September 2019, the KammerMusekVer\u00e4in L\u00ebtzebuerg (Luxembourg Chamber Music Society) changes its name to KAMMERATA LUXEMBOURG.","canonical":"https:\/\/www.kammerata.lu\/en\/presentation\/","og_locale":"en_US","og_type":"article","og_title":"About the ensemble - Kammerata Luxembourg","og_description":"In September 2019, the KammerMusekVer\u00e4in L\u00ebtzebuerg (Luxembourg Chamber Music Society) changes its name to KAMMERATA LUXEMBOURG.","og_url":"https:\/\/www.kammerata.lu\/en\/presentation\/","og_site_name":"Kammerata","article_modified_time":"2025-08-22T11:20:50+00:00","og_image":[{"width":1701,"height":1134,"url":"https:\/\/www.kammerata.lu\/wp-content\/uploads\/2021\/09\/KAMMERATA-2021-c-Bohumil-KOSTOHRYZ-027B.jpg","type":"image\/jpeg"}],"twitter_card":"summary_large_image","twitter_misc":{"Est. reading time":"4 minutes"},"schema":{"@context":"https:\/\/schema.org","@graph":[{"@type":"WebPage","@id":"https:\/\/www.kammerata.lu\/en\/presentation\/","url":"https:\/\/www.kammerata.lu\/en\/presentation\/","name":"About the ensemble - Kammerata Luxembourg","isPartOf":{"@id":"https:\/\/www.kammerata.lu\/en\/#website"},"datePublished":"2020-08-17T06:58:48+00:00","dateModified":"2025-08-22T11:20:50+00:00","description":"In September 2019, the KammerMusekVer\u00e4in L\u00ebtzebuerg (Luxembourg Chamber Music Society) changes its name to KAMMERATA LUXEMBOURG.","breadcrumb":{"@id":"https:\/\/www.kammerata.lu\/en\/presentation\/#breadcrumb"},"inLanguage":"en-US","potentialAction":[{"@type":"ReadAction","target":["https:\/\/www.kammerata.lu\/en\/presentation\/"]}]},{"@type":"BreadcrumbList","@id":"https:\/\/www.kammerata.lu\/en\/presentation\/#breadcrumb","itemListElement":[{"@type":"ListItem","position":1,"name":"Accueil","item":"https:\/\/www.kammerata.lu\/en\/"},{"@type":"ListItem","position":2,"name":"About"}]},{"@type":"WebSite","@id":"https:\/\/www.kammerata.lu\/en\/#website","url":"https:\/\/www.kammerata.lu\/en\/","name":"Kammerata","description":"","potentialAction":[{"@type":"SearchAction","target":{"@type":"EntryPoint","urlTemplate":"https:\/\/www.kammerata.lu\/en\/?s={search_term_string}"},"query-input":"required name=search_term_string"}],"inLanguage":"en-US"}]}},"_links":{"self":[{"href":"https:\/\/www.kammerata.lu\/en\/wp-json\/wp\/v2\/pages\/166"}],"collection":[{"href":"https:\/\/www.kammerata.lu\/en\/wp-json\/wp\/v2\/pages"}],"about":[{"href":"https:\/\/www.kammerata.lu\/en\/wp-json\/wp\/v2\/types\/page"}],"author":[{"embeddable":true,"href":"https:\/\/www.kammerata.lu\/en\/wp-json\/wp\/v2\/users\/2"}],"replies":[{"embeddable":true,"href":"https:\/\/www.kammerata.lu\/en\/wp-json\/wp\/v2\/comments?post=166"}],"version-history":[{"count":15,"href":"https:\/\/www.kammerata.lu\/en\/wp-json\/wp\/v2\/pages\/166\/revisions"}],"predecessor-version":[{"id":1870,"href":"https:\/\/www.kammerata.lu\/en\/wp-json\/wp\/v2\/pages\/166\/revisions\/1870"}],"wp:featuredmedia":[{"embeddable":true,"href":"https:\/\/www.kammerata.lu\/en\/wp-json\/wp\/v2\/media\/956"}],"wp:attachment":[{"href":"https:\/\/www.kammerata.lu\/en\/wp-json\/wp\/v2\/media?parent=166"}],"curies":[{"name":"wp","href":"https:\/\/api.w.org\/{rel}","templated":true}]}}

<p data-start="141" data-end="434">Founded in 1985 under the name <strong data-start="172" data-end="211">KammerMusekVeräin Lëtzebuerg (KMVL)</strong>, the ensemble now celebrates <strong data-start="241" data-end="275">40 years of musical commitment</strong>. In 2019, with the release of the album <em data-start="316" data-end="336">Hommage à Schumann</em>, it adopted the name <strong data-start="358" data-end="382">Kammerata Luxembourg</strong>, marking a new chapter in its artistic development.</p>
<p data-start="436" data-end="887">Over the years, Kammerata has stood out with landmark productions such as the cycles <em data-start="525" data-end="544">Musique et Espace</em>, <em data-start="546" data-end="590">Helmut Lachenmann – Portrait of a Composer</em>, <em data-start="592" data-end="618">Fins de siècles 999–1999</em>, <em data-start="620" data-end="628">Iberia</em> (dedicated to Spanish chamber music), and <em data-start="671" data-end="693">Dialogues fascinants</em>. The ensemble also presented staged concerts like <em data-start="744" data-end="766">Portrait Louis Spohr</em>, <em data-start="768" data-end="793">Portrait Franz Schubert</em>, and <em data-start="799" data-end="816">Pierrot Lunaire</em> by Schönberg, in coproduction with the Théâtre National du Luxembourg.</p>
<p data-start="889" data-end="1623">Kammerata Luxembourg is also deeply involved in projects for young audiences and families, including productions such as <em data-start="1014" data-end="1025">Brundibár</em> (Hans Krása), <em data-start="1040" data-end="1069">The Carnival of the Animals</em> (Saint-Saëns), or <em data-start="1088" data-end="1101">Der 35. Mai</em> (Violeta Dinescu), in collaboration with institutions like the Philharmonie Luxembourg and the Conservatoire du Nord. This dynamic continues today with inclusive and interactive productions such as <em data-start="1300" data-end="1317">D’Faarwemonster</em>, <em data-start="1319" data-end="1355">Till Eulenspiegel – einmal anders!</em>, and the recent creation <em>Kichegerabbels,</em> developed in collaboration with the KoplaBunz collective. Designed for children with special needs, this inclusive musical theatre piece — a rarity in Luxembourg — combines music, movement, and object storytelling.</p>
<p data-start="1625" data-end="2041">As a flexible ensemble, Kammerata performs in a wide variety of formats, from trios to nonets, and its repertoire links contemporary works to music from the classical and romantic periods. Kammerata is also an organiser of concerts, most notably for the MusicDays Vianden, a multidisciplinary festival held since 6 years, and now a cornerstone of our seasonal programming.</p>
<p data-start="2043" data-end="2513">Contemporary creation is a noble mission that lies at the heart of Kammerata’s identity. To date, the ensemble has commissioned 13 original works from Luxembourg-based and international composers. In 2025, Kammerata will present the world premiere of <em data-start="2304" data-end="2365">Un certain Docteur Ox – Une fantaisie musicale d&#8217;après Jules Verne</em> by Olivier Dartevelle at the Philharmonie Luxembourg, a piece commissioned by the Ministry of Culture in collaboration with the ensemble.</p>
<p data-start="2515" data-end="3010">Kammerata regularly collaborates with renowned international musicians, while maintaining strong ties with professional artists based in Luxembourg. The ensemble also plays a key role in the decentralisation of cultural offerings, presenting concerts across the Grand Duchy and the Greater Region (Saar-Lor-Lux), often in partnership with venues such as CAPE – Centre des Arts Pluriels in Ettelbruck, Théâtre Esch, Mierscher Kulturhaus, Kinneksbond Mamer, and Kulturhaus Niederanven.</p>
<p data-start="3012" data-end="3136">Kammerata Luxembourg’s activities are financially supported by the Ministry of Culture of the Grand Duchy of Luxembourg.</p>
<p>&nbsp;</p>
<h2>Become a member!</h2>
<p>Become a member of Kammerata Luxembourg and support the ensemble&#8217;s many activities. In addition to the many chamber music concerts, your membership fee will also help to fund KL&#8217;s multidisciplinary and educational projects.</p>
<p><strong>Your benefits</strong>: The &#8220;membres donateurs&#8221; and &#8220;membres protecteurs&#8221; each receive 2 free tickets for one concert of our festival MusicDays Vianden. Patron members are also entitled to 2 free tickets for a concert of their choice in our 2025/26 season (to be communicated via <a href="mailto:info@kammerata.lu">info@kammerata.lu</a>).</p>
<p>Register in two steps:</p>
<ol>
<li>Transfer the corresponding membership fee:<br />
Membre d’honneur :           ≥ 15 €<br />
Membre donateur :             ≥ 50 €<br />
Membre protecteur :           ≥ 100 €KAMMERATA account: CCP LU14 1111 0188 4830 0000<em>Tax deductibility of your donations by transfer to the account of the Fonds Culturel National with the mention &#8220;Donation in favour of Kammerata Luxembourg&#8221;.</em><br />
<em>FOCUNA account: BCEE LU24 0019 4655 0203 7000</em></li>
<li>Please fill in the following form: <a href="https://tinyurl.com/kammerata" target="_blank" rel="noopener"><span class="TextRun SCXW184155966 BCX8" lang="FR-FR" xml:lang="FR-FR" data-contrast="auto"><span class="NormalTextRun SCXW184155966 BCX8">tinyurl.com/kammerata</span></span></a></li>
</ol>
<p>The status of honorary member, donor and protector does not give the right to vote at the general meeting.</p>
<p>&nbsp;</p>
<h2>Management board</h2>
<p>Sandrine Cantoreggi, <span style="color: #7c7c7b;"><em>Chairwoman</em></span><br />
Marc Jacoby, <span style="color: #7c7c7b;"><em>Honorary Chairman</em></span><br />
Marcel Reuter, <span style="color: #7c7c7b;"><em>Vice-chairman</em></span><br />
Markus Brönnimann, <span style="color: #7c7c7b;"><em>Secretary</em></span><br />
Pierre Beck, <span style="color: #7c7c7b;"><em>Treasurer</em></span><br />
Mariette Lentz, Béatrice Rauchs and Susanne Martens, <span style="color: #7c7c7b;"><em>Board</em></span> <span style="color: #7c7c7b;"><em>Members</em></span><br />
Jerry Gaudront, <span style="color: #7c7c7b;"><em>Administrator</em></span></p>
<p>&nbsp;</p>
<h2>Charter of Ethics</h2>
<p>Kammerata Luxembourg asbl undertakes to apply the principles set out in the Charter of Ethics, to implement all the recommendations contained therein and thus to convey the eight values deemed fundamental in the field of ethics by the Ministry of Culture in addition to its own and adapted ethical rules.</p>
<p>Signed agreement form: <a href="https://www.kammerata.lu/wp-content/uploads/2022/12/MC-KL_formulaire-dadhesion-a-la-charte-de-deontologie_signee.pdf">click here</a></p>
<p>Link to the Charter of Ethics on the Ministry&#8217;s website: <a href="https://mc.gouvernement.lu/fr/dossiers/2022/charte-de-deontologie-pour-les-structures-culturelles.html" target="_blank" rel="noopener">click here</a></p>

<p>Founded in 1985 under the name KammerMusekVeräin Lëtzebuerg (KMVL), the ensemble now celebrates 40 years of musical commitment. In 2019, with the release of the album Hommage à Schumann, it adopted the name Kammerata Luxembourg, marking a new chapter in its artistic development. Over the years, Kammerata has stood out with landmark productions such as [&hellip;]</p>

<!-- This site is optimized with the Yoast SEO plugin v21.3 - https://yoast.com/wordpress/plugins/seo/ -->
<title>About the ensemble - Kammerata Luxembourg</title>
<meta name="description" content="In September 2019, the KammerMusekVeräin Lëtzebuerg (Luxembourg Chamber Music Society) changes its name to KAMMERATA LUXEMBOURG." />
<link rel="canonical" href="https://www.kammerata.lu/en/presentation/" />
<meta property="og:locale" content="en_US" />
<meta property="og:type" content="article" />
<meta property="og:title" content="About the ensemble - Kammerata Luxembourg" />
<meta property="og:description" content="In September 2019, the KammerMusekVeräin Lëtzebuerg (Luxembourg Chamber Music Society) changes its name to KAMMERATA LUXEMBOURG." />
<meta property="og:url" content="https://www.kammerata.lu/en/presentation/" />
<meta property="og:site_name" content="Kammerata" />
<meta property="article:modified_time" content="2025-08-22T11:20:50+00:00" />
<meta property="og:image" content="https://www.kammerata.lu/wp-content/uploads/2021/09/KAMMERATA-2021-c-Bohumil-KOSTOHRYZ-027B.jpg" />
	<meta property="og:image:width" content="1701" />
	<meta property="og:image:height" content="1134" />
	<meta property="og:image:type" content="image/jpeg" />
<meta name="twitter:card" content="summary_large_image" />
<meta name="twitter:label1" content="Est. reading time" />
	<meta name="twitter:data1" content="4 minutes" />
<script type="application/ld+json" class="yoast-schema-graph">{"@context":"https://schema.org","@graph":[{"@type":"WebPage","@id":"https://www.kammerata.lu/en/presentation/","url":"https://www.kammerata.lu/en/presentation/","name":"About the ensemble - Kammerata Luxembourg","isPartOf":{"@id":"https://www.kammerata.lu/en/#website"},"datePublished":"2020-08-17T06:58:48+00:00","dateModified":"2025-08-22T11:20:50+00:00","description":"In September 2019, the KammerMusekVeräin Lëtzebuerg (Luxembourg Chamber Music Society) changes its name to KAMMERATA LUXEMBOURG.","breadcrumb":{"@id":"https://www.kammerata.lu/en/presentation/#breadcrumb"},"inLanguage":"en-US","potentialAction":[{"@type":"ReadAction","target":["https://www.kammerata.lu/en/presentation/"]}]},{"@type":"BreadcrumbList","@id":"https://www.kammerata.lu/en/presentation/#breadcrumb","itemListElement":[{"@type":"ListItem","position":1,"name":"Accueil","item":"https://www.kammerata.lu/en/"},{"@type":"ListItem","position":2,"name":"About"}]},{"@type":"WebSite","@id":"https://www.kammerata.lu/en/#website","url":"https://www.kammerata.lu/en/","name":"Kammerata","description":"","potentialAction":[{"@type":"SearchAction","target":{"@type":"EntryPoint","urlTemplate":"https://www.kammerata.lu/en/?s={search_term_string}"},"query-input":"required name=search_term_string"}],"inLanguage":"en-US"}]}</script>
<!-- / Yoast SEO plugin. -->

In September 2019, the KammerMusekVeräin Lëtzebuerg (Luxembourg Chamber Music Society) changes its name to KAMMERATA LUXEMBOURG.
